000
CDUS43 KAPX 230553
CLITVC


CLIMATE REPORT
NATIONAL WEATHER SERVICE GAYLORD MI
1252 AM EST THU FEB 23 2017


...................................

...THE TRAVERSE CITY MI CLIMATE SUMMARY FOR FEBRUARY 22 2017...

CLIMATE NORMAL PERIOD 1981 TO 2010
CLIMATE RECORD PERIOD 1896 TO 2017


WEATHER ITEM   OBSERVED TIME   RECORD YEAR NORMAL DEPARTURE LAST
                VALUE   (LST)  VALUE       VALUE  FROM      YEAR
                                                  NORMAL
..................................................................
TEMPERATURE (F)
 YESTERDAY
  MAXIMUM         66R       MM  57    1930  32     34       34
  MINIMUM         43        MM -13    1963  16     27       23
  AVERAGE         55                        24     31       29

PRECIPITATION (IN)
  YESTERDAY        0.00          0.42 1956   0.06  -0.06      T
  MONTH TO DATE    0.69                      1.18  -0.49     0.69
  SINCE DEC 1      3.73                      6.49  -2.76     5.77
  SINCE JAN 1      2.50                      4.00  -1.50     2.78

DEGREE DAYS
 HEATING
  YESTERDAY       10                        41    -31       36
  MONTH TO DATE  749                       943   -194      854
  SINCE DEC 1   3025                      3480   -455     2909
  SINCE JUL 1   3984                      5099  -1115     4089
..................................................................


WIND (MPH)
  HIGHEST WIND SPEED    10   HIGHEST WIND DIRECTION     S (200)
  HIGHEST GUST SPEED    23   HIGHEST GUST DIRECTION     S (180)
  AVERAGE WIND SPEED     5.5




RELATIVE HUMIDITY (PERCENT)
 HIGHEST    89
 LOWEST     52
 AVERAGE    71

..........................................................


THE TRAVERSE CITY MI CLIMATE NORMALS FOR TODAY
                         NORMAL    RECORD    YEAR
 MAXIMUM TEMPERATURE (F)   32        60      1984
 MINIMUM TEMPERATURE (F)   16       -18      2015


SUNRISE AND SUNSET
FEBRUARY 23 2017......SUNRISE   730 AM EST   SUNSET   622 PM EST
FEBRUARY 24 2017......SUNRISE   728 AM EST   SUNSET   624 PM EST


-  INDICATES NEGATIVE NUMBERS.
R  INDICATES RECORD WAS SET OR TIED.
MM INDICATES DATA IS MISSING.
T  INDICATES TRACE AMOUNT.




$$
