000
CDUS43 KAPX 262125
CLITVC


CLIMATE REPORT
NATIONAL WEATHER SERVICE GAYLORD MI
525 PM EDT WED JUL 26 2017


...................................

...THE TRAVERSE CITY MI CLIMATE SUMMARY FOR JULY 26 2017...
VALID TODAY AS OF 0500 PM LOCAL TIME.

CLIMATE NORMAL PERIOD 1981 TO 2010
CLIMATE RECORD PERIOD 1896 TO 2017


WEATHER ITEM   OBSERVED TIME   RECORD YEAR NORMAL DEPARTURE LAST
                VALUE   (LST)  VALUE       VALUE  FROM      YEAR
                                                  NORMAL
..................................................................
TEMPERATURE (F)
 TODAY
  MAXIMUM         74   1136 AM  99    1941  80     -6       91
  MINIMUM         64    601 AM  45    1909  58      6       61
  AVERAGE         69                        69      0       76

PRECIPITATION (IN)
  TODAY            0.41          1.58 1960   0.10   0.31     0.00
  MONTH TO DATE    1.40                      2.50  -1.10     2.01
  SINCE JUN 1      5.62                      5.66  -0.04     4.08
  SINCE JAN 1     15.59                     17.21  -1.62    13.94

DEGREE DAYS
 HEATING
  TODAY            0                         1     -1        0
  MONTH TO DATE    3                        27    -24        9
  SINCE JUN 1     50                       139    -89       73
  SINCE JUL 1      3                        27    -24        9

 COOLING
  TODAY            4                         5     -1       11
  MONTH TO DATE  129                       130     -1      214
  SINCE JUN 1    238                       211     27      304
  SINCE JAN 1    259                       231     28      354
..................................................................


WIND (MPH)
  RESULTANT WIND SPEED   2   RESULTANT WIND DIRECTION   S (160)
  HIGHEST WIND SPEED    21   HIGHEST WIND DIRECTION     W (290)
  HIGHEST GUST SPEED    27   HIGHEST GUST DIRECTION     W (270)
  AVERAGE WIND SPEED     3.9


SKY COVER
  POSSIBLE SUNSHINE  MM
  AVERAGE SKY COVER 0.9


WEATHER CONDITIONS
 THE FOLLOWING WEATHER WAS RECORDED TODAY.
  THUNDERSTORM
  RAIN
  LIGHT RAIN
  FOG


RELATIVE HUMIDITY (PERCENT)
 HIGHEST    84           400 PM
 LOWEST     68           400 AM
 AVERAGE    76

..........................................................




SUNRISE AND SUNSET
JULY 26 2017..........SUNRISE   622 AM EDT   SUNSET   915 PM EDT
JULY 27 2017..........SUNRISE   623 AM EDT   SUNSET   914 PM EDT


-  INDICATES NEGATIVE NUMBERS.
R  INDICATES RECORD WAS SET OR TIED.
MM INDICATES DATA IS MISSING.
T  INDICATES TRACE AMOUNT.




$$
