000
CDUS43 KAPX 210529
CLITVC


CLIMATE REPORT
NATIONAL WEATHER SERVICE GAYLORD MI
1229 AM EST TUE NOV 21 2017


...................................

...THE TRAVERSE CITY MI CLIMATE SUMMARY FOR NOVEMBER 20 2017...

CLIMATE NORMAL PERIOD 1981 TO 2010
CLIMATE RECORD PERIOD 1896 TO 2017


WEATHER ITEM   OBSERVED TIME   RECORD YEAR NORMAL DEPARTURE LAST
                VALUE   (LST)  VALUE       VALUE  FROM      YEAR
                                                  NORMAL
..................................................................
TEMPERATURE (F)
 YESTERDAY
  MAXIMUM         49   1159 PM  65    1953  42      7       33
  MINIMUM         30    553 AM   2    1951  29      1       30
  AVERAGE         40                        36      4       32

PRECIPITATION (IN)
  YESTERDAY        0.00          0.86 1931   0.09  -0.09     0.01
  MONTH TO DATE    1.42                      1.84  -0.42     0.12
  SINCE SEP 1     10.86                      8.59   2.27     6.72
  SINCE JAN 1     31.23                     29.70   1.53    24.46

DEGREE DAYS
 HEATING
  YESTERDAY       25                        29     -4       33
  MONTH TO DATE  580                       515     65      312
  SINCE SEP 1    997                      1233   -236      699
  SINCE JUL 1   1031                      1302   -271      708
..................................................................


WIND (MPH)
  HIGHEST WIND SPEED    16   HIGHEST WIND DIRECTION    SW (210)
  HIGHEST GUST SPEED    33   HIGHEST GUST DIRECTION    SW (220)
  AVERAGE WIND SPEED     6.4




RELATIVE HUMIDITY (PERCENT)
 HIGHEST    82
 LOWEST     60
 AVERAGE    71

..........................................................


THE TRAVERSE CITY MI CLIMATE NORMALS FOR TODAY
                         NORMAL    RECORD    YEAR
 MAXIMUM TEMPERATURE (F)   42        68      1913
 MINIMUM TEMPERATURE (F)   29        11      1969


SUNRISE AND SUNSET
NOVEMBER 21 2017......SUNRISE   747 AM EST   SUNSET   509 PM EST
NOVEMBER 22 2017......SUNRISE   749 AM EST   SUNSET   508 PM EST


-  INDICATES NEGATIVE NUMBERS.
R  INDICATES RECORD WAS SET OR TIED.
MM INDICATES DATA IS MISSING.
T  INDICATES TRACE AMOUNT.




$$
