000
CDUS43 KAPX 110528
CLITVC


CLIMATE REPORT
NATIONAL WEATHER SERVICE GAYLORD MI
1228 AM EST THU FEB 11 2016


...................................

...THE TRAVERSE CITY MI CLIMATE SUMMARY FOR FEBRUARY 10 2016...

CLIMATE NORMAL PERIOD 1981 TO 2010
CLIMATE RECORD PERIOD 1896 TO 2016


WEATHER ITEM   OBSERVED TIME   RECORD YEAR NORMAL DEPARTURE LAST
                VALUE   (LST)  VALUE       VALUE  FROM      YEAR
                                                  NORMAL
..................................................................
TEMPERATURE (F)
 YESTERDAY
  MAXIMUM         20   1248 AM  57    2009  29     -9       32
  MINIMUM         14   1159 PM -33    1899  14      0        4
  AVERAGE         17                        22     -5       18

PRECIPITATION (IN)
  YESTERDAY        T             0.88 1960   0.05  -0.05     0.00
  MONTH TO DATE    0.42                      0.57  -0.15     0.01
  SINCE DEC 1      5.50                      5.88  -0.38     1.75
  SINCE JAN 1      2.51                      3.39  -0.88     0.69

DEGREE DAYS
 HEATING
  YESTERDAY       48                        43      5       47
  MONTH TO DATE  366                       437    -71      476
  SINCE DEC 1   2421                      2974   -553     2983
  SINCE JUL 1   3601                      4593   -992     4662
..................................................................


WIND (MPH)
  HIGHEST WIND SPEED    23   HIGHEST WIND DIRECTION    NW (330)
  HIGHEST GUST SPEED    33   HIGHEST GUST DIRECTION    NW (320)
  AVERAGE WIND SPEED    15.0




RELATIVE HUMIDITY (PERCENT)
 HIGHEST    80
 LOWEST     56
 AVERAGE    68

..........................................................


THE TRAVERSE CITY MI CLIMATE NORMALS FOR TODAY
                         NORMAL    RECORD    YEAR
 MAXIMUM TEMPERATURE (F)   29        60      1999
 MINIMUM TEMPERATURE (F)   15       -32      1899


SUNRISE AND SUNSET
FEBRUARY 11 2016......SUNRISE   749 AM EST   SUNSET   604 PM EST
FEBRUARY 12 2016......SUNRISE   748 AM EST   SUNSET   606 PM EST


-  INDICATES NEGATIVE NUMBERS.
R  INDICATES RECORD WAS SET OR TIED.
MM INDICATES DATA IS MISSING.
T  INDICATES TRACE AMOUNT.




$$
