000
CDUS43 KAPX 250526
CLITVC


CLIMATE REPORT
NATIONAL WEATHER SERVICE GAYLORD MI
1226 AM EST SUN FEB 25 2018


...................................

...THE TRAVERSE CITY MI CLIMATE SUMMARY FOR FEBRUARY 24 2018...

CLIMATE NORMAL PERIOD 1981 TO 2010
CLIMATE RECORD PERIOD 1896 TO 2018


WEATHER ITEM   OBSERVED TIME   RECORD YEAR NORMAL DEPARTURE LAST
                VALUE   (LST)  VALUE       VALUE  FROM      YEAR
                                                  NORMAL
..................................................................
TEMPERATURE (F)
 YESTERDAY
  MAXIMUM         45    353 PM  50    1976  33     12       36
  MINIMUM         32    802 AM -14    1913  16     16       30
  AVERAGE         39                        24     15       33

PRECIPITATION (IN)
  YESTERDAY        0.02          0.74 1949   0.06  -0.04     0.64
  MONTH TO DATE    1.07                      1.29  -0.22     1.34
  SINCE DEC 1      3.48                      6.60  -3.12     4.38
  SINCE JAN 1      2.16                      4.11  -1.95     3.15

DEGREE DAYS
 HEATING
  YESTERDAY       26                        41    -15       32
  MONTH TO DATE  979                      1025    -46      806
  SINCE DEC 1   3507                      3562    -55     3082
  SINCE JUL 1   4801                      5181   -380     4041
..................................................................


WIND (MPH)
  HIGHEST WIND SPEED    17   HIGHEST WIND DIRECTION    SE (120)
  HIGHEST GUST SPEED    28   HIGHEST GUST DIRECTION     E (110)
  AVERAGE WIND SPEED     6.8




RELATIVE HUMIDITY (PERCENT)
 HIGHEST    78
 LOWEST     45
 AVERAGE    62

..........................................................


THE TRAVERSE CITY MI CLIMATE NORMALS FOR TODAY
                         NORMAL    RECORD    YEAR
 MAXIMUM TEMPERATURE (F)   33        52      1976
 MINIMUM TEMPERATURE (F)   16       -22      1963


SUNRISE AND SUNSET
FEBRUARY 25 2018......SUNRISE   727 AM EST   SUNSET   625 PM EST
FEBRUARY 26 2018......SUNRISE   725 AM EST   SUNSET   626 PM EST


-  INDICATES NEGATIVE NUMBERS.
R  INDICATES RECORD WAS SET OR TIED.
MM INDICATES DATA IS MISSING.
T  INDICATES TRACE AMOUNT.




$$
