000
CDUS43 KAPX 300528
CLITVC


CLIMATE REPORT
NATIONAL WEATHER SERVICE GAYLORD MI
127 AM EDT SUN AUG 30 2015


...................................

...THE TRAVERSE CITY MI CLIMATE SUMMARY FOR AUGUST 29 2015...

CLIMATE NORMAL PERIOD 1981 TO 2010
CLIMATE RECORD PERIOD 1896 TO 2015


WEATHER ITEM   OBSERVED TIME   RECORD YEAR NORMAL DEPARTURE LAST
                VALUE   (LST)  VALUE       VALUE  FROM      YEAR
                                                  NORMAL
..................................................................
TEMPERATURE (F)
 YESTERDAY
  MAXIMUM         76    256 PM  96    1991  76      0       80
  MINIMUM         61    632 AM  32    1982  55      6       59
  AVERAGE         69                        66      3       70

PRECIPITATION (IN)
  YESTERDAY        0.29          2.02 1932   0.11   0.18     0.43
  MONTH TO DATE    2.08                      3.16  -1.08     2.18
  SINCE JUN 1      5.17                      9.34  -4.17     6.95
  SINCE JAN 1     11.65                     20.89  -9.24    16.63

DEGREE DAYS
 HEATING
  YESTERDAY        0                         2     -2        0
  MONTH TO DATE   19                        35    -16       24
  SINCE JUN 1    135                       175    -40      151
  SINCE JUL 1     47                        63    -16       79

 COOLING
  YESTERDAY        4                         3      1        5
  MONTH TO DATE  165                       111     54      112
  SINCE JUN 1    386                       344     42      310
  SINCE JAN 1    421                       364     57      319
..................................................................


WIND (MPH)
  HIGHEST WIND SPEED    10   HIGHEST WIND DIRECTION     W (260)
  HIGHEST GUST SPEED    14   HIGHEST GUST DIRECTION     W (260)
  AVERAGE WIND SPEED     2.4




RELATIVE HUMIDITY (PERCENT)
 HIGHEST    97
 LOWEST     60
 AVERAGE    79

..........................................................


THE TRAVERSE CITY MI CLIMATE NORMALS FOR TODAY
                         NORMAL    RECORD    YEAR
 MAXIMUM TEMPERATURE (F)   76        93      1969
 MINIMUM TEMPERATURE (F)   55        39      1976


SUNRISE AND SUNSET
AUGUST 30 2015........SUNRISE   702 AM EDT   SUNSET   823 PM EDT
AUGUST 31 2015........SUNRISE   703 AM EDT   SUNSET   821 PM EDT


-  INDICATES NEGATIVE NUMBERS.
R  INDICATES RECORD WAS SET OR TIED.
MM INDICATES DATA IS MISSING.
T  INDICATES TRACE AMOUNT.




$$
