000
CDUS43 KAPX 290526
CLITVC


CLIMATE REPORT
NATIONAL WEATHER SERVICE GAYLORD MI
125 AM EDT WED MAR 29 2017


...................................

...THE TRAVERSE CITY MI CLIMATE SUMMARY FOR MARCH 28 2017...

CLIMATE NORMAL PERIOD 1981 TO 2010
CLIMATE RECORD PERIOD 1896 TO 2017


WEATHER ITEM   OBSERVED TIME   RECORD YEAR NORMAL DEPARTURE LAST
                VALUE   (LST)  VALUE       VALUE  FROM      YEAR
                                                  NORMAL
..................................................................
TEMPERATURE (F)
 YESTERDAY
  MAXIMUM         47    235 PM  78    1946  45      2       43
  MINIMUM         30   1159 PM  -1    1923  26      4       34
  AVERAGE         39                        35      4       39

PRECIPITATION (IN)
  YESTERDAY        T             0.40 1935   0.07  -0.07     0.15
  MONTH TO DATE    1.63                      1.65  -0.02     2.42
  SINCE MAR 1      1.63                      1.65  -0.02     2.42
  SINCE JAN 1      4.96                      5.97  -1.01     5.21

DEGREE DAYS
 HEATING
  YESTERDAY       26                        30     -4       26
  MONTH TO DATE  949                       976    -27      790
  SINCE MAR 1    949                       976    -27      790
  SINCE JUL 1   5122                      6316  -1194     5100

 COOLING
  YESTERDAY        0                         0      0        0
  MONTH TO DATE    0                         0      0        0
  SINCE MAR 1      0                         0      0        0
  SINCE JAN 1      0                         0      0        0
..................................................................


WIND (MPH)
  HIGHEST WIND SPEED    13   HIGHEST WIND DIRECTION    NW (310)
  HIGHEST GUST SPEED    14   HIGHEST GUST DIRECTION    NW (310)
  AVERAGE WIND SPEED     5.0




RELATIVE HUMIDITY (PERCENT)
 HIGHEST    92
 LOWEST     65
 AVERAGE    79

..........................................................


THE TRAVERSE CITY MI CLIMATE NORMALS FOR TODAY
                         NORMAL    RECORD    YEAR
 MAXIMUM TEMPERATURE (F)   45        82      1910
 MINIMUM TEMPERATURE (F)   26         2      1970


SUNRISE AND SUNSET
MARCH 29 2017.........SUNRISE   728 AM EDT   SUNSET   806 PM EDT
MARCH 30 2017.........SUNRISE   726 AM EDT   SUNSET   808 PM EDT


-  INDICATES NEGATIVE NUMBERS.
R  INDICATES RECORD WAS SET OR TIED.
MM INDICATES DATA IS MISSING.
T  INDICATES TRACE AMOUNT.




$$
