000
CDUS43 KAPX 100537
CLITVC


CLIMATE REPORT
NATIONAL WEATHER SERVICE GAYLORD MI
134 AM EDT THU JUL 10 2014


...................................

...THE TRAVERSE CITY MI CLIMATE SUMMARY FOR JULY 9 2014...

CLIMATE NORMAL PERIOD 1981 TO 2010
CLIMATE RECORD PERIOD 1896 TO 2014


WEATHER ITEM   OBSERVED TIME   RECORD YEAR NORMAL DEPARTURE LAST
                VALUE   (LST)  VALUE       VALUE  FROM      YEAR
                                                  NORMAL
..................................................................
TEMPERATURE (F)
 YESTERDAY
  MAXIMUM         69    359 PM 102    1936  80    -11       84
  MINIMUM         53   1159 PM  38    1942  58     -5       68
  AVERAGE         61                        69     -8       76

PRECIPITATION (IN)
  YESTERDAY        0.00          0.67 1993   0.09  -0.09     0.14
  MONTH TO DATE    0.55                      0.84  -0.29     1.10
  SINCE JUN 1      3.22                      4.00  -0.78     2.48
  SINCE JAN 1     12.90                     15.55  -2.65    14.86

DEGREE DAYS
 HEATING
  YESTERDAY        4                         1      3        0
  MONTH TO DATE   21                        10     11        5
  SINCE JUN 1     93                       122    -29      107
  SINCE JUL 1     21                        10     11        5

 COOLING
  YESTERDAY        0                         5     -5       11
  MONTH TO DATE   25                        45    -20       70
  SINCE JUN 1    132                       126      6      157
  SINCE JAN 1    141                       146     -5      199
..................................................................


WIND (MPH)
  HIGHEST WIND SPEED    14   HIGHEST WIND DIRECTION     N (340)
  HIGHEST GUST SPEED    21   HIGHEST GUST DIRECTION    NW (330)
  AVERAGE WIND SPEED     5.9




RELATIVE HUMIDITY (PERCENT)
 HIGHEST    89
 LOWEST     52
 AVERAGE    71

..........................................................


THE TRAVERSE CITY MI CLIMATE NORMALS FOR TODAY
                         NORMAL    RECORD    YEAR
 MAXIMUM TEMPERATURE (F)   81       104      1936
 MINIMUM TEMPERATURE (F)   58        38      1898


SUNRISE AND SUNSET
JULY 10 2014..........SUNRISE   607 AM EDT   SUNSET   928 PM EDT
JULY 11 2014..........SUNRISE   607 AM EDT   SUNSET   928 PM EDT


-  INDICATES NEGATIVE NUMBERS.
R  INDICATES RECORD WAS SET OR TIED.
MM INDICATES DATA IS MISSING.
T  INDICATES TRACE AMOUNT.




$$
