000
CDUS43 KAPX 300527
CLITVC


CLIMATE REPORT
NATIONAL WEATHER SERVICE GAYLORD MI
126 AM EDT THU OCT 30 2014


...................................

...THE TRAVERSE CITY MI CLIMATE SUMMARY FOR OCTOBER 29 2014...

CLIMATE NORMAL PERIOD 1981 TO 2010
CLIMATE RECORD PERIOD 1896 TO 2014


WEATHER ITEM   OBSERVED TIME   RECORD YEAR NORMAL DEPARTURE LAST
                VALUE   (LST)  VALUE       VALUE  FROM      YEAR
                                                  NORMAL
..................................................................
TEMPERATURE (F)
 YESTERDAY
  MAXIMUM         49    201 AM  75    1989  52     -3       43
  MINIMUM         43   1159 PM  22    2000  35      8       25
  AVERAGE         46                        44      2       34

PRECIPITATION (IN)
  YESTERDAY        0.01          0.62 1996   0.10  -0.09      T
  MONTH TO DATE    5.03                      3.01   2.02     6.06
  SINCE SEP 1     11.29                      6.54   4.75     8.98
  SINCE JAN 1     28.09                     27.65   0.44    29.55

DEGREE DAYS
 HEATING
  YESTERDAY       19                        21     -2       31
  MONTH TO DATE  440                       482    -42      404
  SINCE SEP 1    593                       675    -82      569
  SINCE JUL 1    672                       744    -72      619

 COOLING
  YESTERDAY        0                         0      0        0
  MONTH TO DATE    0                         0      0        1
  SINCE SEP 1     42                        38      4       54
  SINCE JAN 1    374                       407    -33      531
..................................................................


WIND (MPH)
  HIGHEST WIND SPEED    22   HIGHEST WIND DIRECTION     W (270)
  HIGHEST GUST SPEED    29   HIGHEST GUST DIRECTION     W (270)
  AVERAGE WIND SPEED    10.2




RELATIVE HUMIDITY (PERCENT)
 HIGHEST    76
 LOWEST     61
 AVERAGE    69

..........................................................


THE TRAVERSE CITY MI CLIMATE NORMALS FOR TODAY
                         NORMAL    RECORD    YEAR
 MAXIMUM TEMPERATURE (F)   52        78      1901
 MINIMUM TEMPERATURE (F)   35        22      2000


SUNRISE AND SUNSET
OCTOBER 30 2014.......SUNRISE   817 AM EDT   SUNSET   634 PM EDT
OCTOBER 31 2014.......SUNRISE   819 AM EDT   SUNSET   632 PM EDT


-  INDICATES NEGATIVE NUMBERS.
R  INDICATES RECORD WAS SET OR TIED.
MM INDICATES DATA IS MISSING.
T  INDICATES TRACE AMOUNT.




$$
