000
CDUS44 KJAN 240821
CLITVR


CLIMATE REPORT
NATIONAL WEATHER SERVICE JACKSON MS
317 AM CDT THU JUL 24 2014


...................................

...THE VICKSBURG CLIMATE SUMMARY FOR JULY 23 2014...

CLIMATE NORMAL PERIOD 1981 TO 2010
CLIMATE RECORD PERIOD 1948 TO 2014


WEATHER ITEM   OBSERVED TIME   RECORD YEAR NORMAL DEPARTURE LAST
                VALUE   (LST)  VALUE       VALUE  FROM      YEAR
                                                  NORMAL
..................................................................
TEMPERATURE (F)
 YESTERDAY
  MAXIMUM         90    248 PM 100    1952  92     -2       93
  MINIMUM         70    516 AM  59    2007  71     -1       77
  AVERAGE         80                        82     -2       85

PRECIPITATION (IN)
  YESTERDAY        0.00          1.17 1992   0.10  -0.10      T
  MONTH TO DATE    2.87                      2.75   0.12     1.11
  SINCE JUN 1      9.42                      6.74   2.68     6.44
  SINCE JAN 1     37.75                     32.04   5.71    41.76

SNOWFALL (IN)
  YESTERDAY        0.0

DEGREE DAYS
 HEATING
  YESTERDAY        0                         0      0        0
  MONTH TO DATE    0                         0      0        0
  SINCE JUN 1      0                         0      0        0
  SINCE JUL 1      0                         0      0        0

 COOLING
  YESTERDAY       15                        17     -2       20
  MONTH TO DATE  292                       377    -85      331
  SINCE JUN 1    716                       795    -79      772
  SINCE JAN 1   1066                      1165    -99     1102
..................................................................


WIND (MPH)
  HIGHEST WIND SPEED    12   HIGHEST WIND DIRECTION     W (270)
  HIGHEST GUST SPEED    19   HIGHEST GUST DIRECTION     W (290)
  AVERAGE WIND SPEED     1.3


SKY COVER
  POSSIBLE SUNSHINE  MM
  AVERAGE SKY COVER 0.2


WEATHER CONDITIONS
 THE FOLLOWING WEATHER WAS RECORDED YESTERDAY.
  FOG


RELATIVE HUMIDITY (PERCENT)
 HIGHEST   100           600 AM
 LOWEST     59           200 PM
 AVERAGE    80

..........................................................


THE VICKSBURG CLIMATE NORMALS FOR TODAY
                         NORMAL    RECORD    YEAR
 MAXIMUM TEMPERATURE (F)   92       103      1954
 MINIMUM TEMPERATURE (F)   71        61      2006


SUNRISE AND SUNSET
JULY 24 2014..........SUNRISE   614 AM CDT   SUNSET   807 PM CDT
JULY 25 2014..........SUNRISE   614 AM CDT   SUNSET   807 PM CDT


-  INDICATES NEGATIVE NUMBERS.
R  INDICATES RECORD WAS SET OR TIED.
MM INDICATES DATA IS MISSING.
T  INDICATES TRACE AMOUNT.




$$
