000
CDUS44 KJAN 180655
CLITVR


CLIMATE REPORT
NATIONAL WEATHER SERVICE JACKSON MS
152 AM CDT FRI AUG 18 2017


...................................

...THE VICKSBURG CLIMATE SUMMARY FOR AUGUST 17 2017...

CLIMATE NORMAL PERIOD 1981 TO 2010
CLIMATE RECORD PERIOD 1948 TO 2017


WEATHER ITEM   OBSERVED TIME   RECORD YEAR NORMAL DEPARTURE LAST
                VALUE   (LST)  VALUE       VALUE  FROM      YEAR
                                                  NORMAL
..................................................................
TEMPERATURE (F)
 YESTERDAY
  MAXIMUM         90   1240 PM 101    1952  92     -2       92
                                      1951
  MINIMUM         73    104 AM  55    2004  70      3       73
  AVERAGE         82                        81      1       83

PRECIPITATION (IN)
  YESTERDAY        0.09          1.42 1958   0.10  -0.01     0.48
  MONTH TO DATE    5.34                      1.72   3.62     4.50
  SINCE JUN 1     17.95                      9.34   8.61    13.71
  SINCE JAN 1     45.37                     34.64  10.73    49.18

SNOWFALL (IN)
  YESTERDAY        0.0

DEGREE DAYS
 HEATING
  YESTERDAY        0                         0      0        0
  MONTH TO DATE    0                         0      0        0
  SINCE JUN 1      0                         0      0        0
  SINCE JUL 1      0                         0      0        0

 COOLING
  YESTERDAY       17                        16      1       18
  MONTH TO DATE  272                       282    -10      335
  SINCE JUN 1   1212                      1210      2     1458
  SINCE JAN 1   1712                      1580    132     1973
..................................................................


WIND (MPH)
  HIGHEST WIND SPEED    15   HIGHEST WIND DIRECTION     W (280)
  HIGHEST GUST SPEED    26   HIGHEST GUST DIRECTION     W (270)
  AVERAGE WIND SPEED     3.1


SKY COVER
  POSSIBLE SUNSHINE  MM
  AVERAGE SKY COVER 0.1


WEATHER CONDITIONS
 THE FOLLOWING WEATHER WAS RECORDED YESTERDAY.
  THUNDERSTORM
  RAIN
  LIGHT RAIN
  FOG


RELATIVE HUMIDITY (PERCENT)
 HIGHEST   100           300 AM
 LOWEST     65           600 PM
 AVERAGE    83

..........................................................


THE VICKSBURG CLIMATE NORMALS FOR TODAY
                         NORMAL    RECORD    YEAR
 MAXIMUM TEMPERATURE (F)   92       102      2000
 MINIMUM TEMPERATURE (F)   70        60      1992


SUNRISE AND SUNSET
AUGUST 18 2017........SUNRISE   630 AM CDT   SUNSET   745 PM CDT
AUGUST 19 2017........SUNRISE   631 AM CDT   SUNSET   744 PM CDT


-  INDICATES NEGATIVE NUMBERS.
R  INDICATES RECORD WAS SET OR TIED.
MM INDICATES DATA IS MISSING.
T  INDICATES TRACE AMOUNT.




$$
