000
CDUS44 KJAN 202107
CLITVR


CLIMATE REPORT
NATIONAL WEATHER SERVICE JACKSON MS
406 PM CDT SAT SEP 20 2014


...................................

...THE VICKSBURG CLIMATE SUMMARY FOR SEPTEMBER 20 2014...
VALID TODAY AS OF 0400 PM LOCAL TIME.

CLIMATE NORMAL PERIOD 1981 TO 2010
CLIMATE RECORD PERIOD 1948 TO 2014


WEATHER ITEM   OBSERVED TIME   RECORD YEAR NORMAL DEPARTURE LAST
                VALUE   (LST)  VALUE       VALUE  FROM      YEAR
                                                  NORMAL
..................................................................
TEMPERATURE (F)
 TODAY
  MAXIMUM         92    259 PM  99    2005  86      6       87
  MINIMUM         64    450 AM  45    2012  62      2       72
                                      1981
  AVERAGE         78                        74      4       80

PRECIPITATION (IN)
  TODAY            0.00          3.94 1958   0.06  -0.06     1.47
  MONTH TO DATE    0.98                      2.09  -1.11     2.85
  SINCE SEP 1      0.98                      2.09  -1.11     2.85
  SINCE JAN 1     45.22                     38.66   6.56    51.00

SNOWFALL (IN)
  TODAY            0.0

DEGREE DAYS
 HEATING
  TODAY            0                         0      0        0
  MONTH TO DATE    0                         0      0        0
  SINCE SEP 1      0                         0      0        0
  SINCE JUL 1      0                         0      0        0

 COOLING
  TODAY           13                         9      4       15
  MONTH TO DATE  296                       230     66      320
  SINCE SEP 1    296                       230     66      320
  SINCE JAN 1   1954                      2019    -65     2027
..................................................................


WIND (MPH)
  HIGHEST WIND SPEED    10   HIGHEST WIND DIRECTION     E (80)
  HIGHEST GUST SPEED    16   HIGHEST GUST DIRECTION     E (80)
  AVERAGE WIND SPEED     2.3


SKY COVER
  POSSIBLE SUNSHINE  MM
  AVERAGE SKY COVER 0.1


WEATHER CONDITIONS
 THE FOLLOWING WEATHER WAS RECORDED TODAY.
  NO SIGNIFICANT WEATHER WAS OBSERVED.


RELATIVE HUMIDITY (PERCENT)
 HIGHEST   100           500 AM
 LOWEST     44           200 PM
 AVERAGE    72

..........................................................


THE VICKSBURG CLIMATE NORMALS FOR TOMORROW
                         NORMAL    RECORD    YEAR
 MAXIMUM TEMPERATURE (F)   86        96      2005
 MINIMUM TEMPERATURE (F)   62        46      1956


SUNRISE AND SUNSET
SEPTEMBER 20 2014.....SUNRISE   651 AM CDT   SUNSET   703 PM CDT
SEPTEMBER 21 2014.....SUNRISE   652 AM CDT   SUNSET   702 PM CDT


-  INDICATES NEGATIVE NUMBERS.
R  INDICATES RECORD WAS SET OR TIED.
MM INDICATES DATA IS MISSING.
T  INDICATES TRACE AMOUNT.




$$
