000
CDUS44 KJAN 280938
CLITVR


CLIMATE REPORT
NATIONAL WEATHER SERVICE JACKSON MS
323 AM CDT FRI APR 28 2017


...................................

...THE VICKSBURG CLIMATE SUMMARY FOR APRIL 27 2017...

CLIMATE NORMAL PERIOD 1981 TO 2010
CLIMATE RECORD PERIOD 1948 TO 2017


WEATHER ITEM   OBSERVED TIME   RECORD YEAR NORMAL DEPARTURE LAST
                VALUE   (LST)  VALUE       VALUE  FROM      YEAR
                                                  NORMAL
..................................................................
TEMPERATURE (F)
 YESTERDAY
  MAXIMUM         73    441 PM  90    2014  79     -6       83
  MINIMUM         54    645 AM  42    1992  56     -2       66
  AVERAGE         64                        68     -4       75

PRECIPITATION (IN)
  YESTERDAY        T             1.74 1964   0.15  -0.15     0.64
  MONTH TO DATE    9.23                      4.49   4.74    10.40
  SINCE MAR 1     12.09                      9.52   2.57    22.59
  SINCE JAN 1     18.85                     19.86  -1.01    32.59

SNOWFALL (IN)
  YESTERDAY        0.0

DEGREE DAYS
 HEATING
  YESTERDAY        1                         1      0        0
  MONTH TO DATE   25                        96    -71       21
  SINCE MAR 1    199                       361   -162      129
  SINCE JUL 1   1475                      2337   -862     1507

 COOLING
  YESTERDAY        0                         4     -4       10
  MONTH TO DATE  121                        73     48      105
  SINCE MAR 1    207                        96    111      180
  SINCE JAN 1    258                       105    153      192
..................................................................


WIND (MPH)
  HIGHEST WIND SPEED    14   HIGHEST WIND DIRECTION     W (280)
  HIGHEST GUST SPEED    21   HIGHEST GUST DIRECTION     W (290)
  AVERAGE WIND SPEED     5.0


SKY COVER
  POSSIBLE SUNSHINE  MM
  AVERAGE SKY COVER 0.5


WEATHER CONDITIONS
 THE FOLLOWING WEATHER WAS RECORDED YESTERDAY.
  LIGHT RAIN


RELATIVE HUMIDITY (PERCENT)
 HIGHEST   100          1000 PM
 LOWEST     49           500 PM
 AVERAGE    75

..........................................................


THE VICKSBURG CLIMATE NORMALS FOR TODAY
                         NORMAL    RECORD    YEAR
 MAXIMUM TEMPERATURE (F)   79        92      2002
 MINIMUM TEMPERATURE (F)   57        42      2010
                                             1992


SUNRISE AND SUNSET
APRIL 28 2017.........SUNRISE   620 AM CDT   SUNSET   743 PM CDT
APRIL 29 2017.........SUNRISE   619 AM CDT   SUNSET   744 PM CDT


-  INDICATES NEGATIVE NUMBERS.
R  INDICATES RECORD WAS SET OR TIED.
MM INDICATES DATA IS MISSING.
T  INDICATES TRACE AMOUNT.




$$
