000
CDUS44 KJAN 282110
CLITVR


CLIMATE REPORT
NATIONAL WEATHER SERVICE JACKSON MS
409 PM CDT SUN AUG 28 2016


...................................

...THE VICKSBURG CLIMATE SUMMARY FOR AUGUST 28 2016...
VALID TODAY AS OF 0400 PM LOCAL TIME.

CLIMATE NORMAL PERIOD 1981 TO 2010
CLIMATE RECORD PERIOD 1948 TO 2016


WEATHER ITEM   OBSERVED TIME   RECORD YEAR NORMAL DEPARTURE LAST
                VALUE   (LST)  VALUE       VALUE  FROM      YEAR
                                                  NORMAL
..................................................................
TEMPERATURE (F)
 TODAY
  MAXIMUM         95    128 PM 103    1954  91      4       90
  MINIMUM         75    547 AM  53    1952  68      7       59
  AVERAGE         85                        80      5       75

PRECIPITATION (IN)
  TODAY            0.00          1.54 2009   0.14  -0.14     0.00
  MONTH TO DATE    6.77                      3.25   3.52     3.21
  SINCE JUN 1     15.98                     10.87   5.11    10.18
  SINCE JAN 1     51.45                     36.17  15.28    40.45

SNOWFALL (IN)
  TODAY            0.0

DEGREE DAYS
 HEATING
  TODAY            0                         0      0        0
  MONTH TO DATE    0                         0      0        0
  SINCE JUN 1      0                         0      0        0
  SINCE JUL 1      0                         0      0        0

 COOLING
  TODAY           20                        15      5       10
  MONTH TO DATE  546                       451     95      486
  SINCE JUN 1   1669                      1379    290     1563
  SINCE JAN 1   2184                      1749    435     2009
..................................................................


WIND (MPH)
  HIGHEST WIND SPEED    12   HIGHEST WIND DIRECTION     E (90)
  HIGHEST GUST SPEED    14   HIGHEST GUST DIRECTION     E (80)
  AVERAGE WIND SPEED     3.5


SKY COVER
  POSSIBLE SUNSHINE  MM
  AVERAGE SKY COVER 0.0


WEATHER CONDITIONS
 THE FOLLOWING WEATHER WAS RECORDED TODAY.
  FOG


RELATIVE HUMIDITY (PERCENT)
 HIGHEST    94           200 AM
 LOWEST     49           200 PM
 AVERAGE    72

..........................................................


THE VICKSBURG CLIMATE NORMALS FOR TOMORROW
                         NORMAL    RECORD    YEAR
 MAXIMUM TEMPERATURE (F)   91       104      1954
 MINIMUM TEMPERATURE (F)   68        55      1968


SUNRISE AND SUNSET
AUGUST 28 2016........SUNRISE   637 AM CDT   SUNSET   733 PM CDT
AUGUST 29 2016........SUNRISE   638 AM CDT   SUNSET   732 PM CDT


-  INDICATES NEGATIVE NUMBERS.
R  INDICATES RECORD WAS SET OR TIED.
MM INDICATES DATA IS MISSING.
T  INDICATES TRACE AMOUNT.




$$
