484
CDUS44 KJAN 210633
CLITVR


CLIMATE REPORT
NATIONAL WEATHER SERVICE JACKSON MS
1232 AM CST WED FEB 21 2018


...................................

...THE VICKSBURG CLIMATE SUMMARY FOR FEBRUARY 20 2018...

CLIMATE NORMAL PERIOD 1981 TO 2010
CLIMATE RECORD PERIOD 1948 TO 2018


WEATHER ITEM   OBSERVED TIME   RECORD YEAR NORMAL DEPARTURE LAST
                VALUE   (LST)  VALUE       VALUE  FROM      YEAR
                                                  NORMAL
..................................................................
TEMPERATURE (F)
 YESTERDAY
  MAXIMUM         86R   208 PM  82    1986  62     24       79
  MINIMUM         66    130 AM  23    1978  41     25       51
  AVERAGE         76                        51     25       65

PRECIPITATION (IN)
  YESTERDAY        0.00          2.17 1953   0.19  -0.19     0.57
  MONTH TO DATE    6.22                      3.82   2.40     0.86
  SINCE DEC 1     11.40                     14.50  -3.10    11.36
  SINCE JAN 1      8.99                      8.89   0.10     5.09

SNOWFALL (IN)
  YESTERDAY        0.0

DEGREE DAYS
 HEATING
  YESTERDAY        0                        14    -14        0
  MONTH TO DATE  224                       327   -103      157
  SINCE DEC 1   1514                      1469     45      956
  SINCE JUL 1   1871                      1871      0     1233

 COOLING
  YESTERDAY       11                         0     11        0
  MONTH TO DATE   23                         0     23       26
  SINCE DEC 1     29                         9     20       68
  SINCE JAN 1     23                         3     20       40
..................................................................


WIND (MPH)
  HIGHEST WIND SPEED    24   HIGHEST WIND DIRECTION     S (170)
  HIGHEST GUST SPEED    30   HIGHEST GUST DIRECTION     S (170)
  AVERAGE WIND SPEED    11.6


SKY COVER
  POSSIBLE SUNSHINE  MM
  AVERAGE SKY COVER 0.3


WEATHER CONDITIONS
 THE FOLLOWING WEATHER WAS RECORDED YESTERDAY.
  NO SIGNIFICANT WEATHER WAS OBSERVED.


RELATIVE HUMIDITY (PERCENT)
 HIGHEST   100           100 AM
 LOWEST     48           200 PM
 AVERAGE    74

..........................................................


THE VICKSBURG CLIMATE NORMALS FOR TODAY
                         NORMAL    RECORD    YEAR
 MAXIMUM TEMPERATURE (F)   62        84      1986
 MINIMUM TEMPERATURE (F)   41        23      1959


SUNRISE AND SUNSET
FEBRUARY 21 2018......SUNRISE   641 AM CST   SUNSET   555 PM CST
FEBRUARY 22 2018......SUNRISE   639 AM CST   SUNSET   556 PM CST


-  INDICATES NEGATIVE NUMBERS.
R  INDICATES RECORD WAS SET OR TIED.
MM INDICATES DATA IS MISSING.
T  INDICATES TRACE AMOUNT.




$$
