000
CDUS44 KJAN 040710
CLITVR


CLIMATE REPORT
NATIONAL WEATHER SERVICE JACKSON MS
207 AM CDT TUE AUG 4 2015


...................................

...THE VICKSBURG CLIMATE SUMMARY FOR AUGUST 3 2015...

CLIMATE NORMAL PERIOD 1981 TO 2010
CLIMATE RECORD PERIOD 1948 TO 2015


WEATHER ITEM   OBSERVED TIME   RECORD YEAR NORMAL DEPARTURE LAST
                VALUE   (LST)  VALUE       VALUE  FROM      YEAR
                                                  NORMAL
..................................................................
TEMPERATURE (F)
 YESTERDAY
  MAXIMUM         98    345 PM 104    2010  93      5       90
  MINIMUM         69    546 AM  61    1965  71     -2       69
  AVERAGE         84                        82      2       80

PRECIPITATION (IN)
  YESTERDAY        0.00          1.64 1979   0.09  -0.09     0.01
  MONTH TO DATE    0.00                      0.27  -0.27     1.33
  SINCE JUN 1      6.97                      7.89  -0.92    10.81
  SINCE JAN 1     37.24                     33.19   4.05    39.14

SNOWFALL (IN)
  YESTERDAY        0.0

DEGREE DAYS
 HEATING
  YESTERDAY        0                         0      0        0
  MONTH TO DATE    0                         0      0        0
  SINCE JUN 1      0                         0      0        0
  SINCE JUL 1      0                         0      0        0

 COOLING
  YESTERDAY       19                        17      2       15
  MONTH TO DATE   53                        51      2       35
  SINCE JUN 1   1130                       979    151      866
  SINCE JAN 1   1576                      1349    227     1216
..................................................................


WIND (MPH)
  HIGHEST WIND SPEED    10   HIGHEST WIND DIRECTION     N (20)
  HIGHEST GUST SPEED    14   HIGHEST GUST DIRECTION     N (20)
  AVERAGE WIND SPEED     4.0


SKY COVER
  POSSIBLE SUNSHINE  MM
  AVERAGE SKY COVER 0.0


WEATHER CONDITIONS
 THE FOLLOWING WEATHER WAS RECORDED YESTERDAY.
  NO SIGNIFICANT WEATHER WAS OBSERVED.


RELATIVE HUMIDITY (PERCENT)
 HIGHEST    97           600 AM
 LOWEST     33           300 PM
 AVERAGE    65

..........................................................


THE VICKSBURG CLIMATE NORMALS FOR TODAY
                         NORMAL    RECORD    YEAR
 MAXIMUM TEMPERATURE (F)   93       101      2011
 MINIMUM TEMPERATURE (F)   71        63      1969


SUNRISE AND SUNSET
AUGUST  4 2015........SUNRISE   621 AM CDT   SUNSET   759 PM CDT
AUGUST  5 2015........SUNRISE   621 AM CDT   SUNSET   758 PM CDT


-  INDICATES NEGATIVE NUMBERS.
R  INDICATES RECORD WAS SET OR TIED.
MM INDICATES DATA IS MISSING.
T  INDICATES TRACE AMOUNT.




$$
