000
CDUS45 KBOI 010933
CLITWF


CLIMATE REPORT
NATIONAL WEATHER SERVICE BOISE ID
233 AM MST SUN MAR 1 2015


...................................

...THE TWIN FALLS ID CLIMATE SUMMARY FOR FEBRUARY 28 2015...

CLIMATE NORMAL PERIOD 1981 TO 2010
CLIMATE RECORD PERIOD 9999 TO 9999


WEATHER ITEM   OBSERVED TIME   NORMAL DEPARTURE LAST
                VALUE   (LST)  VALUE  FROM      YEAR
                                      NORMAL
......................................................
TEMPERATURE (F)
 YESTERDAY
  MAXIMUM         46    441 PM  47     -1       56
  MINIMUM         23   1134 PM  26     -3       38
  AVERAGE         35

PRECIPITATION (IN)
  YESTERDAY        0.00          0.02  -0.02      T
  MONTH TO DATE    0.47          0.81  -0.34     1.54
  SINCE OCT 1      4.39          5.04  -0.65     2.71
  SINCE JAN 1      1.39          1.79  -0.40     2.24

DEGREE DAYS
 HEATING
  YESTERDAY       30            28      2       18
  MONTH TO DATE  618           899   -281      731
  SINCE DEC 1   2501          3129   -628     2897
  SINCE JUL 1   3693          4567   -874     4253

 COOLING
  YESTERDAY        0             0      0        0
  MONTH TO DATE    0             0      0        0
  SINCE DEC 1      0             0      0        0
  SINCE JAN 1      0             0      0        0
......................................................


WIND (MPH)
  HIGHEST WIND SPEED    22   HIGHEST WIND DIRECTION     E (70)
  HIGHEST GUST SPEED    26   HIGHEST GUST DIRECTION     E (70)
  AVERAGE WIND SPEED    12.0


SKY COVER
  AVERAGE SKY COVER 0.7


WEATHER CONDITIONS
 THE FOLLOWING WEATHER WAS RECORDED YESTERDAY.
  NO SIGNIFICANT WEATHER WAS OBSERVED.


RELATIVE HUMIDITY (PERCENT)
 HIGHEST    81          1100 PM
 LOWEST     37           400 PM
 AVERAGE    59

..........................................................




SUNRISE AND SUNSET
MARCH  1 2015.........SUNRISE   714 AM MST   SUNSET   627 PM MST
MARCH  2 2015.........SUNRISE   712 AM MST   SUNSET   629 PM MST


-  INDICATES NEGATIVE NUMBERS.
R  INDICATES RECORD WAS SET OR TIED.
MM INDICATES DATA IS MISSING.
T  INDICATES TRACE AMOUNT.




$$
