650
CDUS45 KBOI 280931
CLITWF


CLIMATE REPORT
NATIONAL WEATHER SERVICE BOISE ID
331 AM MDT SAT MAY 28 2016


...................................

...THE TWIN FALLS ID CLIMATE SUMMARY FOR MAY 27 2016...

CLIMATE NORMAL PERIOD 1981 TO 2010
CLIMATE RECORD PERIOD 9999 TO 9999


WEATHER ITEM   OBSERVED TIME   NORMAL DEPARTURE LAST
                VALUE   (LST)  VALUE  FROM      YEAR
                                      NORMAL
......................................................
TEMPERATURE (F)
 YESTERDAY
  MAXIMUM         66    440 PM  74     -8       73
  MINIMUM         44   1139 PM  45     -1       50
  AVERAGE         55

PRECIPITATION (IN)
  YESTERDAY        0.00          0.04  -0.04     0.09
  MONTH TO DATE    1.85          1.19   0.66     2.27
  SINCE OCT 1     10.52          8.41   2.11     7.13
  SINCE JAN 1      6.14          5.16   0.98     4.13

DEGREE DAYS
 HEATING
  YESTERDAY       10             7      3        3
  MONTH TO DATE  266           263      3      188
  SINCE MAR 1   1344          1494   -150     1129
  SINCE JUL 1   5630          6061   -431     4822

 COOLING
  YESTERDAY        0             1     -1        0
  MONTH TO DATE    3            15    -12        0
  SINCE MAR 1      3            16    -13        0
  SINCE JAN 1      3            16    -13        0
......................................................


WIND (MPH)
  HIGHEST WIND SPEED    23   HIGHEST WIND DIRECTION    NW (300)
  HIGHEST GUST SPEED    28   HIGHEST GUST DIRECTION     W (290)
  AVERAGE WIND SPEED    13.0


SKY COVER
  AVERAGE SKY COVER 0.1


WEATHER CONDITIONS
 THE FOLLOWING WEATHER WAS RECORDED YESTERDAY.
  NO SIGNIFICANT WEATHER WAS OBSERVED.


RELATIVE HUMIDITY (PERCENT)
 HIGHEST    66           500 AM
 LOWEST     29           700 PM
 AVERAGE    48

..........................................................




SUNRISE AND SUNSET
MAY 28 2016...........SUNRISE   605 AM MDT   SUNSET   906 PM MDT
MAY 29 2016...........SUNRISE   605 AM MDT   SUNSET   907 PM MDT


-  INDICATES NEGATIVE NUMBERS.
R  INDICATES RECORD WAS SET OR TIED.
MM INDICATES DATA IS MISSING.
T  INDICATES TRACE AMOUNT.




$$
