000
CDUS45 KBOI 010931
CLITWF


CLIMATE REPORT
NATIONAL WEATHER SERVICE BOISE ID
330 AM MDT TUE SEP 1 2015


...................................

...THE TWIN FALLS ID CLIMATE SUMMARY FOR AUGUST 31 2015...

CLIMATE NORMAL PERIOD 1981 TO 2010
CLIMATE RECORD PERIOD 9999 TO 9999


WEATHER ITEM   OBSERVED TIME   NORMAL DEPARTURE LAST
                VALUE   (LST)  VALUE  FROM      YEAR
                                      NORMAL
......................................................
TEMPERATURE (F)
 YESTERDAY
  MAXIMUM         81    527 PM  84     -3       72
  MINIMUM         54    542 AM  52      2       51
  AVERAGE         68

PRECIPITATION (IN)
  YESTERDAY        0.00          0.01  -0.01      T
  MONTH TO DATE    0.40          0.32   0.08     5.57
  SINCE OCT 1      8.51         10.13  -1.62    12.72
  SINCE JAN 1      5.51          6.88  -1.37    12.25

DEGREE DAYS
 HEATING
  YESTERDAY        0             2     -2        3
  MONTH TO DATE    0            11    -11       19
  SINCE JUN 1     10           108    -98       77
  SINCE JUL 1      3            21    -18       19

 COOLING
  YESTERDAY        3             5     -2        0
  MONTH TO DATE  304           231     73      205
  SINCE JUN 1    862           595    267      726
  SINCE JAN 1    878           617    261      759
......................................................


WIND (MPH)
  HIGHEST WIND SPEED    17   HIGHEST WIND DIRECTION    SW (210)
  HIGHEST GUST SPEED    23   HIGHEST GUST DIRECTION    SW (210)
  AVERAGE WIND SPEED     8.3


SKY COVER
  AVERAGE SKY COVER 0.0


WEATHER CONDITIONS
 THE FOLLOWING WEATHER WAS RECORDED YESTERDAY.
  NO SIGNIFICANT WEATHER WAS OBSERVED.


RELATIVE HUMIDITY (PERCENT)
 HIGHEST    47           400 AM
 LOWEST     19           600 PM
 AVERAGE    33

..........................................................




SUNRISE AND SUNSET
SEPTEMBER  1 2015.....SUNRISE   703 AM MDT   SUNSET   812 PM MDT
SEPTEMBER  2 2015.....SUNRISE   704 AM MDT   SUNSET   811 PM MDT


-  INDICATES NEGATIVE NUMBERS.
R  INDICATES RECORD WAS SET OR TIED.
MM INDICATES DATA IS MISSING.
T  INDICATES TRACE AMOUNT.




$$
