000
CDUS45 KBOI 060932
CLITWF


CLIMATE REPORT
NATIONAL WEATHER SERVICE BOISE ID
332 AM MDT FRI MAY 6 2016


...................................

...THE TWIN FALLS ID CLIMATE SUMMARY FOR MAY 5 2016...

CLIMATE NORMAL PERIOD 1981 TO 2010
CLIMATE RECORD PERIOD 9999 TO 9999


WEATHER ITEM   OBSERVED TIME   NORMAL DEPARTURE LAST
                VALUE   (LST)  VALUE  FROM      YEAR
                                      NORMAL
......................................................
TEMPERATURE (F)
 YESTERDAY
  MAXIMUM         79    332 PM  67     12       73
  MINIMUM         52    616 AM  40     12       48
  AVERAGE         66

PRECIPITATION (IN)
  YESTERDAY        0.00          0.05  -0.05     0.00
  MONTH TO DATE    0.00          0.27  -0.27      T
  SINCE OCT 1      8.67          7.49   1.18     4.86
  SINCE JAN 1      4.29          4.24   0.05     1.86

DEGREE DAYS
 HEATING
  YESTERDAY        0            12    -12        4
  MONTH TO DATE   37            63    -26       16
  SINCE MAR 1   1115          1294   -179      957
  SINCE JUL 1   5401          5861   -460     4650

 COOLING
  YESTERDAY        1             0      1        0
  MONTH TO DATE    1             0      1        0
  SINCE MAR 1      1             1      0        0
  SINCE JAN 1      1             1      0        0
......................................................


WIND (MPH)
  HIGHEST WIND SPEED    30   HIGHEST WIND DIRECTION    SE (140)
  HIGHEST GUST SPEED    37   HIGHEST GUST DIRECTION    SE (140)
  AVERAGE WIND SPEED    11.5


SKY COVER
  AVERAGE SKY COVER 0.0


WEATHER CONDITIONS
 THE FOLLOWING WEATHER WAS RECORDED YESTERDAY.
  NO SIGNIFICANT WEATHER WAS OBSERVED.


RELATIVE HUMIDITY (PERCENT)
 HIGHEST    64           700 AM
 LOWEST     17           400 PM
 AVERAGE    41

..........................................................




SUNRISE AND SUNSET
MAY  6 2016...........SUNRISE   626 AM MDT   SUNSET   844 PM MDT
MAY  7 2016...........SUNRISE   624 AM MDT   SUNSET   845 PM MDT


-  INDICATES NEGATIVE NUMBERS.
R  INDICATES RECORD WAS SET OR TIED.
MM INDICATES DATA IS MISSING.
T  INDICATES TRACE AMOUNT.




$$
