000
CDUS45 KBOI 250931
CLITWF


CLIMATE REPORT
NATIONAL WEATHER SERVICE BOISE ID
331 AM MDT MON SEP 25 2017


...................................

...THE TWIN FALLS ID CLIMATE SUMMARY FOR SEPTEMBER 24 2017...

CLIMATE NORMAL PERIOD 1981 TO 2010
CLIMATE RECORD PERIOD 9999 TO 9999


WEATHER ITEM   OBSERVED TIME   NORMAL DEPARTURE LAST
                VALUE   (LST)  VALUE  FROM      YEAR
                                      NORMAL
......................................................
TEMPERATURE (F)
 YESTERDAY
  MAXIMUM         58    334 PM  73    -15       62
  MINIMUM         36    715 AM  45     -9       46
  AVERAGE         47

PRECIPITATION (IN)
  YESTERDAY        0.00          0.03  -0.03     0.00
  MONTH TO DATE    0.65          0.44   0.21     2.28
  SINCE OCT 1     12.59         10.57   2.02    13.25
  SINCE JAN 1      8.09          7.32   0.77     8.87

DEGREE DAYS
 HEATING
  YESTERDAY       18             7     11       11
  MONTH TO DATE  159            92     67      158
  SINCE SEP 1    159            92     67      158
  SINCE JUL 1    161           113     48      182

 COOLING
  YESTERDAY        0             1     -1        0
  MONTH TO DATE  119            58     61       19
  SINCE SEP 1    119            58     61       19
  SINCE JAN 1    871           675    196      635
......................................................


WIND (MPH)
  HIGHEST WIND SPEED    18   HIGHEST WIND DIRECTION     W (280)
  HIGHEST GUST SPEED    24   HIGHEST GUST DIRECTION     W (280)
  AVERAGE WIND SPEED    12.0


SKY COVER
  AVERAGE SKY COVER 0.2


WEATHER CONDITIONS
 THE FOLLOWING WEATHER WAS RECORDED YESTERDAY.
  NO SIGNIFICANT WEATHER WAS OBSERVED.


RELATIVE HUMIDITY (PERCENT)
 HIGHEST    82           500 AM
 LOWEST     33           300 PM
 AVERAGE    58

..........................................................




SUNRISE AND SUNSET
SEPTEMBER 25 2017.....SUNRISE   729 AM MDT   SUNSET   729 PM MDT
SEPTEMBER 26 2017.....SUNRISE   730 AM MDT   SUNSET   728 PM MDT


-  INDICATES NEGATIVE NUMBERS.
R  INDICATES RECORD WAS SET OR TIED.
MM INDICATES DATA IS MISSING.
T  INDICATES TRACE AMOUNT.




$$
