000
CDUS45 KBOI 100933
CLITWF


CLIMATE REPORT
NATIONAL WEATHER SERVICE BOISE ID
232 AM MST SAT DEC 10 2016


...................................

...THE TWIN FALLS ID CLIMATE SUMMARY FOR DECEMBER 9 2016...

CLIMATE NORMAL PERIOD 1981 TO 2010
CLIMATE RECORD PERIOD 9999 TO 9999


WEATHER ITEM   OBSERVED TIME   NORMAL DEPARTURE LAST
                VALUE   (LST)  VALUE  FROM      YEAR
                                      NORMAL
......................................................
TEMPERATURE (F)
 YESTERDAY
  MAXIMUM         45   1028 PM  38      7       59
  MINIMUM         21   1215 AM  20      1       37
  AVERAGE         33

PRECIPITATION (IN)
  YESTERDAY        0.06          0.04   0.02     0.05
  MONTH TO DATE    0.26          0.35  -0.09     0.53
  SINCE OCT 1      3.23          2.33   0.90     3.24
  SINCE JAN 1     12.14          9.78   2.36     9.19

DEGREE DAYS
 HEATING
  YESTERDAY       32            36     -4       17
  MONTH TO DATE  357           317     40      265
  SINCE DEC 1    357           317     40      265
  SINCE JUL 1   1659          1755    -96     1476

 COOLING
  YESTERDAY        0             0      0        0
  MONTH TO DATE    0             0      0        0
  SINCE DEC 1      0             0      0        0
  SINCE JAN 1    642           680    -38     1020
......................................................


WIND (MPH)
  HIGHEST WIND SPEED    22   HIGHEST WIND DIRECTION     S (190)
  HIGHEST GUST SPEED    27   HIGHEST GUST DIRECTION     S (190)
  AVERAGE WIND SPEED     7.2


SKY COVER
  AVERAGE SKY COVER 1.0


WEATHER CONDITIONS
 THE FOLLOWING WEATHER WAS RECORDED YESTERDAY.
  RAIN
  LIGHT RAIN
  FREEZING RAIN
  LT FREEZING RAIN
  FOG


RELATIVE HUMIDITY (PERCENT)
 HIGHEST    92          1200 AM
 LOWEST     62          1000 PM
 AVERAGE    77

..........................................................




SUNRISE AND SUNSET
DECEMBER 10 2016......SUNRISE   757 AM MST   SUNSET   505 PM MST
DECEMBER 11 2016......SUNRISE   758 AM MST   SUNSET   505 PM MST


-  INDICATES NEGATIVE NUMBERS.
R  INDICATES RECORD WAS SET OR TIED.
MM INDICATES DATA IS MISSING.
T  INDICATES TRACE AMOUNT.




$$
