000
CDUS45 KBOI 290931
CLITWF


CLIMATE REPORT
NATIONAL WEATHER SERVICE BOISE ID
330 AM MDT MON AUG 29 2016


...................................

...THE TWIN FALLS ID CLIMATE SUMMARY FOR AUGUST 28 2016...

CLIMATE NORMAL PERIOD 1981 TO 2010
CLIMATE RECORD PERIOD 9999 TO 9999


WEATHER ITEM   OBSERVED TIME   NORMAL DEPARTURE LAST
                VALUE   (LST)  VALUE  FROM      YEAR
                                      NORMAL
......................................................
TEMPERATURE (F)
 YESTERDAY
  MAXIMUM         87    452 PM  85      2       94
  MINIMUM         60    650 AM  53      7       60
  AVERAGE         74

PRECIPITATION (IN)
  YESTERDAY        0.00          0.01  -0.01     0.00
  MONTH TO DATE    0.01          0.28  -0.27     0.40
  SINCE OCT 1     10.97         10.09   0.88     8.51
  SINCE JAN 1      6.59          6.84  -0.25     5.51

DEGREE DAYS
 HEATING
  YESTERDAY        0             1     -1        0
  MONTH TO DATE    3             6     -3        0
  SINCE JUN 1     77            99    -22       10
  SINCE JUL 1     24            12     12        3

 COOLING
  YESTERDAY        9             5      4       12
  MONTH TO DATE  189           217    -28      282
  SINCE JUN 1    588           581      7      840
  SINCE JAN 1    591           603    -12      856
......................................................


WIND (MPH)
  HIGHEST WIND SPEED    17   HIGHEST WIND DIRECTION     W (270)
  HIGHEST GUST SPEED    27   HIGHEST GUST DIRECTION    SW (220)
  AVERAGE WIND SPEED     9.7


SKY COVER
  AVERAGE SKY COVER 0.0


WEATHER CONDITIONS
 THE FOLLOWING WEATHER WAS RECORDED YESTERDAY.
  NO SIGNIFICANT WEATHER WAS OBSERVED.


RELATIVE HUMIDITY (PERCENT)
 HIGHEST    60           800 PM
 LOWEST     16           500 PM
 AVERAGE    38

..........................................................




SUNRISE AND SUNSET
AUGUST 29 2016........SUNRISE   700 AM MDT   SUNSET   816 PM MDT
AUGUST 30 2016........SUNRISE   701 AM MDT   SUNSET   814 PM MDT


-  INDICATES NEGATIVE NUMBERS.
R  INDICATES RECORD WAS SET OR TIED.
MM INDICATES DATA IS MISSING.
T  INDICATES TRACE AMOUNT.




$$
