000
CDUS45 KBOI 280934
CLITWF


CLIMATE REPORT
NATIONAL WEATHER SERVICE BOISE ID
334 AM MDT TUE JUL 28 2015


...................................

...THE TWIN FALLS ID CLIMATE SUMMARY FOR JULY 27 2015...

CLIMATE NORMAL PERIOD 1981 TO 2010
CLIMATE RECORD PERIOD 9999 TO 9999


WEATHER ITEM   OBSERVED TIME   NORMAL DEPARTURE LAST
                VALUE   (LST)  VALUE  FROM      YEAR
                                      NORMAL
......................................................
TEMPERATURE (F)
 YESTERDAY
  MAXIMUM         74    258 PM  91    -17      100
  MINIMUM         53    730 AM  59     -6       63
  AVERAGE         64

PRECIPITATION (IN)
  YESTERDAY        0.06          0.01   0.05     0.00
  MONTH TO DATE    0.71          0.26   0.45     0.23
  SINCE OCT 1      8.11          9.77  -1.66     7.15
  SINCE JAN 1      5.11          6.52  -1.41     6.68

DEGREE DAYS
 HEATING
  YESTERDAY        1             0      1        0
  MONTH TO DATE    1             3     -2        0
  SINCE JUN 1      8            90    -82       58
  SINCE JUL 1      1             3     -2        0

 COOLING
  YESTERDAY        0            10    -10       17
  MONTH TO DATE  265           236     29      388
  SINCE JUN 1    531           323    208      475
  SINCE JAN 1    547           345    202      508
......................................................


WIND (MPH)
  HIGHEST WIND SPEED    35   HIGHEST WIND DIRECTION     W (250)
  HIGHEST GUST SPEED    43   HIGHEST GUST DIRECTION     W (250)
  AVERAGE WIND SPEED    18.4


SKY COVER
  AVERAGE SKY COVER 0.2


WEATHER CONDITIONS
 THE FOLLOWING WEATHER WAS RECORDED YESTERDAY.
  LIGHT RAIN


RELATIVE HUMIDITY (PERCENT)
 HIGHEST    77           800 AM
 LOWEST     20           500 PM
 AVERAGE    49

..........................................................




SUNRISE AND SUNSET
JULY 28 2015..........SUNRISE   626 AM MDT   SUNSET   902 PM MDT
JULY 29 2015..........SUNRISE   627 AM MDT   SUNSET   901 PM MDT


-  INDICATES NEGATIVE NUMBERS.
R  INDICATES RECORD WAS SET OR TIED.
MM INDICATES DATA IS MISSING.
T  INDICATES TRACE AMOUNT.




$$
