000
CDUS45 KBOI 060931
CLITWF


CLIMATE REPORT
NATIONAL WEATHER SERVICE BOISE ID
230 AM MST SAT FEB 6 2016


...................................

...THE TWIN FALLS ID CLIMATE SUMMARY FOR FEBRUARY 5 2016...

CLIMATE NORMAL PERIOD 1981 TO 2010
CLIMATE RECORD PERIOD 9999 TO 9999


WEATHER ITEM   OBSERVED TIME   NORMAL DEPARTURE LAST
                VALUE   (LST)  VALUE  FROM      YEAR
                                      NORMAL
......................................................
TEMPERATURE (F)
 YESTERDAY
  MAXIMUM         40   1231 PM  40      0       60
  MINIMUM         22   1159 PM  22      0       37
  AVERAGE         31

PRECIPITATION (IN)
  YESTERDAY        0.00          0.03  -0.03     0.00
  MONTH TO DATE    0.03          0.15  -0.12     0.45
  SINCE OCT 1      5.46          4.38   1.08     4.37
  SINCE JAN 1      1.08          1.13  -0.05     1.37

DEGREE DAYS
 HEATING
  YESTERDAY       34            34      0       16
  MONTH TO DATE  188           172     16      102
  SINCE DEC 1   2447          2402     45     1985
  SINCE JUL 1   3658          3840   -182     3177

 COOLING
  YESTERDAY        0             0      0        0
  MONTH TO DATE    0             0      0        0
  SINCE DEC 1      0             0      0        0
  SINCE JAN 1      0             0      0        0
......................................................


WIND (MPH)
  HIGHEST WIND SPEED    16   HIGHEST WIND DIRECTION    SW (240)
  HIGHEST GUST SPEED    20   HIGHEST GUST DIRECTION     W (250)
  AVERAGE WIND SPEED     6.8


SKY COVER
  AVERAGE SKY COVER 0.3


WEATHER CONDITIONS
 THE FOLLOWING WEATHER WAS RECORDED YESTERDAY.
  FOG


RELATIVE HUMIDITY (PERCENT)
 HIGHEST    92           700 PM
 LOWEST     59          1200 PM
 AVERAGE    76

..........................................................




SUNRISE AND SUNSET
FEBRUARY  6 2016......SUNRISE   747 AM MST   SUNSET   558 PM MST
FEBRUARY  7 2016......SUNRISE   745 AM MST   SUNSET   559 PM MST


-  INDICATES NEGATIVE NUMBERS.
R  INDICATES RECORD WAS SET OR TIED.
MM INDICATES DATA IS MISSING.
T  INDICATES TRACE AMOUNT.




$$
