000
CDUS45 KBOI 280931
CLITWF


CLIMATE REPORT
NATIONAL WEATHER SERVICE BOISE ID
331 AM MDT WED SEP 28 2016


...................................

...THE TWIN FALLS ID CLIMATE SUMMARY FOR SEPTEMBER 27 2016...

CLIMATE NORMAL PERIOD 1981 TO 2010
CLIMATE RECORD PERIOD 9999 TO 9999


WEATHER ITEM   OBSERVED TIME   NORMAL DEPARTURE LAST
                VALUE   (LST)  VALUE  FROM      YEAR
                                      NORMAL
......................................................
TEMPERATURE (F)
 YESTERDAY
  MAXIMUM         80    418 PM  72      8       76
  MINIMUM         43    629 AM  44     -1       56
  AVERAGE         62

PRECIPITATION (IN)
  YESTERDAY        0.00          0.03  -0.03     0.00
  MONTH TO DATE    2.28          0.51   1.77     0.44
  SINCE OCT 1     13.25         10.64   2.61     8.95
  SINCE JAN 1      8.87          7.39   1.48     5.95

DEGREE DAYS
 HEATING
  YESTERDAY        3             8     -5        0
  MONTH TO DATE  176           114     62       65
  SINCE SEP 1    176           114     62       65
  SINCE JUL 1    200           135     65       68

 COOLING
  YESTERDAY        0             1     -1        1
  MONTH TO DATE   19            61    -42      110
  SINCE SEP 1     19            61    -42      110
  SINCE JAN 1    635           678    -43      988
......................................................


WIND (MPH)
  HIGHEST WIND SPEED    13   HIGHEST WIND DIRECTION     S (170)
  HIGHEST GUST SPEED    14   HIGHEST GUST DIRECTION     S (170)
  AVERAGE WIND SPEED     6.3


SKY COVER
  AVERAGE SKY COVER 0.0


WEATHER CONDITIONS
 THE FOLLOWING WEATHER WAS RECORDED YESTERDAY.
  NO SIGNIFICANT WEATHER WAS OBSERVED.


RELATIVE HUMIDITY (PERCENT)
 HIGHEST    83           500 AM
 LOWEST     30           300 PM
 AVERAGE    57

..........................................................




SUNRISE AND SUNSET
SEPTEMBER 28 2016.....SUNRISE   732 AM MDT   SUNSET   724 PM MDT
SEPTEMBER 29 2016.....SUNRISE   733 AM MDT   SUNSET   722 PM MDT


-  INDICATES NEGATIVE NUMBERS.
R  INDICATES RECORD WAS SET OR TIED.
MM INDICATES DATA IS MISSING.
T  INDICATES TRACE AMOUNT.




$$
