000
CDUS45 KBOI 250947
CLITWF


CLIMATE REPORT
NATIONAL WEATHER SERVICE BOISE ID
347 AM MDT THU MAY 25 2017


...................................

...THE TWIN FALLS ID CLIMATE SUMMARY FOR MAY 24 2017...

CLIMATE NORMAL PERIOD 1981 TO 2010
CLIMATE RECORD PERIOD 9999 TO 9999


WEATHER ITEM   OBSERVED TIME   NORMAL DEPARTURE LAST
                VALUE   (LST)  VALUE  FROM      YEAR
                                      NORMAL
......................................................
TEMPERATURE (F)
 YESTERDAY
  MAXIMUM         73    134 PM  73      0       67
  MINIMUM         51   1159 PM  45      6       42
  AVERAGE         62

PRECIPITATION (IN)
  YESTERDAY        0.00          0.04  -0.04     0.00
  MONTH TO DATE    0.75          1.07  -0.32     1.85
  SINCE OCT 1     10.50          8.29   2.21    10.52
  SINCE JAN 1      6.00          5.04   0.96     6.14

DEGREE DAYS
 HEATING
  YESTERDAY        3             7     -4       10
  MONTH TO DATE  274           242     32      242
  SINCE MAR 1   1475          1473      2     1320
  SINCE JUL 1   6255          6040    215     5606

 COOLING
  YESTERDAY        0             1     -1        0
  MONTH TO DATE    1            12    -11        3
  SINCE MAR 1      1            13    -12        3
  SINCE JAN 1      1            13    -12        3
......................................................


WIND (MPH)
  HIGHEST WIND SPEED    24   HIGHEST WIND DIRECTION     W (280)
  HIGHEST GUST SPEED    33   HIGHEST GUST DIRECTION     W (270)
  AVERAGE WIND SPEED    17.9


SKY COVER
  AVERAGE SKY COVER 0.2


WEATHER CONDITIONS
 THE FOLLOWING WEATHER WAS RECORDED YESTERDAY.
  NO SIGNIFICANT WEATHER WAS OBSERVED.


RELATIVE HUMIDITY (PERCENT)
 HIGHEST    49           100 AM
 LOWEST     20           700 PM
 AVERAGE    35

..........................................................




SUNRISE AND SUNSET
MAY 25 2017...........SUNRISE   607 AM MDT   SUNSET   903 PM MDT
MAY 26 2017...........SUNRISE   607 AM MDT   SUNSET   904 PM MDT


-  INDICATES NEGATIVE NUMBERS.
R  INDICATES RECORD WAS SET OR TIED.
MM INDICATES DATA IS MISSING.
T  INDICATES TRACE AMOUNT.




$$
