000
CDUS45 KBOI 200945
CLITWF


CLIMATE REPORT
NATIONAL WEATHER SERVICE BOISE ID
245 AM MST TUE FEB 20 2018


...................................

...THE TWIN FALLS ID CLIMATE SUMMARY FOR FEBRUARY 19 2018...

CLIMATE NORMAL PERIOD 1981 TO 2010
CLIMATE RECORD PERIOD 9999 TO 9999


WEATHER ITEM   OBSERVED TIME   NORMAL DEPARTURE LAST
                VALUE   (LST)  VALUE  FROM      YEAR
                                      NORMAL
......................................................
TEMPERATURE (F)
 YESTERDAY
  MAXIMUM         27    208 PM  44    -17       51
  MINIMUM         10   1159 PM  24    -14       32
  AVERAGE         19

PRECIPITATION (IN)
  YESTERDAY        0.00          0.03  -0.03     0.06
  MONTH TO DATE    0.53          0.57  -0.04     1.01
  SINCE OCT 1      3.92          4.80  -0.88     7.02
  SINCE JAN 1      1.36          1.55  -0.19     2.52

DEGREE DAYS
 HEATING
  YESTERDAY       46            31     15       23
  MONTH TO DATE  535           632    -97      537
  SINCE DEC 1   2602          2862   -260     3156
  SINCE JUL 1   4136          4300   -164     4458

 COOLING
  YESTERDAY        0             0      0        0
  MONTH TO DATE    0             0      0        0
  SINCE DEC 1      0             0      0        0
  SINCE JAN 1      0             0      0        0
......................................................


WIND (MPH)
  HIGHEST WIND SPEED    35   HIGHEST WIND DIRECTION     W (260)
  HIGHEST GUST SPEED    40   HIGHEST GUST DIRECTION     W (260)
  AVERAGE WIND SPEED    19.5


SKY COVER
  AVERAGE SKY COVER 0.3


WEATHER CONDITIONS
 THE FOLLOWING WEATHER WAS RECORDED YESTERDAY.
  FOG
  HAZE


RELATIVE HUMIDITY (PERCENT)
 HIGHEST    92           800 AM
 LOWEST     61           800 PM
 AVERAGE    77

..........................................................




SUNRISE AND SUNSET
FEBRUARY 20 2018......SUNRISE   727 AM MST   SUNSET   617 PM MST
FEBRUARY 21 2018......SUNRISE   726 AM MST   SUNSET   618 PM MST


-  INDICATES NEGATIVE NUMBERS.
R  INDICATES RECORD WAS SET OR TIED.
MM INDICATES DATA IS MISSING.
T  INDICATES TRACE AMOUNT.




$$
