000
CDUS45 KBOI 240930
CLITWF


CLIMATE REPORT
NATIONAL WEATHER SERVICE BOISE ID
230 AM MST WED DEC 24 2014


...................................

...THE TWIN FALLS ID CLIMATE SUMMARY FOR DECEMBER 23 2014...

CLIMATE NORMAL PERIOD 1981 TO 2010
CLIMATE RECORD PERIOD 9999 TO 9999


WEATHER ITEM   OBSERVED TIME   NORMAL DEPARTURE LAST
                VALUE   (LST)  VALUE  FROM      YEAR
                                      NORMAL
......................................................
TEMPERATURE (F)
 YESTERDAY
  MAXIMUM         41    419 PM  36      5       51
  MINIMUM         28    828 AM  20      8       39
  AVERAGE         35

PRECIPITATION (IN)
  YESTERDAY        0.00          0.04  -0.04      T
  MONTH TO DATE    1.10          0.97   0.13     0.12
  SINCE OCT 1      2.56          2.95  -0.39     0.47
  SINCE JAN 1     15.60         10.40   5.20     4.58

DEGREE DAYS
 HEATING
  YESTERDAY       30            37     -7       20
  MONTH TO DATE  546           834   -288      935
  SINCE DEC 1    546           834   -288      935
  SINCE JUL 1   1738          2272   -534     2291

 COOLING
  YESTERDAY        0             0      0        0
  MONTH TO DATE    0             0      0        0
  SINCE DEC 1      0             0      0        0
  SINCE JAN 1    851           680    171     1138
......................................................


WIND (MPH)
  HIGHEST WIND SPEED    15   HIGHEST WIND DIRECTION    SW (220)
  HIGHEST GUST SPEED    19   HIGHEST GUST DIRECTION    SW (220)
  AVERAGE WIND SPEED     7.1


SKY COVER
  AVERAGE SKY COVER 0.2


WEATHER CONDITIONS
 THE FOLLOWING WEATHER WAS RECORDED YESTERDAY.
  NO SIGNIFICANT WEATHER WAS OBSERVED.


RELATIVE HUMIDITY (PERCENT)
 HIGHEST    78           700 PM
 LOWEST     48          1200 PM
 AVERAGE    63

..........................................................




SUNRISE AND SUNSET
DECEMBER 24 2014......SUNRISE   806 AM MST   SUNSET   510 PM MST
DECEMBER 25 2014......SUNRISE   806 AM MST   SUNSET   510 PM MST


-  INDICATES NEGATIVE NUMBERS.
R  INDICATES RECORD WAS SET OR TIED.
MM INDICATES DATA IS MISSING.
T  INDICATES TRACE AMOUNT.




$$
