000
CDUS45 KBOI 280934
CLITWF


CLIMATE REPORT
NATIONAL WEATHER SERVICE BOISE ID
333 AM MDT SAT MAR 28 2015


...................................

...THE TWIN FALLS ID CLIMATE SUMMARY FOR MARCH 27 2015...

CLIMATE NORMAL PERIOD 1981 TO 2010
CLIMATE RECORD PERIOD 9999 TO 9999


WEATHER ITEM   OBSERVED TIME   NORMAL DEPARTURE LAST
                VALUE   (LST)  VALUE  FROM      YEAR
                                      NORMAL
......................................................
TEMPERATURE (F)
 YESTERDAY
  MAXIMUM         75    430 PM  56     19       50
  MINIMUM         37    644 AM  33      4       34
  AVERAGE         56

PRECIPITATION (IN)
  YESTERDAY        0.00          0.04  -0.04     0.17
  MONTH TO DATE    0.23          0.86  -0.63     1.19
  SINCE OCT 1      4.62          5.90  -1.28     3.90
  SINCE JAN 1      1.62          2.65  -1.03     3.43

DEGREE DAYS
 HEATING
  YESTERDAY        9            21    -12       23
  MONTH TO DATE  446           641   -195      520
  SINCE MAR 1    446           641   -195      520
  SINCE JUL 1   4139          5208  -1069     4773

 COOLING
  YESTERDAY        0             0      0        0
  MONTH TO DATE    0             0      0        0
  SINCE MAR 1      0             0      0        0
  SINCE JAN 1      0             0      0        0
......................................................


WIND (MPH)
  HIGHEST WIND SPEED    16   HIGHEST WIND DIRECTION     S (180)
  HIGHEST GUST SPEED    19   HIGHEST GUST DIRECTION     S (190)
  AVERAGE WIND SPEED     6.6


SKY COVER
  AVERAGE SKY COVER 0.0


WEATHER CONDITIONS
 THE FOLLOWING WEATHER WAS RECORDED YESTERDAY.
  NO SIGNIFICANT WEATHER WAS OBSERVED.


RELATIVE HUMIDITY (PERCENT)
 HIGHEST    76           300 AM
 LOWEST     25           400 PM
 AVERAGE    51

..........................................................




SUNRISE AND SUNSET
MARCH 28 2015.........SUNRISE   728 AM MDT   SUNSET   759 PM MDT
MARCH 29 2015.........SUNRISE   726 AM MDT   SUNSET   800 PM MDT


-  INDICATES NEGATIVE NUMBERS.
R  INDICATES RECORD WAS SET OR TIED.
MM INDICATES DATA IS MISSING.
T  INDICATES TRACE AMOUNT.




$$
