000
CDUS44 KSHV 310734
CLITXK


CLIMATE REPORT
NATIONAL WEATHER SERVICE SHREVEPORT, LA
233 AM CDT THU JUL 31 2014


...................................

...THE TEXARKANA CLIMATE SUMMARY FOR JULY 30 2014...

CLIMATE NORMAL PERIOD 1981 TO 2010
CLIMATE RECORD PERIOD 1896 TO 2014


WEATHER ITEM   OBSERVED TIME   RECORD YEAR NORMAL DEPARTURE LAST
                VALUE   (LST)  VALUE       VALUE  FROM      YEAR
                                                  NORMAL
..................................................................
TEMPERATURE (F)
 YESTERDAY
  MAXIMUM         79   1216 PM 106    1930  94    -15       93
  MINIMUM         69   1159 PM  62    1965  72     -3       76
  AVERAGE         74                        83     -9       85

PRECIPITATION (IN)
  YESTERDAY        0.06          1.33 1966   0.10  -0.04     0.00
  MONTH TO DATE    2.32                      3.34  -1.02     2.81
  SINCE DEC 1     27.65                     33.46  -5.81    23.68
  SINCE JAN 1     21.82                     28.41  -6.59    19.22

SNOWFALL (IN)
  YESTERDAY        0.0
  MONTH TO DATE    0.0
  SINCE JUN 1      0.0
  SINCE JUL 1      0.0
  SNOW DEPTH       0

DEGREE DAYS
 HEATING
  YESTERDAY        0                         0      0        0
  MONTH TO DATE    0                         0      0        0
  SINCE JUN 1      0                         0      0        0
  SINCE JUL 1      0                         0      0        0

 COOLING
  YESTERDAY        9                        18     -9       20
  MONTH TO DATE  415                       518   -103      478
  SINCE JUN 1    844                       923    -79      929
  SINCE JAN 1   1138                      1243   -105     1227
..................................................................


WIND (MPH)
  HIGHEST WIND SPEED    10   HIGHEST WIND DIRECTION     S (160)
  HIGHEST GUST SPEED    16   HIGHEST GUST DIRECTION     S (180)
  AVERAGE WIND SPEED     5.5


SKY COVER
  POSSIBLE SUNSHINE  MM
  AVERAGE SKY COVER 0.4


WEATHER CONDITIONS
 THE FOLLOWING WEATHER WAS RECORDED YESTERDAY.
  LIGHT RAIN
  FOG


RELATIVE HUMIDITY (PERCENT)
 HIGHEST   100           700 PM
 LOWEST     58          1200 PM
 AVERAGE    79

..........................................................


THE TEXARKANA CLIMATE NORMALS FOR TODAY
                         NORMAL    RECORD    YEAR
 MAXIMUM TEMPERATURE (F)   94       106      1986
 MINIMUM TEMPERATURE (F)   72        60      1965


SUNRISE AND SUNSET
JULY 31 2014..........SUNRISE   628 AM CDT   SUNSET   816 PM CDT
AUGUST  1 2014........SUNRISE   629 AM CDT   SUNSET   816 PM CDT


-  INDICATES NEGATIVE NUMBERS.
R  INDICATES RECORD WAS SET OR TIED.
MM INDICATES DATA IS MISSING.
T  INDICATES TRACE AMOUNT.




$$
