000
CDUS44 KSHV 230740
CLITXK


CLIMATE REPORT
NATIONAL WEATHER SERVICE SHREVEPORT, LA
240 AM CDT WED JUL 23 2014


...................................

...THE TEXARKANA CLIMATE SUMMARY FOR JULY 22 2014...

CLIMATE NORMAL PERIOD 1981 TO 2010
CLIMATE RECORD PERIOD 1896 TO 2014


WEATHER ITEM   OBSERVED TIME   RECORD YEAR NORMAL DEPARTURE LAST
                VALUE   (LST)  VALUE       VALUE  FROM      YEAR
                                                  NORMAL
..................................................................
TEMPERATURE (F)
 YESTERDAY
  MAXIMUM         90    404 PM 110    1939  94     -4       97
  MINIMUM         68    612 AM  58    1970  72     -4       76
  AVERAGE         79                        83     -4       87

PRECIPITATION (IN)
  YESTERDAY        0.00          2.44 1985   0.09  -0.09     0.00
  MONTH TO DATE    1.64                      2.59  -0.95     0.60
  SINCE DEC 1     26.97                     32.71  -5.74    21.47
  SINCE JAN 1     21.14                     27.66  -6.52    17.01

SNOWFALL (IN)
  YESTERDAY        0.0
  MONTH TO DATE    0.0
  SINCE JUN 1      0.0
  SINCE JUL 1      0.0
  SNOW DEPTH       0

DEGREE DAYS
 HEATING
  YESTERDAY        0                         0      0        0
  MONTH TO DATE    0                         0      0        0
  SINCE JUN 1      0                         0      0        0
  SINCE JUL 1      0                         0      0        0

 COOLING
  YESTERDAY       14                        18     -4       22
  MONTH TO DATE  295                       374    -79      360
  SINCE JUN 1    724                       779    -55      811
  SINCE JAN 1   1018                      1099    -81     1109
..................................................................


WIND (MPH)
  HIGHEST WIND SPEED     9   HIGHEST WIND DIRECTION    NE (60)
  HIGHEST GUST SPEED    12   HIGHEST GUST DIRECTION    NE (60)
  AVERAGE WIND SPEED     2.5


SKY COVER
  POSSIBLE SUNSHINE  MM
  AVERAGE SKY COVER 0.1


WEATHER CONDITIONS
 THE FOLLOWING WEATHER WAS RECORDED YESTERDAY.
  FOG


RELATIVE HUMIDITY (PERCENT)
 HIGHEST   100          1200 AM
 LOWEST     47           400 PM
 AVERAGE    74

..........................................................


THE TEXARKANA CLIMATE NORMALS FOR TODAY
                         NORMAL    RECORD    YEAR
 MAXIMUM TEMPERATURE (F)   94       107      1934
 MINIMUM TEMPERATURE (F)   72        57      1915


SUNRISE AND SUNSET
JULY 23 2014..........SUNRISE   622 AM CDT   SUNSET   822 PM CDT
JULY 24 2014..........SUNRISE   623 AM CDT   SUNSET   822 PM CDT


-  INDICATES NEGATIVE NUMBERS.
R  INDICATES RECORD WAS SET OR TIED.
MM INDICATES DATA IS MISSING.
T  INDICATES TRACE AMOUNT.




$$
