000
CDUS44 KSHV 232135
CLITXK


CLIMATE REPORT
NATIONAL WEATHER SERVICE SHREVEPORT, LA
434 PM CDT FRI JUN 23 2017


...................................

...THE TEXARKANA CLIMATE SUMMARY FOR JUNE 23 2017...
VALID TODAY AS OF 0400 PM LOCAL TIME.

CLIMATE NORMAL PERIOD 1981 TO 2010
CLIMATE RECORD PERIOD 1896 TO 2017


WEATHER ITEM   OBSERVED TIME   RECORD YEAR NORMAL DEPARTURE LAST
                VALUE   (LST)  VALUE       VALUE  FROM      YEAR
                                                  NORMAL
..................................................................
TEMPERATURE (F)
 TODAY
  MAXIMUM         92    208 PM 102    1936  90      2       94
  MINIMUM         75    259 AM  58    1935  70      5       76
  AVERAGE         84                        80      4       85

PRECIPITATION (IN)
  TODAY            0.00          1.58 1987   0.16  -0.16     0.00
  MONTH TO DATE    1.89                      3.42  -1.53     3.07
  SINCE DEC 1     28.87                     29.09  -0.22    36.27
  SINCE JAN 1     22.45                     24.04  -1.59    30.29

DEGREE DAYS
 HEATING
  TODAY            0                         0      0        0
  MONTH TO DATE    0                         0      0        0
  SINCE JUN 1      0                         0      0        0
  SINCE JUL 1   1707                      2616   -909     1908

 COOLING
  TODAY           19                        15      4       20
  MONTH TO DATE  294                       298     -4      356
  SINCE JUN 1    294                       298     -4      356
  SINCE JAN 1    654                       618     36      646
..................................................................


WIND (MPH)
  HIGHEST WIND SPEED    17   HIGHEST WIND DIRECTION     W (250)
  HIGHEST GUST SPEED    21   HIGHEST GUST DIRECTION    SW (240)
  AVERAGE WIND SPEED     8.8


SKY COVER
  POSSIBLE SUNSHINE  MM
  AVERAGE SKY COVER 0.5


WEATHER CONDITIONS
 THE FOLLOWING WEATHER WAS RECORDED TODAY.
  NO SIGNIFICANT WEATHER WAS OBSERVED.


RELATIVE HUMIDITY (PERCENT)
 HIGHEST   100           100 AM
 LOWEST     64           200 PM
 AVERAGE    82

..........................................................


THE TEXARKANA CLIMATE NORMALS FOR TOMORROW
                         NORMAL    RECORD    YEAR
 MAXIMUM TEMPERATURE (F)   90       102      1971
 MINIMUM TEMPERATURE (F)   70        60      1974


SUNRISE AND SUNSET
JUNE 23 2017..........SUNRISE   607 AM CDT   SUNSET   829 PM CDT
JUNE 24 2017..........SUNRISE   607 AM CDT   SUNSET   830 PM CDT


-  INDICATES NEGATIVE NUMBERS.
R  INDICATES RECORD WAS SET OR TIED.
MM INDICATES DATA IS MISSING.
T  INDICATES TRACE AMOUNT.




$$
