000
CDUS44 KSHV 210737
CLITXK


CLIMATE REPORT
NATIONAL WEATHER SERVICE SHREVEPORT, LA
233 AM CDT TUE OCT 21 2014


...................................

...THE TEXARKANA CLIMATE SUMMARY FOR OCTOBER 20 2014...

CLIMATE NORMAL PERIOD 1981 TO 2010
CLIMATE RECORD PERIOD 1896 TO 2014


WEATHER ITEM   OBSERVED TIME   RECORD YEAR NORMAL DEPARTURE LAST
                VALUE   (LST)  VALUE       VALUE  FROM      YEAR
                                                  NORMAL
..................................................................
TEMPERATURE (F)
 YESTERDAY
  MAXIMUM         76    347 PM  94    1927  75      1       68
  MINIMUM         48    651 AM  27    1989  52     -4       41
  AVERAGE         62                        63     -1       55

PRECIPITATION (IN)
  YESTERDAY        0.00          2.22 1984   0.18  -0.18     0.00
  MONTH TO DATE    2.45                      3.11  -0.66     2.75
  SINCE DEC 1     35.26                     43.01  -7.75    36.65
  SINCE JAN 1     29.43                     37.96  -8.53    32.19

SNOWFALL (IN)
  YESTERDAY        0.0
  MONTH TO DATE    0.0
  SINCE SEP 1      0.0
  SINCE JUL 1      0.0
  SNOW DEPTH       0

DEGREE DAYS
 HEATING
  YESTERDAY        3                         4     -1       10
  MONTH TO DATE   22                        48    -26       44
  SINCE SEP 1     25                        59    -34       44
  SINCE JUL 1     25                        59    -34       44

 COOLING
  YESTERDAY        0                         2     -2        0
  MONTH TO DATE  107                        76     31       87
  SINCE SEP 1    453                       382     71      524
  SINCE JAN 1   2104                      2170    -66     2339
..................................................................


WIND (MPH)
  HIGHEST WIND SPEED     9   HIGHEST WIND DIRECTION    SW (210)
  HIGHEST GUST SPEED    12   HIGHEST GUST DIRECTION    SW (230)
  AVERAGE WIND SPEED     2.0


SKY COVER
  POSSIBLE SUNSHINE  MM
  AVERAGE SKY COVER 0.1


WEATHER CONDITIONS
 THE FOLLOWING WEATHER WAS RECORDED YESTERDAY.
  FOG


RELATIVE HUMIDITY (PERCENT)
 HIGHEST   100           100 AM
 LOWEST     43           200 PM
 AVERAGE    72

..........................................................


THE TEXARKANA CLIMATE NORMALS FOR TODAY
                         NORMAL    RECORD    YEAR
 MAXIMUM TEMPERATURE (F)   75        97      1927
 MINIMUM TEMPERATURE (F)   52        30      1917


SUNRISE AND SUNSET
OCTOBER 21 2014.......SUNRISE   725 AM CDT   SUNSET   635 PM CDT
OCTOBER 22 2014.......SUNRISE   726 AM CDT   SUNSET   634 PM CDT


-  INDICATES NEGATIVE NUMBERS.
R  INDICATES RECORD WAS SET OR TIED.
MM INDICATES DATA IS MISSING.
T  INDICATES TRACE AMOUNT.




$$
