000
CDUS44 KSHV 230743
CLITXK


CLIMATE REPORT
NATIONAL WEATHER SERVICE SHREVEPORT, LA
241 AM CDT SAT MAY 23 2015


...................................

...THE TEXARKANA CLIMATE SUMMARY FOR MAY 22 2015...

CLIMATE NORMAL PERIOD 1981 TO 2010
CLIMATE RECORD PERIOD 1896 TO 2015


WEATHER ITEM   OBSERVED TIME   RECORD YEAR NORMAL DEPARTURE LAST
                VALUE   (LST)  VALUE       VALUE  FROM      YEAR
                                                  NORMAL
..................................................................
TEMPERATURE (F)
 YESTERDAY
  MAXIMUM         74    358 PM  96    1921  84    -10       85
  MINIMUM         51    556 AM  49    1963  63    -12       67
  AVERAGE         63                        73    -10       76

PRECIPITATION (IN)
  YESTERDAY        0.00          3.13 1963   0.16  -0.16     0.00
  MONTH TO DATE    5.82                      3.76   2.06     3.25
  SINCE DEC 1     33.69                     24.34   9.35    19.43
  SINCE JAN 1     31.01                     19.29  11.72    13.60

SNOWFALL (IN)
  YESTERDAY        0.0
  MONTH TO DATE    0.0
  SINCE MAR 1      1.0
  SINCE JUL 1      5.2
  SNOW DEPTH       0

DEGREE DAYS
 HEATING
  YESTERDAY        2                         0      2        0
  MONTH TO DATE    8                        12     -4       34
  SINCE MAR 1    430                       421      9      572
  SINCE JUL 1   2811                      2615    196     3040

 COOLING
  YESTERDAY        0                         8     -8       11
  MONTH TO DATE  147                       136     11      126
  SINCE MAR 1    244                       229     15      204
  SINCE JAN 1    244                       233     11      204
..................................................................


WIND (MPH)
  HIGHEST WIND SPEED    13   HIGHEST WIND DIRECTION    NE (60)
  HIGHEST GUST SPEED    18   HIGHEST GUST DIRECTION    NE (60)
  AVERAGE WIND SPEED     5.2


SKY COVER
  POSSIBLE SUNSHINE  MM
  AVERAGE SKY COVER 0.2


WEATHER CONDITIONS
 THE FOLLOWING WEATHER WAS RECORDED YESTERDAY.
  NO SIGNIFICANT WEATHER WAS OBSERVED.


RELATIVE HUMIDITY (PERCENT)
 HIGHEST   100           100 AM
 LOWEST     63          1100 AM
 AVERAGE    82

..........................................................


THE TEXARKANA CLIMATE NORMALS FOR TODAY
                         NORMAL    RECORD    YEAR
 MAXIMUM TEMPERATURE (F)   84        94      1921
 MINIMUM TEMPERATURE (F)   63        47      1963


SUNRISE AND SUNSET
MAY 23 2015...........SUNRISE   611 AM CDT   SUNSET   815 PM CDT
MAY 24 2015...........SUNRISE   610 AM CDT   SUNSET   816 PM CDT


-  INDICATES NEGATIVE NUMBERS.
R  INDICATES RECORD WAS SET OR TIED.
MM INDICATES DATA IS MISSING.
T  INDICATES TRACE AMOUNT.




$$
