611
CDUS44 KSHV 250851
CLITXK


CLIMATE REPORT
NATIONAL WEATHER SERVICE SHREVEPORT, LA
251 AM CST SUN FEB 25 2018


...................................

...THE TEXARKANA CLIMATE SUMMARY FOR FEBRUARY 24 2018...

CLIMATE NORMAL PERIOD 1981 TO 2010
CLIMATE RECORD PERIOD 1896 TO 2018


WEATHER ITEM   OBSERVED TIME   RECORD YEAR NORMAL DEPARTURE LAST
                VALUE   (LST)  VALUE       VALUE  FROM      YEAR
                                                  NORMAL
..................................................................
TEMPERATURE (F)
 YESTERDAY
  MAXIMUM         72    123 PM  85    1921  61     11       67
  MINIMUM         52   1159 PM  20    1965  40     12       46
  AVERAGE         62                        51     11       57

PRECIPITATION (IN)
  YESTERDAY        1.32R         1.16 1979   0.15   1.17     0.00
  MONTH TO DATE   12.04                      3.38   8.66     2.56
  SINCE DEC 1     21.02                     11.83   9.19    13.25
  SINCE JAN 1     14.43                      6.78   7.65     6.83

SNOWFALL (IN)
  YESTERDAY        0.0
  MONTH TO DATE    T
  SINCE DEC 1      2.0
  SINCE JUL 1      2.0
  SNOW DEPTH       0

DEGREE DAYS
 HEATING
  YESTERDAY        3                        15    -12        8
  MONTH TO DATE  385                       417    -32      226
  SINCE DEC 1   1726                      1681     45     1171
  SINCE JUL 1   2082                      2139    -57     1405

 COOLING
  YESTERDAY        0                         0      0        0
  MONTH TO DATE   13                         0     13       14
  SINCE DEC 1     15                         4     11       35
  SINCE JAN 1     13                         1     12       28
..................................................................


WIND (MPH)
  HIGHEST WIND SPEED    29   HIGHEST WIND DIRECTION     S (180)
  HIGHEST GUST SPEED    42   HIGHEST GUST DIRECTION     S (180)
  AVERAGE WIND SPEED    10.6


SKY COVER
  POSSIBLE SUNSHINE  MM
  AVERAGE SKY COVER 0.9


WEATHER CONDITIONS
 THE FOLLOWING WEATHER WAS RECORDED YESTERDAY.
  THUNDERSTORM
  HEAVY RAIN
  RAIN
  LIGHT RAIN
  FOG


RELATIVE HUMIDITY (PERCENT)
 HIGHEST   100          1200 AM
 LOWEST     84           100 PM
 AVERAGE    92

..........................................................


THE TEXARKANA CLIMATE NORMALS FOR TODAY
                         NORMAL    RECORD    YEAR
 MAXIMUM TEMPERATURE (F)   62        88      1918
 MINIMUM TEMPERATURE (F)   40        20      1965


SUNRISE AND SUNSET
FEBRUARY 25 2018......SUNRISE   649 AM CST   SUNSET   609 PM CST
FEBRUARY 26 2018......SUNRISE   648 AM CST   SUNSET   610 PM CST


-  INDICATES NEGATIVE NUMBERS.
R  INDICATES RECORD WAS SET OR TIED.
MM INDICATES DATA IS MISSING.
T  INDICATES TRACE AMOUNT.




$$
