000
CDUS44 KSHV 220900
CLITXK


CLIMATE REPORT
NATIONAL WEATHER SERVICE SHREVEPORT, LA
300 AM CST SUN JAN 22 2017


...................................

...THE TEXARKANA CLIMATE SUMMARY FOR JANUARY 21 2017...

CLIMATE NORMAL PERIOD 1981 TO 2010
CLIMATE RECORD PERIOD 1896 TO 2017


WEATHER ITEM   OBSERVED TIME   RECORD YEAR NORMAL DEPARTURE LAST
                VALUE   (LST)  VALUE       VALUE  FROM      YEAR
                                                  NORMAL
..................................................................
TEMPERATURE (F)
 YESTERDAY
  MAXIMUM         68   1224 PM  77    1986  54     14       39
  MINIMUM         53   1135 PM  14    1984  34     19       33
  AVERAGE         61                        44     17       36

PRECIPITATION (IN)
  YESTERDAY        0.24          5.30 1938   0.11   0.13     1.23
  MONTH TO DATE    4.18                      2.29   1.89     1.95
  SINCE DEC 1     10.60                      7.34   3.26     7.93
  SINCE JAN 1      4.18                      2.29   1.89     1.95

SNOWFALL (IN)
  YESTERDAY        0.0
  MONTH TO DATE    0.1
  SINCE DEC 1      0.1
  SINCE JUL 1      0.1
  SNOW DEPTH       0

DEGREE DAYS
 HEATING
  YESTERDAY        4                        21    -17       29
  MONTH TO DATE  296                       454   -158      463
  SINCE DEC 1    801                      1063   -262      840
  SINCE JUL 1   1035                      1521   -486     1124

 COOLING
  YESTERDAY        0                         0      0        0
  MONTH TO DATE   14                         0     14        0
  SINCE DEC 1     21                         3     18       13
  SINCE JAN 1     14                         0     14        0
..................................................................


WIND (MPH)
  HIGHEST WIND SPEED    14   HIGHEST WIND DIRECTION    SW (240)
  HIGHEST GUST SPEED    22   HIGHEST GUST DIRECTION    SE (130)
  AVERAGE WIND SPEED     6.5


SKY COVER
  POSSIBLE SUNSHINE  MM
  AVERAGE SKY COVER 0.4


WEATHER CONDITIONS
 THE FOLLOWING WEATHER WAS RECORDED YESTERDAY.
  THUNDERSTORM
  RAIN
  LIGHT RAIN
  FOG


RELATIVE HUMIDITY (PERCENT)
 HIGHEST   100           600 AM
 LOWEST     78           100 AM
 AVERAGE    89

..........................................................


THE TEXARKANA CLIMATE NORMALS FOR TODAY
                         NORMAL    RECORD    YEAR
 MAXIMUM TEMPERATURE (F)   54        79      1909
 MINIMUM TEMPERATURE (F)   34        -1      1930


SUNRISE AND SUNSET
JANUARY 22 2017.......SUNRISE   718 AM CST   SUNSET   538 PM CST
JANUARY 23 2017.......SUNRISE   717 AM CST   SUNSET   539 PM CST


-  INDICATES NEGATIVE NUMBERS.
R  INDICATES RECORD WAS SET OR TIED.
MM INDICATES DATA IS MISSING.
T  INDICATES TRACE AMOUNT.




$$
