000
CDUS44 KSHV 260752
CLITXK


CLIMATE REPORT
NATIONAL WEATHER SERVICE SHREVEPORT, LA
251 AM CDT SUN MAR 26 2017


...................................

...THE TEXARKANA CLIMATE SUMMARY FOR MARCH 25 2017...

CLIMATE NORMAL PERIOD 1981 TO 2010
CLIMATE RECORD PERIOD 1896 TO 2017


WEATHER ITEM   OBSERVED TIME   RECORD YEAR NORMAL DEPARTURE LAST
                VALUE   (LST)  VALUE       VALUE  FROM      YEAR
                                                  NORMAL
..................................................................
TEMPERATURE (F)
 YESTERDAY
  MAXIMUM         71    441 PM  89    1928  70      1       65
  MINIMUM         53   1151 PM  27    1955  47      6       38
  AVERAGE         62                        58      4       52

PRECIPITATION (IN)
  YESTERDAY        T             1.43 1934   0.14  -0.14     0.00
  MONTH TO DATE    2.34                      3.41  -1.07     6.98
  SINCE DEC 1     17.40                     15.85   1.55    19.08
  SINCE JAN 1     10.98                     10.80   0.18    13.10

SNOWFALL (IN)
  YESTERDAY        0.0
  MONTH TO DATE    0.0
  SINCE MAR 1      0.0
  SINCE JUL 1      0.1
  SNOW DEPTH       0

DEGREE DAYS
 HEATING
  YESTERDAY        3                         8     -5       13
  MONTH TO DATE  192                       260    -68      150
  SINCE MAR 1    192                       260    -68      150
  SINCE JUL 1   1643                      2454   -811     1803

 COOLING
  YESTERDAY        0                         1     -1        0
  MONTH TO DATE   36                        13     23       17
  SINCE MAR 1     36                        13     23       17
  SINCE JAN 1     68                        17     51       23
..................................................................


WIND (MPH)
  HIGHEST WIND SPEED    17   HIGHEST WIND DIRECTION     W (280)
  HIGHEST GUST SPEED    23   HIGHEST GUST DIRECTION    SW (210)
  AVERAGE WIND SPEED     8.8


SKY COVER
  POSSIBLE SUNSHINE  MM
  AVERAGE SKY COVER 0.3


WEATHER CONDITIONS
 THE FOLLOWING WEATHER WAS RECORDED YESTERDAY.
  LIGHT RAIN


RELATIVE HUMIDITY (PERCENT)
 HIGHEST   100           100 AM
 LOWEST     49           600 PM
 AVERAGE    75

..........................................................


THE TEXARKANA CLIMATE NORMALS FOR TODAY
                         NORMAL    RECORD    YEAR
 MAXIMUM TEMPERATURE (F)   70        89      1902
 MINIMUM TEMPERATURE (F)   47        21      1955


SUNRISE AND SUNSET
MARCH 26 2017.........SUNRISE   711 AM CDT   SUNSET   732 PM CDT
MARCH 27 2017.........SUNRISE   710 AM CDT   SUNSET   733 PM CDT


-  INDICATES NEGATIVE NUMBERS.
R  INDICATES RECORD WAS SET OR TIED.
MM INDICATES DATA IS MISSING.
T  INDICATES TRACE AMOUNT.




$$
