000
CDUS44 KSHV 100914
CLITYR


CLIMATE REPORT
NATIONAL WEATHER SERVICE SHREVEPORT, LA
250 AM CST SAT DEC 10 2016


...................................

...THE TYLER CLIMATE SUMMARY FOR DECEMBER 9 2016...

CLIMATE NORMAL PERIOD 1981 TO 2010
CLIMATE RECORD PERIOD 1896 TO 2016


WEATHER ITEM   OBSERVED TIME   RECORD YEAR NORMAL DEPARTURE LAST
                VALUE   (LST)  VALUE       VALUE  FROM      YEAR
                                                  NORMAL
..................................................................
TEMPERATURE (F)
 YESTERDAY
  MAXIMUM         43    423 PM  79    1977  58    -15       72
  MINIMUM         27    731 AM  16    1917  40    -13       49
  AVERAGE         35                        49    -14       61

PRECIPITATION (IN)
  YESTERDAY        0.00          1.59 1961   0.13  -0.13     0.00
  MONTH TO DATE    1.74                      1.16   0.58     0.00
  SINCE DEC 1      1.74                      1.16   0.58     0.00
  SINCE JAN 1     35.76                     42.71  -6.95    58.28

SNOWFALL (IN)
  YESTERDAY        0.0
  MONTH TO DATE    0.0
  SINCE DEC 1      0.0
  SINCE JUL 1      0.0
  SNOW DEPTH       0

DEGREE DAYS
 HEATING
  YESTERDAY       30                        16     14        4
  MONTH TO DATE  161                       140     21      119
  SINCE DEC 1    161                       140     21      119
  SINCE JUL 1    292                       514   -222      312

 COOLING
  YESTERDAY        0                         0      0        0
  MONTH TO DATE    0                         0      0        0
  SINCE DEC 1      0                         0      0        0
  SINCE JAN 1   3093                      2411    682     2983
..................................................................


WIND (MPH)
  HIGHEST WIND SPEED    12   HIGHEST WIND DIRECTION    NE (50)
  HIGHEST GUST SPEED    15   HIGHEST GUST DIRECTION     E (70)
  AVERAGE WIND SPEED     4.8


SKY COVER
  POSSIBLE SUNSHINE  MM
  AVERAGE SKY COVER 0.3


WEATHER CONDITIONS
 THE FOLLOWING WEATHER WAS RECORDED YESTERDAY.
  HAZE


RELATIVE HUMIDITY (PERCENT)
 HIGHEST    75           800 PM
 LOWEST     38           200 PM
 AVERAGE    57

..........................................................


THE TYLER CLIMATE NORMALS FOR TODAY
                         NORMAL    RECORD    YEAR
 MAXIMUM TEMPERATURE (F)   58        78      1943
 MINIMUM TEMPERATURE (F)   40        12      1898


SUNRISE AND SUNSET
DECEMBER 10 2016......SUNRISE   712 AM CST   SUNSET   517 PM CST
DECEMBER 11 2016......SUNRISE   713 AM CST   SUNSET   517 PM CST


-  INDICATES NEGATIVE NUMBERS.
R  INDICATES RECORD WAS SET OR TIED.
MM INDICATES DATA IS MISSING.
T  INDICATES TRACE AMOUNT.




$$
