000
CDUS44 KSHV 280731
CLITYR


CLIMATE REPORT
NATIONAL WEATHER SERVICE SHREVEPORT, LA
231 AM CDT SUN MAY 28 2017


...................................

...THE TYLER CLIMATE SUMMARY FOR MAY 27 2017...

CLIMATE NORMAL PERIOD 1981 TO 2010
CLIMATE RECORD PERIOD 1896 TO 2017


WEATHER ITEM   OBSERVED TIME   RECORD YEAR NORMAL DEPARTURE LAST
                VALUE   (LST)  VALUE       VALUE  FROM      YEAR
                                                  NORMAL
..................................................................
TEMPERATURE (F)
 YESTERDAY
  MAXIMUM         90    441 PM  98    1896  85      5       72
  MINIMUM         77    641 AM  42    1961  67     10       66
  AVERAGE         84                        76      8       69

PRECIPITATION (IN)
  YESTERDAY        0.00          1.63 1944   0.18  -0.18     0.59
  MONTH TO DATE    3.87                      4.04  -0.17     2.79
  SINCE DEC 1     18.99                     22.44  -3.45    32.72
  SINCE JAN 1     16.34                     18.20  -1.86    22.95

SNOWFALL (IN)
  YESTERDAY        0.0
  MONTH TO DATE    0.0
  SINCE MAR 1      0.0
  SINCE JUL 1      T
  SNOW DEPTH       0

DEGREE DAYS
 HEATING
  YESTERDAY        0                         0      0        0
  MONTH TO DATE    7                         6      1       12
  SINCE MAR 1    173                       376   -203      158
  SINCE JUL 1   1256                      2268  -1012     1467

 COOLING
  YESTERDAY       19                        11      8        4
  MONTH TO DATE  184                       212    -28      208
  SINCE MAR 1    430                       312    118      385
  SINCE JAN 1    504                       324    180      395
..................................................................


WIND (MPH)
  HIGHEST WIND SPEED    20   HIGHEST WIND DIRECTION     S (190)
  HIGHEST GUST SPEED    25   HIGHEST GUST DIRECTION     S (180)
  AVERAGE WIND SPEED    11.8


SKY COVER
  POSSIBLE SUNSHINE  MM
  AVERAGE SKY COVER 0.7


WEATHER CONDITIONS
 THE FOLLOWING WEATHER WAS RECORDED YESTERDAY.
  FOG
  HAZE


RELATIVE HUMIDITY (PERCENT)
 HIGHEST    94           100 AM
 LOWEST     64           500 PM
 AVERAGE    79

..........................................................


THE TYLER CLIMATE NORMALS FOR TODAY
                         NORMAL    RECORD    YEAR
 MAXIMUM TEMPERATURE (F)   85        99      2011
                                             1926
 MINIMUM TEMPERATURE (F)   67        43      1961


SUNRISE AND SUNSET
MAY 28 2017...........SUNRISE   617 AM CDT   SUNSET   822 PM CDT
MAY 29 2017...........SUNRISE   616 AM CDT   SUNSET   822 PM CDT


-  INDICATES NEGATIVE NUMBERS.
R  INDICATES RECORD WAS SET OR TIED.
MM INDICATES DATA IS MISSING.
T  INDICATES TRACE AMOUNT.




$$
