000
CDUS44 KSHV 280850
CLITYR


CLIMATE REPORT
NATIONAL WEATHER SERVICE SHREVEPORT, LA
249 AM CST TUE FEB 28 2017


...................................

...THE TYLER CLIMATE SUMMARY FOR FEBRUARY 27 2017...

CLIMATE NORMAL PERIOD 1981 TO 2010
CLIMATE RECORD PERIOD 1896 TO 2017


WEATHER ITEM   OBSERVED TIME   RECORD YEAR NORMAL DEPARTURE LAST
                VALUE   (LST)  VALUE       VALUE  FROM      YEAR
                                                  NORMAL
..................................................................
TEMPERATURE (F)
 YESTERDAY
  MAXIMUM         83    315 PM  87    1986  63     20       72
  MINIMUM         63    119 AM  20    2002  43     20       36
  AVERAGE         73                        53     20       54

PRECIPITATION (IN)
  YESTERDAY        0.01          1.89 2001   0.15  -0.14     0.00
  MONTH TO DATE    2.26                      3.65  -1.39     2.77
  SINCE DEC 1     10.45                     10.95  -0.50    13.97
  SINCE JAN 1      7.80                      6.71   1.09     4.20

SNOWFALL (IN)
  YESTERDAY        0.0
  MONTH TO DATE    0.0
  SINCE DEC 1      T
  SINCE JUL 1      T
  SNOW DEPTH       0

DEGREE DAYS
 HEATING
  YESTERDAY        0                        12    -12       11
  MONTH TO DATE  172                       401   -229      282
  SINCE DEC 1    952                      1505   -553     1111
  SINCE JUL 1   1083                      1879   -796     1304

 COOLING
  YESTERDAY        8                         0      8        0
  MONTH TO DATE   44                         0     44        8
  SINCE DEC 1     85                        10     75       37
  SINCE JAN 1     63                         4     59       10
..................................................................


WIND (MPH)
  HIGHEST WIND SPEED    21   HIGHEST WIND DIRECTION     S (170)
  HIGHEST GUST SPEED    25   HIGHEST GUST DIRECTION     S (170)
  AVERAGE WIND SPEED    10.4


SKY COVER
  POSSIBLE SUNSHINE  MM
  AVERAGE SKY COVER 0.8


WEATHER CONDITIONS
 THE FOLLOWING WEATHER WAS RECORDED YESTERDAY.
  LIGHT RAIN
  FOG


RELATIVE HUMIDITY (PERCENT)
 HIGHEST    93           400 AM
 LOWEST     51           200 PM
 AVERAGE    72

..........................................................


THE TYLER CLIMATE NORMALS FOR TODAY
                         NORMAL    RECORD    YEAR
 MAXIMUM TEMPERATURE (F)   64        84      1950
 MINIMUM TEMPERATURE (F)   44        24      1962


SUNRISE AND SUNSET
FEBRUARY 28 2017......SUNRISE   650 AM CST   SUNSET   619 PM CST
MARCH  1 2017.........SUNRISE   649 AM CST   SUNSET   619 PM CST


-  INDICATES NEGATIVE NUMBERS.
R  INDICATES RECORD WAS SET OR TIED.
MM INDICATES DATA IS MISSING.
T  INDICATES TRACE AMOUNT.




$$
