000
CDUS44 KSHV 250851
CLITYR


CLIMATE REPORT
NATIONAL WEATHER SERVICE SHREVEPORT, LA
251 AM CST SUN FEB 25 2018


...................................

...THE TYLER CLIMATE SUMMARY FOR FEBRUARY 24 2018...

CLIMATE NORMAL PERIOD 1981 TO 2010
CLIMATE RECORD PERIOD 1896 TO 2018


WEATHER ITEM   OBSERVED TIME   RECORD YEAR NORMAL DEPARTURE LAST
                VALUE   (LST)  VALUE       VALUE  FROM      YEAR
                                                  NORMAL
..................................................................
TEMPERATURE (F)
 YESTERDAY
  MAXIMUM         74    137 PM  85    1918  63     11       66
  MINIMUM         54   1159 PM  19    1965  43     11       50
  AVERAGE         64                        53     11       58

PRECIPITATION (IN)
  YESTERDAY        0.24          1.80 1902   0.13   0.11     0.00
  MONTH TO DATE    7.22                      3.21   4.01     2.25
  SINCE DEC 1     13.78                     10.51   3.27    10.44
  SINCE JAN 1      8.49                      6.27   2.22     7.79

SNOWFALL (IN)
  YESTERDAY        0.0
  MONTH TO DATE    0.2
  SINCE DEC 1      1.5
  SINCE JUL 1      1.5
  SNOW DEPTH       0

DEGREE DAYS
 HEATING
  YESTERDAY        1                        13    -12        7
  MONTH TO DATE  340                       364    -24      143
  SINCE DEC 1   1508                      1468     40      923
  SINCE JUL 1   1780                      1842    -62     1054

 COOLING
  YESTERDAY        0                         0      0        0
  MONTH TO DATE   16                         0     16       36
  SINCE DEC 1     25                        10     15       77
  SINCE JAN 1     19                         4     15       55
..................................................................


WIND (MPH)
  HIGHEST WIND SPEED    29   HIGHEST WIND DIRECTION     S (190)
  HIGHEST GUST SPEED    40   HIGHEST GUST DIRECTION     S (170)
  AVERAGE WIND SPEED    10.7


SKY COVER
  POSSIBLE SUNSHINE  MM
  AVERAGE SKY COVER 1.0


WEATHER CONDITIONS
 THE FOLLOWING WEATHER WAS RECORDED YESTERDAY.
  THUNDERSTORM
  HEAVY RAIN
  RAIN
  LIGHT RAIN
  FOG


RELATIVE HUMIDITY (PERCENT)
 HIGHEST   100           100 AM
 LOWEST     84           100 PM
 AVERAGE    92

..........................................................


THE TYLER CLIMATE NORMALS FOR TODAY
                         NORMAL    RECORD    YEAR
 MAXIMUM TEMPERATURE (F)   63        89      1918
 MINIMUM TEMPERATURE (F)   43        18      1960


SUNRISE AND SUNSET
FEBRUARY 25 2018......SUNRISE   654 AM CST   SUNSET   616 PM CST
FEBRUARY 26 2018......SUNRISE   652 AM CST   SUNSET   617 PM CST


-  INDICATES NEGATIVE NUMBERS.
R  INDICATES RECORD WAS SET OR TIED.
MM INDICATES DATA IS MISSING.
T  INDICATES TRACE AMOUNT.




$$
