000
CDUS44 KSHV 130846
CLITYR


CLIMATE REPORT
NATIONAL WEATHER SERVICE SHREVEPORT, LA
238 AM CST SAT FEB 13 2016


...................................

...THE TYLER CLIMATE SUMMARY FOR FEBRUARY 12 2016...

CLIMATE NORMAL PERIOD 1981 TO 2010
CLIMATE RECORD PERIOD 1896 TO 2016


WEATHER ITEM   OBSERVED TIME   RECORD YEAR NORMAL DEPARTURE LAST
                VALUE   (LST)  VALUE       VALUE  FROM      YEAR
                                                  NORMAL
..................................................................
TEMPERATURE (F)
 YESTERDAY
  MAXIMUM         73    402 PM  80    1909  60     13       60
  MINIMUM         44    739 AM  -8    1899  40      4       40
  AVERAGE         59                        50      9       50

PRECIPITATION (IN)
  YESTERDAY        0.00          2.14 1977   0.15  -0.15     0.00
  MONTH TO DATE    0.04                      1.56  -1.52     0.25
  SINCE DEC 1     11.24                      8.86   2.38     5.83
  SINCE JAN 1      1.47                      4.62  -3.15     4.36

SNOWFALL (IN)
  YESTERDAY        0.0
  MONTH TO DATE    0.0
  SINCE DEC 1      0.0
  SINCE JUL 1      0.0
  SNOW DEPTH       0

DEGREE DAYS
 HEATING
  YESTERDAY        6                        15     -9       15
  MONTH TO DATE  163                       197    -34      167
  SINCE DEC 1    992                      1301   -309     1168
  SINCE JUL 1   1185                      1675   -490     1549

 COOLING
  YESTERDAY        0                         0      0        0
  MONTH TO DATE    0                         0      0        0
  SINCE DEC 1     29                        10     19        3
  SINCE JAN 1      2                         4     -2        0
..................................................................


WIND (MPH)
  HIGHEST WIND SPEED    14   HIGHEST WIND DIRECTION    NE (60)
  HIGHEST GUST SPEED    19   HIGHEST GUST DIRECTION     E (70)
  AVERAGE WIND SPEED     5.1


SKY COVER
  POSSIBLE SUNSHINE  MM
  AVERAGE SKY COVER 0.0


WEATHER CONDITIONS
 THE FOLLOWING WEATHER WAS RECORDED YESTERDAY.
  NO SIGNIFICANT WEATHER WAS OBSERVED.


RELATIVE HUMIDITY (PERCENT)
 HIGHEST    76           400 AM
 LOWEST     25           300 PM
 AVERAGE    51

..........................................................


THE TYLER CLIMATE NORMALS FOR TODAY
                         NORMAL    RECORD    YEAR
 MAXIMUM TEMPERATURE (F)   60        82      1962
 MINIMUM TEMPERATURE (F)   40         2      1899


SUNRISE AND SUNSET
FEBRUARY 13 2016......SUNRISE   707 AM CST   SUNSET   605 PM CST
FEBRUARY 14 2016......SUNRISE   706 AM CST   SUNSET   606 PM CST


-  INDICATES NEGATIVE NUMBERS.
R  INDICATES RECORD WAS SET OR TIED.
MM INDICATES DATA IS MISSING.
T  INDICATES TRACE AMOUNT.




$$
