000
CDUS44 KMRX 231242 RRA
CLITYS

CLIMATE REPORT
NATIONAL WEATHER SERVICE MORRISTOWN TN
842 AM EDT THU OCT 23 2014


...................................

...THE KNOXVILLE CLIMATE SUMMARY FOR OCTOBER 22 2014...

CLIMATE NORMAL PERIOD 1981 TO 2010
CLIMATE RECORD PERIOD 1871 TO 2014


WEATHER ITEM   OBSERVED TIME   RECORD YEAR NORMAL DEPARTURE LAST
                VALUE   (LST)  VALUE       VALUE  FROM      YEAR
                                                  NORMAL
..................................................................
TEMPERATURE (F)
 YESTERDAY
  MAXIMUM         60    433 PM  86    1947  69     -9       68
  MINIMUM         42   1159 PM  25    1987  46     -4       49
  AVERAGE         51                        58     -7       59

PRECIPITATION (IN)
  YESTERDAY        0.00          1.81 1945   0.08  -0.08      T
  MONTH TO DATE    4.98                      1.72   3.26     0.91
  SINCE SEP 1      5.17                      4.96   0.21     5.33
  SINCE JAN 1     34.43                     38.56  -4.13    56.71

SNOWFALL (IN)
  YESTERDAY        0.0                       0.0    0.0      0.0
  MONTH TO DATE    0.0                       0.0    0.0      0.0
  SINCE SEP 1      0.0                       0.0    0.0      0.0
  SINCE JUL 1      0.0                       0.0    0.0      0.0
  SNOW DEPTH       0

DEGREE DAYS
 HEATING
  YESTERDAY       14                         8      6        6
  MONTH TO DATE   98                       112    -14       60
  SINCE SEP 1     99                       135    -36       61
  SINCE JUL 1     99                       135    -36       61

 COOLING
  YESTERDAY        0                         1     -1        0
  MONTH TO DATE   36                        33      3       51
  SINCE SEP 1    287                       239     48      249
  SINCE JAN 1   1486                      1520    -34     1436
..................................................................


WIND (MPH)
  HIGHEST WIND SPEED    22   HIGHEST WIND DIRECTION     N (20)
  HIGHEST GUST SPEED    25   HIGHEST GUST DIRECTION    NE (30)
  AVERAGE WIND SPEED     9.0


SKY COVER
  POSSIBLE SUNSHINE  MM
  AVERAGE SKY COVER  MM


WEATHER CONDITIONS
 THE FOLLOWING WEATHER WAS RECORDED YESTERDAY.
  NO SIGNIFICANT WEATHER WAS OBSERVED.


RELATIVE HUMIDITY (PERCENT)
 HIGHEST    89           500 AM
 LOWEST     46           400 PM
 AVERAGE    68

..........................................................


THE KNOXVILLE CLIMATE NORMALS FOR TODAY
                         NORMAL    RECORD    YEAR
 MAXIMUM TEMPERATURE (F)   69        83      1920
 MINIMUM TEMPERATURE (F)   46        30      1988
                                             1987


SUNRISE AND SUNSET
OCTOBER 23 2014.......SUNRISE   750 AM EDT   SUNSET   650 PM EDT
OCTOBER 24 2014.......SUNRISE   751 AM EDT   SUNSET   649 PM EDT


-  INDICATES NEGATIVE NUMBERS.
R  INDICATES RECORD WAS SET OR TIED.
MM INDICATES DATA IS MISSING.
T  INDICATES TRACE AMOUNT.


&&

THE LOW TEMPERATURE SINCE MIDNIGHT HAS BEEN 40.
THERE HAS BEEN NO PRECIPITATION SINCE MIDNIGHT.


$$
