000
CDUS44 KMRX 030909 RRA
CLITYS

CLIMATE REPORT
NATIONAL WEATHER SERVICE MORRISTOWN TN
409 AM EST TUE MAR 3 2015


...................................

...THE KNOXVILLE CLIMATE SUMMARY FOR MARCH 2 2015...

CLIMATE NORMAL PERIOD 1981 TO 2010
CLIMATE RECORD PERIOD 1871 TO 2015


WEATHER ITEM   OBSERVED TIME   RECORD YEAR NORMAL DEPARTURE LAST
                VALUE   (LST)  VALUE       VALUE  FROM      YEAR
                                                  NORMAL
..................................................................
TEMPERATURE (F)
 YESTERDAY
  MAXIMUM         46    515 PM  79    1976  57    -11       69
  MINIMUM         40   1051 PM  10    1980  36      4       47
  AVERAGE         43                        46     -3       58

PRECIPITATION (IN)
  YESTERDAY        0.16          2.78 1934   0.15   0.01      T
  MONTH TO DATE    0.19                      0.29  -0.10     0.02
  SINCE MAR 1      0.19                      0.29  -0.10     0.02
  SINCE JAN 1      7.33                      8.87  -1.54     8.09

SNOWFALL (IN)
  YESTERDAY        0.0                       0.1   -0.1      0.0
  MONTH TO DATE    0.0                       0.1   -0.1      0.0
  SINCE MAR 1      0.0                       0.1   -0.1      0.0
  SINCE JUL 1      9.3                       5.2    4.1     11.9
  SNOW DEPTH       0

DEGREE DAYS
 HEATING
  YESTERDAY       22                        19      3        7
  MONTH TO DATE   47                        38      9       24
  SINCE MAR 1     47                        38      9       24
  SINCE JUL 1   3312                      2934    378     3071

 COOLING
  YESTERDAY        0                         0      0        0
  MONTH TO DATE    0                         0      0        0
  SINCE MAR 1      0                         0      0        0
  SINCE JAN 1      0                         0      0        0
..................................................................


WIND (MPH)
  HIGHEST WIND SPEED    16   HIGHEST WIND DIRECTION     N (20)
  HIGHEST GUST SPEED    19   HIGHEST GUST DIRECTION     N (20)
  AVERAGE WIND SPEED     8.0


SKY COVER
  POSSIBLE SUNSHINE  MM
  AVERAGE SKY COVER 1.0


WEATHER CONDITIONS
 THE FOLLOWING WEATHER WAS RECORDED YESTERDAY.
  HEAVY RAIN
  RAIN
  LIGHT RAIN
  FOG
  HAZE


RELATIVE HUMIDITY (PERCENT)
 HIGHEST   100          1200 AM
 LOWEST     70           100 PM
 AVERAGE    85

..........................................................


THE KNOXVILLE    ASOS CLIMATE NORMALS FOR TODAY
                         NORMAL    RECORD    YEAR
 MAXIMUM TEMPERATURE (F)   57        76      1992
                                             1976
                                             1955
 MINIMUM TEMPERATURE (F)   36         1      1980


SUNRISE AND SUNSET
MARCH  3 2015.........SUNRISE   704 AM EST   SUNSET   633 PM EST
MARCH  4 2015.........SUNRISE   702 AM EST   SUNSET   634 PM EST


-  INDICATES NEGATIVE NUMBERS.
R  INDICATES RECORD WAS SET OR TIED.
MM INDICATES DATA IS MISSING.
T  INDICATES TRACE AMOUNT.




$$
