000
CDUS44 KMRX 161250 RRA
CLITYS

CLIMATE REPORT
NATIONAL WEATHER SERVICE MORRISTOWN TN
850 AM EDT WED APR 16 2014


...................................

...THE KNOXVILLE CLIMATE SUMMARY FOR APRIL 15 2014...

CLIMATE NORMAL PERIOD 1981 TO 2010
CLIMATE RECORD PERIOD 1871 TO 2014


WEATHER ITEM   OBSERVED TIME   RECORD YEAR NORMAL DEPARTURE LAST
                VALUE   (LST)  VALUE       VALUE  FROM      YEAR
                                                  NORMAL
..................................................................
TEMPERATURE (F)
 YESTERDAY
  MAXIMUM         65   1211 AM  87    1936  70     -5       79
  MINIMUM         35   1159 PM  26    1907  47    -12       53
  AVERAGE         50                        59     -9       66

PRECIPITATION (IN)
  YESTERDAY        0.20          3.32 1874   0.13   0.07     0.00
  MONTH TO DATE    2.57                      1.99   0.58     2.05
  SINCE MAR 1      4.99                      6.33  -1.34     7.54
  SINCE JAN 1     13.06                     14.91  -1.85    22.63

SNOWFALL (IN)
  YESTERDAY        T                         0.0    0.0      0.0
  MONTH TO DATE    T                         0.4   -0.4      0.0
  SINCE MAR 1      0.5                       1.3   -0.8      1.2
  SINCE JUL 1     12.4                       6.4    6.0      3.8
  SNOW DEPTH       0

DEGREE DAYS
 HEATING
  YESTERDAY       15                         7      8        0
  MONTH TO DATE   80                       137    -57      124
  SINCE MAR 1    613                       598     15      767
  SINCE JUL 1   3660                      3494    166     3459

 COOLING
  YESTERDAY        0                         1     -1        1
  MONTH TO DATE   14                        13      1       15
  SINCE MAR 1     14                        18     -4       17
  SINCE JAN 1     14                        18     -4       19
..................................................................


WIND (MPH)
  HIGHEST WIND SPEED    20   HIGHEST WIND DIRECTION     N (360)
  HIGHEST GUST SPEED    25   HIGHEST GUST DIRECTION     N (20)
  AVERAGE WIND SPEED    11.7


SKY COVER
  POSSIBLE SUNSHINE  MM
  AVERAGE SKY COVER  MM


WEATHER CONDITIONS
 THE FOLLOWING WEATHER WAS RECORDED YESTERDAY.
  RAIN
  LIGHT RAIN
  SNOW
  LIGHT SNOW
  SLEET
  FOG


RELATIVE HUMIDITY (PERCENT)
 HIGHEST    97           200 AM
 LOWEST     54           900 PM
 AVERAGE    76

..........................................................


THE KNOXVILLE CLIMATE NORMALS FOR TODAY
                         NORMAL    RECORD    YEAR
 MAXIMUM TEMPERATURE (F)   71        87      1896
 MINIMUM TEMPERATURE (F)   47        29      1950


SUNRISE AND SUNSET
APRIL 16 2014.........SUNRISE   702 AM EDT   SUNSET   810 PM EDT
APRIL 17 2014.........SUNRISE   700 AM EDT   SUNSET   811 PM EDT


-  INDICATES NEGATIVE NUMBERS.
R  INDICATES RECORD WAS SET OR TIED.
MM INDICATES DATA IS MISSING.
T  INDICATES TRACE AMOUNT.

&&

THIS MORNINGS LOW WAS 30. THERE HAS BEEN NO
PRECIPITATION SINCE MIDNIGHT.


$$
