000
CDUS44 KMRX 260839
CLITYS


CLIMATE REPORT
NATIONAL WEATHER SERVICE MORRISTOWN TN
339 AM EST SUN FEB 26 2017


...................................

...THE KNOXVILLE    ASOS CLIMATE SUMMARY FOR FEBRUARY 25 2017...

CLIMATE NORMAL PERIOD 1981 TO 2010
CLIMATE RECORD PERIOD 1871 TO 2017


WEATHER ITEM   OBSERVED TIME   RECORD YEAR NORMAL DEPARTURE LAST
                VALUE   (LST)  VALUE       VALUE  FROM      YEAR
                                                  NORMAL
..................................................................
TEMPERATURE (F)
 YESTERDAY
  MAXIMUM         70    128 AM  76    1918  55     15       41
                                      1890
  MINIMUM         38   1155 PM   5    1967  35      3       35
  AVERAGE         54                        45      9       38

PRECIPITATION (IN)
  YESTERDAY        0.22          1.93 1934   0.15   0.07     0.06
  MONTH TO DATE    2.05                      3.81  -1.76     7.12
  SINCE DEC 1     12.38                     12.63  -0.25    17.72
  SINCE JAN 1      5.42                      8.13  -2.71     9.88

SNOWFALL (IN)
  YESTERDAY       MM                         0.1   MM        0.1
  MONTH TO DATE    T                         1.5   -1.5      2.6
  SINCE DEC 1      2.3                       5.0   -2.7      5.2
  SINCE JUL 1      2.3                       5.0   -2.7      5.2
  SNOW DEPTH       0

DEGREE DAYS
 HEATING
  YESTERDAY       11                        20     -9       27
  MONTH TO DATE  369                       576   -207      575
  SINCE DEC 1   1594                      2157   -563     1851
  SINCE JUL 1   1998                      2838   -840     2361

 COOLING
  YESTERDAY        0                         0      0        0
  MONTH TO DATE    0                         0      0        0
  SINCE DEC 1      0                         0      0        5
  SINCE JAN 1      0                         0      0        0
..................................................................


WIND (MPH)
  HIGHEST WIND SPEED    39   HIGHEST WIND DIRECTION     W (260)
  HIGHEST GUST SPEED    53   HIGHEST GUST DIRECTION     W (270)
  AVERAGE WIND SPEED    13.1


SKY COVER
  POSSIBLE SUNSHINE  MM
  AVERAGE SKY COVER 0.4


WEATHER CONDITIONS
 THE FOLLOWING WEATHER WAS RECORDED YESTERDAY.
  THUNDERSTORM
  LIGHT RAIN
  FOG


RELATIVE HUMIDITY (PERCENT)
 HIGHEST    71           800 AM
 LOWEST     26           600 PM
 AVERAGE    49

..........................................................


THE KNOXVILLE    ASOS CLIMATE NORMALS FOR TODAY
                         NORMAL    RECORD    YEAR
 MAXIMUM TEMPERATURE (F)   56        83      1977
 MINIMUM TEMPERATURE (F)   35        10      1967


SUNRISE AND SUNSET
FEBRUARY 26 2017......SUNRISE   709 AM EST   SUNSET   628 PM EST
FEBRUARY 27 2017......SUNRISE   708 AM EST   SUNSET   629 PM EST


-  INDICATES NEGATIVE NUMBERS.
R  INDICATES RECORD WAS SET OR TIED.
MM INDICATES DATA IS MISSING.
T  INDICATES TRACE AMOUNT.




$$
