000
CDUS44 KMRX 272157
CLITYS


CLIMATE REPORT
NATIONAL WEATHER SERVICE MORRISTOWN TN
557 PM EDT THU AUG 27 2015


...................................

...THE KNOXVILLE    ASOS CLIMATE SUMMARY FOR AUGUST 27 2015...
VALID TODAY AS OF 0500 PM LOCAL TIME.

CLIMATE NORMAL PERIOD 1981 TO 2010
CLIMATE RECORD PERIOD 1871 TO 2015


WEATHER ITEM   OBSERVED TIME   RECORD YEAR NORMAL DEPARTURE LAST
                VALUE   (LST)  VALUE       VALUE  FROM      YEAR
                                                  NORMAL
..................................................................
TEMPERATURE (F)
 TODAY
  MAXIMUM         85    359 PM 101    1943  87     -2       88
  MINIMUM         62    652 AM  50    1879  67     -5       63
  AVERAGE         74                        77     -3       76

PRECIPITATION (IN)
  TODAY            0.00          2.79 2009   0.08  -0.08     0.00
  MONTH TO DATE    3.66                      2.92   0.74     3.31
  SINCE JUN 1     15.44                     11.81   3.63    12.53
  SINCE JAN 1     32.92                     33.25  -0.33    28.56

SNOWFALL (IN)
  TODAY            0.0                       0.0    0.0      0.0
  MONTH TO DATE    0.0                       0.0    0.0      0.0
  SINCE JUN 1      0.0                       0.0    0.0      0.0
  SINCE JUL 1      0.0                       0.0    0.0      0.0
  SNOW DEPTH       0

DEGREE DAYS
 HEATING
  TODAY            0                         0      0        0
  MONTH TO DATE    0                         0      0        0
  SINCE JUN 1      0                         4     -4        0
  SINCE JUL 1      0                         0      0        0

 COOLING
  TODAY            9                        12     -3       11
  MONTH TO DATE  320                       346    -26      294
  SINCE JUN 1   1143                      1068     75      941
  SINCE JAN 1   1377                      1230    147     1146
..................................................................


WIND (MPH)
  HIGHEST WIND SPEED    12   HIGHEST WIND DIRECTION    NE (60)
  HIGHEST GUST SPEED    12   HIGHEST GUST DIRECTION    NE (60)
  AVERAGE WIND SPEED     8.9


SKY COVER
  POSSIBLE SUNSHINE  MM
  AVERAGE SKY COVER 0.4


WEATHER CONDITIONS
 THE FOLLOWING WEATHER WAS RECORDED TODAY.
  NO SIGNIFICANT WEATHER WAS OBSERVED.


RELATIVE HUMIDITY (PERCENT)
 HIGHEST    84           700 AM
 LOWEST     43           400 PM
 AVERAGE    64

..........................................................


THE KNOXVILLE    ASOS CLIMATE NORMALS FOR TOMORROW
                         NORMAL    RECORD    YEAR
 MAXIMUM TEMPERATURE (F)   87        98      1936
 MINIMUM TEMPERATURE (F)   66        54      1927


SUNRISE AND SUNSET
AUGUST 27 2015........SUNRISE   704 AM EDT   SUNSET   811 PM EDT
AUGUST 28 2015........SUNRISE   705 AM EDT   SUNSET   809 PM EDT


-  INDICATES NEGATIVE NUMBERS.
R  INDICATES RECORD WAS SET OR TIED.
MM INDICATES DATA IS MISSING.
T  INDICATES TRACE AMOUNT.




$$
