000
CDUS44 KMRX 280824
CLITYS


CLIMATE REPORT
NATIONAL WEATHER SERVICE MORRISTOWN TN
424 AM EDT SUN MAY 28 2017


...................................

...THE KNOXVILLE    ASOS CLIMATE SUMMARY FOR MAY 27 2017...

CLIMATE NORMAL PERIOD 1981 TO 2010
CLIMATE RECORD PERIOD 1871 TO 2017


WEATHER ITEM   OBSERVED TIME   RECORD YEAR NORMAL DEPARTURE LAST
                VALUE   (LST)  VALUE       VALUE  FROM      YEAR
                                                  NORMAL
..................................................................
TEMPERATURE (F)
 YESTERDAY
  MAXIMUM         80    550 PM  94    1941  81     -1       84
  MINIMUM         64   1159 PM  39    1961  59      5       63
  AVERAGE         72                        70      2       74

PRECIPITATION (IN)
  YESTERDAY        0.41          1.96 1973   0.14   0.27     1.22
  MONTH TO DATE    4.25                      3.96   0.29     3.98
  SINCE MAR 1     17.59                     12.31   5.28     9.30
  SINCE JAN 1     23.53                     20.89   2.64    19.18

SNOWFALL (IN)
  YESTERDAY        0.0                       0.0    0.0      0.0
  MONTH TO DATE    0.0                       0.0    0.0      0.0
  SINCE MAR 1      T                         1.4   -1.4      0.0
  SINCE JUL 1      2.3                       6.5   -4.2      5.2
  SNOW DEPTH       0

DEGREE DAYS
 HEATING
  YESTERDAY        0                         1     -1        0
  MONTH TO DATE   52                        56     -4       52
  SINCE MAR 1    532                       735   -203      522
  SINCE JUL 1   2591                      3631  -1040     2955

 COOLING
  YESTERDAY        7                         6      1        9
  MONTH TO DATE  126                        99     27       95
  SINCE MAR 1    222                       136     86      168
  SINCE JAN 1    222                       136     86      168
..................................................................


WIND (MPH)
  HIGHEST WIND SPEED    45   HIGHEST WIND DIRECTION     W (290)
  HIGHEST GUST SPEED    56   HIGHEST GUST DIRECTION     W (290)
  AVERAGE WIND SPEED     9.4


SKY COVER
  POSSIBLE SUNSHINE  MM
  AVERAGE SKY COVER 0.9


WEATHER CONDITIONS
 THE FOLLOWING WEATHER WAS RECORDED YESTERDAY.
  THUNDERSTORM
  HEAVY RAIN
  RAIN
  LIGHT RAIN
  FOG


RELATIVE HUMIDITY (PERCENT)
 HIGHEST    93          1100 PM
 LOWEST     62          1100 AM
 AVERAGE    78

..........................................................


THE KNOXVILLE    ASOS CLIMATE NORMALS FOR TODAY
                         NORMAL    RECORD    YEAR
 MAXIMUM TEMPERATURE (F)   81        94      1914
 MINIMUM TEMPERATURE (F)   60        41      1961


SUNRISE AND SUNSET
MAY 28 2017...........SUNRISE   622 AM EDT   SUNSET   844 PM EDT
MAY 29 2017...........SUNRISE   622 AM EDT   SUNSET   845 PM EDT


-  INDICATES NEGATIVE NUMBERS.
R  INDICATES RECORD WAS SET OR TIED.
MM INDICATES DATA IS MISSING.
T  INDICATES TRACE AMOUNT.




$$
