000
CDUS44 KMRX 270920
CLITYS

CLIMATE REPORT
NATIONAL WEATHER SERVICE MORRISTOWN TN
420 AM EST SAT DEC 27 2014


...................................

...THE KNOXVILLE CLIMATE SUMMARY FOR DECEMBER 26 2014...

CLIMATE NORMAL PERIOD 1981 TO 2010
CLIMATE RECORD PERIOD 1871 TO 2014


WEATHER ITEM   OBSERVED TIME   RECORD YEAR NORMAL DEPARTURE LAST
                VALUE   (LST)  VALUE       VALUE  FROM      YEAR
                                                  NORMAL
..................................................................
TEMPERATURE (F)
 YESTERDAY
  MAXIMUM         50    304 PM  72    1889  48      2       48
  MINIMUM         27    757 AM   1    1983  30     -3       26
  AVERAGE         39                        39      0       37

PRECIPITATION (IN)
  YESTERDAY        0.00          2.53 1901   0.13  -0.13     0.00
  MONTH TO DATE    3.62                      3.83  -0.21     6.68
  SINCE DEC 1      3.62                      3.83  -0.21     6.68
  SINCE JAN 1     41.05                     47.19  -6.14    67.80

SNOWFALL (IN)
  YESTERDAY        0.0                       0.1   -0.1      0.0
  MONTH TO DATE    0.0                       0.6   -0.6      0.0
  SINCE DEC 1      0.0                       0.6   -0.6      0.0
  SINCE JUL 1      T                         0.6   -0.6      0.8
  SNOW DEPTH       0.0

DEGREE DAYS
 HEATING
  YESTERDAY       26                        26      0       28
  MONTH TO DATE  547                       620    -73      535
  SINCE DEC 1    547                       620    -73      535
  SINCE JUL 1   1373                      1301     72     1225

 COOLING
  YESTERDAY        0                         0      0        0
  MONTH TO DATE    0                         0      0        4
  SINCE DEC 1      0                         0      0        4
  SINCE JAN 1   1486                      1526    -40     1449
..................................................................


WIND (MPH)
  HIGHEST WIND SPEED    10   HIGHEST WIND DIRECTION     W (280)
  HIGHEST GUST SPEED    13   HIGHEST GUST DIRECTION     W (280)
  AVERAGE WIND SPEED     2.5


SKY COVER
  POSSIBLE SUNSHINE  MM
  AVERAGE SKY COVER  MM


WEATHER CONDITIONS
 THE FOLLOWING WEATHER WAS RECORDED YESTERDAY.
  FOG


RELATIVE HUMIDITY (PERCENT)
 HIGHEST   100           600 AM
 LOWEST     56           300 PM
 AVERAGE    78

..........................................................


THE KNOXVILLE CLIMATE NORMALS FOR TODAY
                         NORMAL    RECORD    YEAR
 MAXIMUM TEMPERATURE (F)   48        82      1947
 MINIMUM TEMPERATURE (F)   30         5      1925


SUNRISE AND SUNSET
DECEMBER 27 2014......SUNRISE   745 AM EST   SUNSET   529 PM EST
DECEMBER 28 2014......SUNRISE   745 AM EST   SUNSET   530 PM EST


-  INDICATES NEGATIVE NUMBERS.
R  INDICATES RECORD WAS SET OR TIED.
MM INDICATES DATA IS MISSING.
T  INDICATES TRACE AMOUNT.




$$
