000
CDUS43 KLOT 290644
CLIUGN


CLIMATE REPORT
NATIONAL WEATHER SERVICE CHICAGO IL
143 AM CDT TUE JUL 29 2014


...................................

...THE WAUKEGAN   CLIMATE SUMMARY FOR JULY 28 2014...

CLIMATE NORMAL PERIOD 1981 TO 2010
CLIMATE RECORD PERIOD 2000 TO 2014


WEATHER ITEM   OBSERVED TIME   RECORD YEAR NORMAL DEPARTURE LAST
                VALUE   (LST)  VALUE       VALUE  FROM      YEAR
                                                  NORMAL
..................................................................
TEMPERATURE (F)
 YESTERDAY
  MAXIMUM         69    128 PM  93    2002  80    -11       68
  MINIMUM         55    531 AM  52    2005  62     -7       53
  AVERAGE         62

PRECIPITATION (IN)
  YESTERDAY        0.00          0.38 2000   0.11  -0.11     0.01
  MONTH TO DATE    1.10                      3.49  -2.39     2.04
  SINCE JUN 1      8.35                      7.37   0.98     6.29
  SINCE JAN 1     19.19                     20.23  -1.04    20.15

DEGREE DAYS
 HEATING
  YESTERDAY        3                         0      3        4
  MONTH TO DATE   33                         3     30       22
  SINCE JUN 1    106                        89     17      119
  SINCE JUL 1     33                         3     30       22

 COOLING
  YESTERDAY        0                         6     -6        0
  MONTH TO DATE   94                       190    -96      183
  SINCE JUN 1    177                       295   -118      273
  SINCE JAN 1    200                       320   -120      320
..................................................................


WIND (MPH)
  RESULTANT WIND SPEED   6   RESULTANT WIND DIRECTION   N (0)
  HIGHEST WIND SPEED    17   HIGHEST WIND DIRECTION     N (20)
  HIGHEST GUST SPEED    30   HIGHEST GUST DIRECTION     N (360)
  AVERAGE WIND SPEED     7.4


SKY COVER
  POSSIBLE SUNSHINE  MM
  AVERAGE SKY COVER 0.3


WEATHER CONDITIONS
 THE FOLLOWING WEATHER WAS RECORDED YESTERDAY.
  NO SIGNIFICANT WEATHER WAS OBSERVED.


RELATIVE HUMIDITY (PERCENT)
 HIGHEST    80
 LOWEST     45
 AVERAGE    63

..........................................................


THE WAUKEGAN   CLIMATE NORMALS FOR TODAY
                         NORMAL    RECORD    YEAR
 MAXIMUM TEMPERATURE (F)   80        92      2006
 MINIMUM TEMPERATURE (F)   62        50      2003


SUNRISE AND SUNSET
JULY 29 2014..........SUNRISE   541 AM CDT   SUNSET   814 PM CDT
JULY 30 2014..........SUNRISE   542 AM CDT   SUNSET   813 PM CDT


-  INDICATES NEGATIVE NUMBERS.
R  INDICATES RECORD WAS SET OR TIED.
MM INDICATES DATA IS MISSING.
T  INDICATES TRACE AMOUNT.




$$
