133
CDUS43 KLOT 240636
CLIUGN


CLIMATE REPORT
NATIONAL WEATHER SERVICE CHICAGO IL
136 AM CDT MON APR 24 2017


...................................

...THE WAUKEGAN   CLIMATE SUMMARY FOR APRIL 23 2017...

CLIMATE NORMAL PERIOD 1981 TO 2010
CLIMATE RECORD PERIOD 2000 TO 2017


WEATHER ITEM   OBSERVED TIME   RECORD YEAR NORMAL DEPARTURE LAST
                VALUE   (LST)  VALUE       VALUE  FROM      YEAR
                                                  NORMAL
..................................................................
TEMPERATURE (F)
 YESTERDAY
  MAXIMUM         69   1210 PM  73    2001  58     11       52
  MINIMUM         33    312 AM  24    2003  40     -7       37
  AVERAGE         51

PRECIPITATION (IN)
  YESTERDAY        0.00          0.67 2013   0.11  -0.11     0.00
  MONTH TO DATE    2.89                      2.48   0.41     1.54
  SINCE MAR 1      6.32                      4.80   1.52     4.78
  SINCE JAN 1     10.54                      7.85   2.69     6.29

DEGREE DAYS
 HEATING
  YESTERDAY       14                        16     -2       20
  MONTH TO DATE  345                       469   -124      514
  SINCE MAR 1   1238                      1393   -155     1291
  SINCE JUL 1   5350                      6339   -989     5636

 COOLING
  YESTERDAY        0                         0      0        0
  MONTH TO DATE    4                         0      4        0
  SINCE MAR 1      4                         0      4        0
  SINCE JAN 1      4                         0      4        0
..................................................................


WIND (MPH)
  RESULTANT WIND SPEED   1   RESULTANT WIND DIRECTION  NE (30)
  HIGHEST WIND SPEED    15   HIGHEST WIND DIRECTION    NE (60)
  HIGHEST GUST SPEED    20   HIGHEST GUST DIRECTION    NE (60)
  AVERAGE WIND SPEED     6.1


SKY COVER
  POSSIBLE SUNSHINE  MM
  AVERAGE SKY COVER 0.0


WEATHER CONDITIONS
 THE FOLLOWING WEATHER WAS RECORDED YESTERDAY.
  HAZE


RELATIVE HUMIDITY (PERCENT)
 HIGHEST    92
 LOWEST     28
 AVERAGE    60

..........................................................


THE WAUKEGAN   CLIMATE NORMALS FOR TODAY
                         NORMAL    RECORD    YEAR
 MAXIMUM TEMPERATURE (F)   59        84      2009
 MINIMUM TEMPERATURE (F)   40        25      2015


SUNRISE AND SUNSET
APRIL 24 2017.........SUNRISE   556 AM CDT   SUNSET   744 PM CDT
APRIL 25 2017.........SUNRISE   555 AM CDT   SUNSET   745 PM CDT


-  INDICATES NEGATIVE NUMBERS.
R  INDICATES RECORD WAS SET OR TIED.
MM INDICATES DATA IS MISSING.
T  INDICATES TRACE AMOUNT.




$$
