000
CDUS43 KLOT 011127 CCA
CLIUGN

CLIMATE REPORT
NATIONAL WEATHER SERVICE CHICAGO IL
139 AM CDT WED JUL 1 2015


...................................

...THE WAUKEGAN   CLIMATE SUMMARY FOR JUNE 30 2015...

CLIMATE NORMAL PERIOD 1981 TO 2010
CLIMATE RECORD PERIOD 2000 TO 2015


WEATHER ITEM   OBSERVED TIME   RECORD YEAR NORMAL DEPARTURE LAST
                VALUE   (LST)  VALUE       VALUE  FROM      YEAR
                                                  NORMAL
..................................................................
TEMPERATURE (F)
 YESTERDAY
  MAXIMUM         71        MM  92    2012  80     MM       87
                                      2002
  MINIMUM         54   1159 PM  46    2007  61     -7       64
  AVERAGE         63

PRECIPITATION (IN)
  YESTERDAY        0.00          1.16 2014   0.09  -0.09     1.16
  MONTH TO DATE    4.26                      3.88   0.38     7.25
  SINCE JUN 1      4.26                      3.88   0.38     7.25
  SINCE JAN 1     13.66                     16.74  -3.08    18.09

DEGREE DAYS
 HEATING
  YESTERDAY        2                         1      1        0
  MONTH TO DATE  103                        86     17       73
  SINCE JUN 1    103                        86     17       73
  SINCE JUL 1   7487                      6837    650     8016

 COOLING
  YESTERDAY        0                         6     -6       11
  MONTH TO DATE   54                       105    -51       83
  SINCE JUN 1     54                       105    -51       83
  SINCE JAN 1     79                       130    -51      106
..................................................................


WIND (MPH)
  RESULTANT WIND SPEED   3   RESULTANT WIND DIRECTION   N (0)
  HIGHEST WIND SPEED    12   HIGHEST WIND DIRECTION    NE (30)
  HIGHEST GUST SPEED    17   HIGHEST GUST DIRECTION     N (350)
  AVERAGE WIND SPEED     6.0


SKY COVER
  POSSIBLE SUNSHINE  MM
  AVERAGE SKY COVER 0.5


WEATHER CONDITIONS
 THE FOLLOWING WEATHER WAS RECORDED YESTERDAY.
  FOG


RELATIVE HUMIDITY (PERCENT)
 HIGHEST   100
 LOWEST     73
 AVERAGE    87

..........................................................


THE WAUKEGAN   CLIMATE NORMALS FOR TODAY
                         NORMAL    RECORD    YEAR
 MAXIMUM TEMPERATURE (F)   80        91      2002
 MINIMUM TEMPERATURE (F)   61        48      2001


SUNRISE AND SUNSET
JULY  1 2015..........SUNRISE   518 AM CDT   SUNSET   832 PM CDT
JULY  2 2015..........SUNRISE   519 AM CDT   SUNSET   832 PM CDT


-  INDICATES NEGATIVE NUMBERS.
R  INDICATES RECORD WAS SET OR TIED.
MM INDICATES DATA IS MISSING.
T  INDICATES TRACE AMOUNT.




$$
