000
CDUS43 KLOT 280633
CLIUGN


CLIMATE REPORT
NATIONAL WEATHER SERVICE CHICAGO IL
132 AM CDT SUN MAY 28 2017


...................................

...THE WAUKEGAN   CLIMATE SUMMARY FOR MAY 27 2017...

CLIMATE NORMAL PERIOD 1981 TO 2010
CLIMATE RECORD PERIOD 2000 TO 2017


WEATHER ITEM   OBSERVED TIME   RECORD YEAR NORMAL DEPARTURE LAST
                VALUE   (LST)  VALUE       VALUE  FROM      YEAR
                                                  NORMAL
..................................................................
TEMPERATURE (F)
 YESTERDAY
  MAXIMUM         70    119 PM  86    2012  69      1       76
  MINIMUM         48    453 AM  41    2008  48      0       64
  AVERAGE         59

PRECIPITATION (IN)
  YESTERDAY        0.00          1.02 2009   0.12  -0.12     0.32
  MONTH TO DATE    2.37                      3.50  -1.13     3.84
  SINCE MAR 1      9.86                      9.30   0.56    10.15
  SINCE JAN 1     14.08                     12.35   1.73    11.66

DEGREE DAYS
 HEATING
  YESTERDAY        6                         7     -1        0
  MONTH TO DATE  335                       283     52      299
  SINCE MAR 1   1677                      1779   -102     1712
  SINCE JUL 1   5789                      6725   -936     6057

 COOLING
  YESTERDAY        0                         1     -1        5
  MONTH TO DATE   17                        14      3       24
  SINCE MAR 1     21                        18      3       24
  SINCE JAN 1     21                        18      3       24
..................................................................


WIND (MPH)
  RESULTANT WIND SPEED   4   RESULTANT WIND DIRECTION   E (100)
  HIGHEST WIND SPEED    12   HIGHEST WIND DIRECTION     E (110)
  HIGHEST GUST SPEED    17   HIGHEST GUST DIRECTION    SE (130)
  AVERAGE WIND SPEED     4.0


SKY COVER
  POSSIBLE SUNSHINE  MM
  AVERAGE SKY COVER 0.1


WEATHER CONDITIONS
 THE FOLLOWING WEATHER WAS RECORDED YESTERDAY.
  FOG
  FOG W/VISIBILITY <= 1/4 MILE


RELATIVE HUMIDITY (PERCENT)
 HIGHEST   100
 LOWEST     61
 AVERAGE    81

..........................................................


THE WAUKEGAN   CLIMATE NORMALS FOR TODAY
                         NORMAL    RECORD    YEAR
 MAXIMUM TEMPERATURE (F)   70        92      2012
 MINIMUM TEMPERATURE (F)   48        -1      2008


SUNRISE AND SUNSET
MAY 28 2017...........SUNRISE   519 AM CDT   SUNSET   819 PM CDT
MAY 29 2017...........SUNRISE   518 AM CDT   SUNSET   820 PM CDT


-  INDICATES NEGATIVE NUMBERS.
R  INDICATES RECORD WAS SET OR TIED.
MM INDICATES DATA IS MISSING.
T  INDICATES TRACE AMOUNT.




$$
