000
CDUS43 KLOT 260653
CLIUGN


CLIMATE REPORT
NATIONAL WEATHER SERVICE CHICAGO IL
151 AM CDT TUE JUL 26 2016


...................................

...THE WAUKEGAN   CLIMATE SUMMARY FOR JULY 25 2016...

CLIMATE NORMAL PERIOD 1981 TO 2010
CLIMATE RECORD PERIOD 2000 TO 2016


WEATHER ITEM   OBSERVED TIME   RECORD YEAR NORMAL DEPARTURE LAST
                VALUE   (LST)  VALUE       VALUE  FROM      YEAR
                                                  NORMAL
..................................................................
TEMPERATURE (F)
 YESTERDAY
  MAXIMUM         86   1246 PM  97    2012  80      6       87
  MINIMUM         66   1031 PM  51    2013  62      4       61
  AVERAGE         76

PRECIPITATION (IN)
  YESTERDAY        0.00          0.24 2001   0.11  -0.11     0.00
  MONTH TO DATE    2.92                      3.15  -0.23     4.29
  SINCE JUN 1      4.27                      7.03  -2.76     8.55
  SINCE JAN 1     16.21                     19.89  -3.68    17.95

DEGREE DAYS
 HEATING
  YESTERDAY        0                         0      0        0
  MONTH TO DATE   10                         3      7       45
  SINCE JUN 1     50                        89    -39      148
  SINCE JUL 1     10                         3      7       45

 COOLING
  YESTERDAY       11                         7      4        9
  MONTH TO DATE  221                       172     49      107
  SINCE JUN 1    352                       277     75      161
  SINCE JAN 1    396                       302     94      186
..................................................................


WIND (MPH)
  RESULTANT WIND SPEED   2   RESULTANT WIND DIRECTION  SE (120)
  HIGHEST WIND SPEED    12   HIGHEST WIND DIRECTION     E (110)
  HIGHEST GUST SPEED    17   HIGHEST GUST DIRECTION     N (350)
  AVERAGE WIND SPEED     4.6


SKY COVER
  POSSIBLE SUNSHINE  MM
  AVERAGE SKY COVER 0.1


WEATHER CONDITIONS
 THE FOLLOWING WEATHER WAS RECORDED YESTERDAY.
  NO SIGNIFICANT WEATHER WAS OBSERVED.


RELATIVE HUMIDITY (PERCENT)
 HIGHEST    87
 LOWEST     51
 AVERAGE    69

..........................................................


THE WAUKEGAN   CLIMATE NORMALS FOR TODAY
                         NORMAL    RECORD    YEAR
 MAXIMUM TEMPERATURE (F)   80        89      2012
 MINIMUM TEMPERATURE (F)   62        55      2004


SUNRISE AND SUNSET
JULY 26 2016..........SUNRISE   538 AM CDT   SUNSET   817 PM CDT
JULY 27 2016..........SUNRISE   539 AM CDT   SUNSET   816 PM CDT


-  INDICATES NEGATIVE NUMBERS.
R  INDICATES RECORD WAS SET OR TIED.
MM INDICATES DATA IS MISSING.
T  INDICATES TRACE AMOUNT.




$$
