000
CDUS43 KLOT 270636
CLIUGN


CLIMATE REPORT
NATIONAL WEATHER SERVICE CHICAGO IL
1235 AM CST MON FEB 27 2017


...................................

...THE WAUKEGAN   CLIMATE SUMMARY FOR FEBRUARY 26 2017...

CLIMATE NORMAL PERIOD 1981 TO 2010
CLIMATE RECORD PERIOD 2000 TO 2017


WEATHER ITEM   OBSERVED TIME   RECORD YEAR NORMAL DEPARTURE LAST
                VALUE   (LST)  VALUE       VALUE  FROM      YEAR
                                                  NORMAL
..................................................................
TEMPERATURE (F)
 YESTERDAY
  MAXIMUM         46    427 PM  65    2000  37      9       33
  MINIMUM         20    211 AM  -3    2015  22     -2       21
                                      2014
  AVERAGE         33

PRECIPITATION (IN)
  YESTERDAY        0.00          1.41 2009   0.06  -0.06     0.00
  MONTH TO DATE    0.93                      1.54  -0.61     0.72
  SINCE DEC 1      4.33                      4.93  -0.60     6.15
  SINCE JAN 1      3.43                      2.93   0.50     1.35

DEGREE DAYS
 HEATING
  YESTERDAY       32                        36     -4       38
  MONTH TO DATE  787                      1026   -239      993
  SINCE DEC 1   3179                      3492   -313     3119
  SINCE JUL 1   4066                      4877   -811     4277

 COOLING
  YESTERDAY        0                         0      0        0
  MONTH TO DATE    0                         0      0        0
  SINCE DEC 1      0                         0      0        0
  SINCE JAN 1      0                         0      0        0
..................................................................


WIND (MPH)
  RESULTANT WIND SPEED  11   RESULTANT WIND DIRECTION  SW (220)
  HIGHEST WIND SPEED    31   HIGHEST WIND DIRECTION    SW (220)
  HIGHEST GUST SPEED    41   HIGHEST GUST DIRECTION    SW (210)
  AVERAGE WIND SPEED    11.7


SKY COVER
  POSSIBLE SUNSHINE  MM
  AVERAGE SKY COVER 0.5


WEATHER CONDITIONS
 THE FOLLOWING WEATHER WAS RECORDED YESTERDAY.
  NO SIGNIFICANT WEATHER WAS OBSERVED.


RELATIVE HUMIDITY (PERCENT)
 HIGHEST    84
 LOWEST     37
 AVERAGE    61

..........................................................


THE WAUKEGAN   CLIMATE NORMALS FOR TODAY
                         NORMAL    RECORD    YEAR
 MAXIMUM TEMPERATURE (F)   38        55      2016
 MINIMUM TEMPERATURE (F)   22        -9      2014


SUNRISE AND SUNSET
FEBRUARY 27 2017......SUNRISE   630 AM CST   SUNSET   539 PM CST
FEBRUARY 28 2017......SUNRISE   628 AM CST   SUNSET   540 PM CST


-  INDICATES NEGATIVE NUMBERS.
R  INDICATES RECORD WAS SET OR TIED.
MM INDICATES DATA IS MISSING.
T  INDICATES TRACE AMOUNT.




$$
