000
CDUS43 KLOT 260638
CLIUGN


CLIMATE REPORT
NATIONAL WEATHER SERVICE CHICAGO IL
138 AM CDT THU MAY 26 2016


...................................

...THE WAUKEGAN   CLIMATE SUMMARY FOR MAY 25 2016...

CLIMATE NORMAL PERIOD 1981 TO 2010
CLIMATE RECORD PERIOD 2000 TO 2016


WEATHER ITEM   OBSERVED TIME   RECORD YEAR NORMAL DEPARTURE LAST
                VALUE   (LST)  VALUE       VALUE  FROM      YEAR
                                                  NORMAL
..................................................................
TEMPERATURE (F)
 YESTERDAY
  MAXIMUM         80   1124 AM  81    2012  68     12       78
  MINIMUM         63    952 PM  38    2013  47     16       64
  AVERAGE         72

PRECIPITATION (IN)
  YESTERDAY        0.53          0.90 2011   0.13   0.40     0.06
  MONTH TO DATE    3.51                      3.26   0.25     3.17
  SINCE MAR 1      9.82                      9.06   0.76     8.05
  SINCE JAN 1     11.33                     12.11  -0.78     8.59

DEGREE DAYS
 HEATING
  YESTERDAY        0                         8     -8        0
  MONTH TO DATE  299                       268     31      249
  SINCE MAR 1   1712                      1764    -52     1833
  SINCE JUL 1   6057                      6710   -653     7358

 COOLING
  YESTERDAY        7                         1      6        6
  MONTH TO DATE   11                        12     -1       15
  SINCE MAR 1     11                        16     -5       15
  SINCE JAN 1     11                        16     -5       15
..................................................................


WIND (MPH)
  RESULTANT WIND SPEED   5   RESULTANT WIND DIRECTION   S (160)
  HIGHEST WIND SPEED    16   HIGHEST WIND DIRECTION    SE (150)
  HIGHEST GUST SPEED    21   HIGHEST GUST DIRECTION    SE (140)
  AVERAGE WIND SPEED     7.6


SKY COVER
  POSSIBLE SUNSHINE  MM
  AVERAGE SKY COVER 0.3


WEATHER CONDITIONS
 THE FOLLOWING WEATHER WAS RECORDED YESTERDAY.
  THUNDERSTORM
  RAIN
  LIGHT RAIN
  FOG
  HAZE


RELATIVE HUMIDITY (PERCENT)
 HIGHEST   100
 LOWEST     58
 AVERAGE    79

..........................................................


THE WAUKEGAN   CLIMATE NORMALS FOR TODAY
                         NORMAL    RECORD    YEAR
 MAXIMUM TEMPERATURE (F)   69        83      2014
 MINIMUM TEMPERATURE (F)   48        36      2013


SUNRISE AND SUNSET
MAY 26 2016...........SUNRISE   520 AM CDT   SUNSET   817 PM CDT
MAY 27 2016...........SUNRISE   520 AM CDT   SUNSET   818 PM CDT


-  INDICATES NEGATIVE NUMBERS.
R  INDICATES RECORD WAS SET OR TIED.
MM INDICATES DATA IS MISSING.
T  INDICATES TRACE AMOUNT.




$$
