000
CDUS43 KLOT 050659
CLIUGN


CLIMATE REPORT
NATIONAL WEATHER SERVICE CHICAGO IL
158 AM CDT THU MAY 5 2016


...................................

...THE WAUKEGAN   CLIMATE SUMMARY FOR MAY 4 2016...

CLIMATE NORMAL PERIOD 1981 TO 2010
CLIMATE RECORD PERIOD 2000 TO 2016


WEATHER ITEM   OBSERVED TIME   RECORD YEAR NORMAL DEPARTURE LAST
                VALUE   (LST)  VALUE       VALUE  FROM      YEAR
                                                  NORMAL
..................................................................
TEMPERATURE (F)
 YESTERDAY
  MAXIMUM         52   1213 AM  82    2000  62    -10       69
  MINIMUM         41   1028 PM  -1    2008  43     -2       47
  AVERAGE         47

PRECIPITATION (IN)
  YESTERDAY        0.15          1.17 2003   0.13   0.02      T
  MONTH TO DATE    0.59                      0.51   0.08     0.23
  SINCE MAR 1      6.90                      6.31   0.59     5.11
  SINCE JAN 1      8.41                      9.36  -0.95     5.65

DEGREE DAYS
 HEATING
  YESTERDAY       18                        13      5        7
  MONTH TO DATE   68                        53     15       29
  SINCE MAR 1   1481                      1549    -68     1613
  SINCE JUL 1   5826                      6495   -669     7138

 COOLING
  YESTERDAY        0                         0      0        0
  MONTH TO DATE    0                         0      0        1
  SINCE MAR 1      0                         4     -4        1
  SINCE JAN 1      0                         4     -4        1
..................................................................


WIND (MPH)
  RESULTANT WIND SPEED  10   RESULTANT WIND DIRECTION   N (0)
  HIGHEST WIND SPEED    23   HIGHEST WIND DIRECTION     N (20)
  HIGHEST GUST SPEED    33   HIGHEST GUST DIRECTION     N (20)
  AVERAGE WIND SPEED    10.2


SKY COVER
  POSSIBLE SUNSHINE  MM
  AVERAGE SKY COVER 0.9


WEATHER CONDITIONS
 THE FOLLOWING WEATHER WAS RECORDED YESTERDAY.
  LIGHT RAIN
  FOG


RELATIVE HUMIDITY (PERCENT)
 HIGHEST   100
 LOWEST     61
 AVERAGE    81

..........................................................


THE WAUKEGAN   CLIMATE NORMALS FOR TODAY
                         NORMAL    RECORD    YEAR
 MAXIMUM TEMPERATURE (F)   63        82      2000
 MINIMUM TEMPERATURE (F)   43        33      2001


SUNRISE AND SUNSET
MAY  5 2016...........SUNRISE   541 AM CDT   SUNSET   756 PM CDT
MAY  6 2016...........SUNRISE   539 AM CDT   SUNSET   757 PM CDT


-  INDICATES NEGATIVE NUMBERS.
R  INDICATES RECORD WAS SET OR TIED.
MM INDICATES DATA IS MISSING.
T  INDICATES TRACE AMOUNT.




$$
