000
CDUS46 KSEW 130831
CLIUIL


CLIMATE REPORT
NATIONAL WEATHER SERVICE SEATTLE WA
1231 AM PST WED DEC 13 2017


...................................

...THE QUILLAYUTE WA AIRPORT CLIMATE SUMMARY FOR DECEMBER 12 2017...

CLIMATE NORMAL PERIOD 1981 TO 2010
CLIMATE RECORD PERIOD 1966 TO 2017


WEATHER ITEM   OBSERVED TIME   RECORD YEAR NORMAL DEPARTURE LAST
                VALUE   (LST)  VALUE       VALUE  FROM      YEAR
                                                  NORMAL
..................................................................
TEMPERATURE (F)
 YESTERDAY
  MAXIMUM         55    157 PM  60    1997  46      9       44
  MINIMUM         40   1159 PM  18    1972  34      6       32
  AVERAGE         48                        40      8       38

PRECIPITATION (IN)
  YESTERDAY        0.01          2.84 1973   0.42  -0.41     0.27
  MONTH TO DATE    2.43                      5.33  -2.90     6.40
  SINCE OCT 1     29.60                     31.34  -1.74    53.20
  SINCE JAN 1    100.99                     91.88   9.11   115.57

DEGREE DAYS
 HEATING
  YESTERDAY       17                        25     -8       27
  MONTH TO DATE  281                       292    -11      319
  SINCE DEC 1    281                       292    -11      319
  SINCE JUL 1   1815                      2006   -191     1746

 COOLING
  YESTERDAY        0                         0      0        0
  MONTH TO DATE    0                         0      0        0
  SINCE DEC 1      0                         0      0        0
  SINCE JAN 1     73                        19     54       54
..................................................................


WIND (MPH)
  RESULTANT WIND SPEED   0   RESULTANT WIND DIRECTION  SW (210)
  HIGHEST WIND SPEED     6   HIGHEST WIND DIRECTION     E (100)
  HIGHEST GUST SPEED     8   HIGHEST GUST DIRECTION     W (290)
  AVERAGE WIND SPEED     1.4


SKY COVER
  AVERAGE SKY COVER 0.5


WEATHER CONDITIONS
 THE FOLLOWING WEATHER WAS RECORDED YESTERDAY.
  LIGHT RAIN
  FOG
  FOG W/VISIBILITY <= 1/4 MILE


RELATIVE HUMIDITY (PERCENT)
 HIGHEST   100           200 AM
 LOWEST     77           100 PM
 AVERAGE    89

..........................................................


THE QUILLAYUTE WA AIRPORT CLIMATE NORMALS FOR TODAY
                         NORMAL    RECORD    YEAR
 MAXIMUM TEMPERATURE (F)   46        62      1997
 MINIMUM TEMPERATURE (F)   34        20      1978


SUNRISE AND SUNSET
DECEMBER 13 2017......SUNRISE   800 AM PST   SUNSET   425 PM PST
DECEMBER 14 2017......SUNRISE   801 AM PST   SUNSET   425 PM PST


-  INDICATES NEGATIVE NUMBERS.
R  INDICATES RECORD WAS SET OR TIED.
MM INDICATES DATA IS MISSING.
T  INDICATES TRACE AMOUNT.




$$
