000
CDUS46 KSEW 190830
CLIUIL


CLIMATE REPORT
NATIONAL WEATHER SERVICE SEATTLE WA
1230 AM PST FRI DEC 19 2014


...................................

...THE QUILLAYUTE WA AIRPORT CLIMATE SUMMARY FOR DECEMBER 18 2014...

CLIMATE NORMAL PERIOD 1981 TO 2010
CLIMATE RECORD PERIOD 1966 TO 2014


WEATHER ITEM   OBSERVED TIME   RECORD YEAR NORMAL DEPARTURE LAST
                VALUE   (LST)  VALUE       VALUE  FROM      YEAR
                                                  NORMAL
..................................................................
TEMPERATURE (F)
 YESTERDAY
  MAXIMUM         51    255 PM  59    2004  46      5       47
  MINIMUM         44    450 AM  20    2008  34     10       30
  AVERAGE         48                        40      8       39

PRECIPITATION (IN)
  YESTERDAY        0.75          2.38 1972   0.39   0.36      T
  MONTH TO DATE   10.43                      7.73   2.70     2.61
  SINCE OCT 1     40.97                     33.74   7.23    13.68
  SINCE JAN 1    101.37                     94.28   7.09    85.09

DEGREE DAYS
 HEATING
  YESTERDAY       17                        25     -8       26
  MONTH TO DATE  342                       442   -100      486
  SINCE DEC 1    342                       442   -100      486
  SINCE JUL 1   1576                      2156   -580     1682

 COOLING
  YESTERDAY        0                         0      0        0
  MONTH TO DATE    0                         0      0        0
  SINCE DEC 1      0                         0      0        0
  SINCE JAN 1     25                        19      6       39
..................................................................


WIND (MPH)
  RESULTANT WIND SPEED   5   RESULTANT WIND DIRECTION  SE (140)
  HIGHEST WIND SPEED    22   HIGHEST WIND DIRECTION    SW (210)
  HIGHEST GUST SPEED    34   HIGHEST GUST DIRECTION     S (190)
  AVERAGE WIND SPEED     7.1


SKY COVER
  AVERAGE SKY COVER 0.9


WEATHER CONDITIONS
 THE FOLLOWING WEATHER WAS RECORDED YESTERDAY.
  RAIN
  LIGHT RAIN
  FOG


RELATIVE HUMIDITY (PERCENT)
 HIGHEST   100          1200 AM
 LOWEST     93           800 AM
 AVERAGE    97

..........................................................


THE QUILLAYUTE WA AIRPORT CLIMATE NORMALS FOR TODAY
                         NORMAL    RECORD    YEAR
 MAXIMUM TEMPERATURE (F)   46        57      2005
 MINIMUM TEMPERATURE (F)   34        18      1984


SUNRISE AND SUNSET
DECEMBER 19 2014......SUNRISE   804 AM PST   SUNSET   427 PM PST
DECEMBER 20 2014......SUNRISE   805 AM PST   SUNSET   427 PM PST


-  INDICATES NEGATIVE NUMBERS.
R  INDICATES RECORD WAS SET OR TIED.
MM INDICATES DATA IS MISSING.
T  INDICATES TRACE AMOUNT.




$$
