471
CDUS46 KSEW 110830
CLIUIL


CLIMATE REPORT
NATIONAL WEATHER SERVICE SEATTLE WA
1230 AM PST SUN DEC 11 2016


...................................

...THE QUILLAYUTE WA AIRPORT CLIMATE SUMMARY FOR DECEMBER 10 2016...

CLIMATE NORMAL PERIOD 1981 TO 2010
CLIMATE RECORD PERIOD 1966 TO 2016


WEATHER ITEM   OBSERVED TIME   RECORD YEAR NORMAL DEPARTURE LAST
                VALUE   (LST)  VALUE       VALUE  FROM      YEAR
                                                  NORMAL
..................................................................
TEMPERATURE (F)
 YESTERDAY
  MAXIMUM         46    250 PM  58    2014  46      0       53
  MINIMUM         33    408 AM  10    1972  35     -2       43
  AVERAGE         40                        40      0       48

PRECIPITATION (IN)
  YESTERDAY        0.65          3.36 2014   0.42   0.23     0.81
  MONTH TO DATE    5.15                      4.49   0.66    10.45
  SINCE OCT 1     51.95                     30.50  21.45    35.19
  SINCE JAN 1    114.32                     91.04  23.28    88.03

DEGREE DAYS
 HEATING
  YESTERDAY       25                        25      0       17
  MONTH TO DATE  267                       242     25      146
  SINCE DEC 1    267                       242     25      146
  SINCE JUL 1   1694                      1956   -262     1457

 COOLING
  YESTERDAY        0                         0      0        0
  MONTH TO DATE    0                         0      0        0
  SINCE DEC 1      0                         0      0        0
  SINCE JAN 1     54                        19     35       56
..................................................................


WIND (MPH)
  RESULTANT WIND SPEED   3   RESULTANT WIND DIRECTION  SE (150)
  HIGHEST WIND SPEED    21   HIGHEST WIND DIRECTION     W (270)
  HIGHEST GUST SPEED    28   HIGHEST GUST DIRECTION     W (250)
  AVERAGE WIND SPEED     7.4


SKY COVER
  AVERAGE SKY COVER 0.8


WEATHER CONDITIONS
 THE FOLLOWING WEATHER WAS RECORDED YESTERDAY.
  THUNDERSTORM
  RAIN
  LIGHT RAIN
  FOG


RELATIVE HUMIDITY (PERCENT)
 HIGHEST   100          1200 AM
 LOWEST     82           900 PM
 AVERAGE    91

..........................................................


THE QUILLAYUTE WA AIRPORT CLIMATE NORMALS FOR TODAY
                         NORMAL    RECORD    YEAR
 MAXIMUM TEMPERATURE (F)   46        55      2014
 MINIMUM TEMPERATURE (F)   35        20      1985


SUNRISE AND SUNSET
DECEMBER 11 2016......SUNRISE   758 AM PST   SUNSET   425 PM PST
DECEMBER 12 2016......SUNRISE   759 AM PST   SUNSET   425 PM PST


-  INDICATES NEGATIVE NUMBERS.
R  INDICATES RECORD WAS SET OR TIED.
MM INDICATES DATA IS MISSING.
T  INDICATES TRACE AMOUNT.




$$
