000
CDUS46 KSEW 290118
CLIUIL


CLIMATE REPORT
NATIONAL WEATHER SERVICE SEATTLE WA
617 PM PDT FRI APR 28 2017


...................................

...THE QUILLAYUTE WA AIRPORT CLIMATE SUMMARY FOR APRIL 28 2017...
VALID TODAY AS OF 0600 PM LOCAL TIME.

CLIMATE NORMAL PERIOD 1981 TO 2010
CLIMATE RECORD PERIOD 1966 TO 2017


WEATHER ITEM   OBSERVED TIME   RECORD YEAR NORMAL DEPARTURE LAST
                VALUE   (LST)  VALUE       VALUE  FROM      YEAR
                                                  NORMAL
..................................................................
TEMPERATURE (F)
 TODAY
  MAXIMUM         55    239 PM  72    1976  57     -2       56
  MINIMUM         42    608 AM  31    1999  40      2       40
  AVERAGE         49                        48      1       48

PRECIPITATION (IN)
  TODAY            T             1.90 1988   0.20  -0.20      T
  MONTH TO DATE   13.68                      7.43   6.25     2.21
  SINCE OCT 1    116.63                     82.22  34.41    93.49
  SINCE JAN 1     56.70                     43.22  13.48    49.51

DEGREE DAYS
 HEATING
  TODAY           16                        17     -1       17
  MONTH TO DATE  491                       516    -25      363
  SINCE MAR 1   1150                      1164    -14      891
  SINCE JUL 1   4972                      5009    -37     4014

 COOLING
  TODAY            0                         0      0        0
  MONTH TO DATE    0                         0      0        0
  SINCE MAR 1      0                         0      0        0
  SINCE JAN 1      0                         0      0        0
..................................................................


WIND (MPH)
  RESULTANT WIND SPEED   4   RESULTANT WIND DIRECTION   W (280)
  HIGHEST WIND SPEED    15   HIGHEST WIND DIRECTION     W (260)
  HIGHEST GUST SPEED    21   HIGHEST GUST DIRECTION    SW (240)
  AVERAGE WIND SPEED     6.5


SKY COVER
  AVERAGE SKY COVER 0.6


WEATHER CONDITIONS
 THE FOLLOWING WEATHER WAS RECORDED TODAY.
  LIGHT RAIN


RELATIVE HUMIDITY (PERCENT)
 HIGHEST   100          1200 AM
 LOWEST     54          1200 PM
 AVERAGE    77

..........................................................


THE QUILLAYUTE WA AIRPORT CLIMATE NORMALS FOR TOMORROW
                         NORMAL    RECORD    YEAR
 MAXIMUM TEMPERATURE (F)   57        81      1998
 MINIMUM TEMPERATURE (F)   40        28      1975


SUNRISE AND SUNSET
APRIL 28 2017.........SUNRISE   605 AM PDT   SUNSET   828 PM PDT
APRIL 29 2017.........SUNRISE   603 AM PDT   SUNSET   829 PM PDT


-  INDICATES NEGATIVE NUMBERS.
R  INDICATES RECORD WAS SET OR TIED.
MM INDICATES DATA IS MISSING.
T  INDICATES TRACE AMOUNT.




$$
