000
CDUS46 KSEW 210838
CLIUIL


CLIMATE REPORT
NATIONAL WEATHER SERVICE SEATTLE WA
1237 AM PST SAT JAN 21 2017


...................................

...THE QUILLAYUTE WA AIRPORT CLIMATE SUMMARY FOR JANUARY 20 2017...

CLIMATE NORMAL PERIOD 1981 TO 2010
CLIMATE RECORD PERIOD 1966 TO 2017


WEATHER ITEM   OBSERVED TIME   RECORD YEAR NORMAL DEPARTURE LAST
                VALUE   (LST)  VALUE       VALUE  FROM      YEAR
                                                  NORMAL
..................................................................
TEMPERATURE (F)
 YESTERDAY
  MAXIMUM         46    320 PM  64    2005  48     -2       50
  MINIMUM         38    553 AM  20    1969  36      2       37
  AVERAGE         42                        42      0       44

PRECIPITATION (IN)
  YESTERDAY        0.06          1.99 1972   0.48  -0.42     0.46
  MONTH TO DATE    7.32                      9.72  -2.40     6.00
  SINCE OCT 1     67.25                     48.72  18.53    49.98
  SINCE JAN 1      7.32                      9.72  -2.40     6.00

DEGREE DAYS
 HEATING
  YESTERDAY       23                        23      0       21
  MONTH TO DATE  572                       472    100      448
  SINCE DEC 1   1433                      1236    197     1116
  SINCE JUL 1   2860                      2950    -90     2427

 COOLING
  YESTERDAY        0                         0      0        0
  MONTH TO DATE    0                         0      0        0
  SINCE DEC 1      0                         0      0        0
  SINCE JAN 1      0                         0      0        0
..................................................................


WIND (MPH)
  RESULTANT WIND SPEED   7   RESULTANT WIND DIRECTION  NE (60)
  HIGHEST WIND SPEED    15   HIGHEST WIND DIRECTION    NE (50)
  HIGHEST GUST SPEED    19   HIGHEST GUST DIRECTION     E (70)
  AVERAGE WIND SPEED     7.1


SKY COVER
  AVERAGE SKY COVER 0.8


WEATHER CONDITIONS
 THE FOLLOWING WEATHER WAS RECORDED YESTERDAY.
  LIGHT RAIN


RELATIVE HUMIDITY (PERCENT)
 HIGHEST   100           300 AM
 LOWEST     83          1200 PM
 AVERAGE    92

..........................................................


THE QUILLAYUTE WA AIRPORT CLIMATE NORMALS FOR TODAY
                         NORMAL    RECORD    YEAR
 MAXIMUM TEMPERATURE (F)   48        69      2005
 MINIMUM TEMPERATURE (F)   36        17      1969


SUNRISE AND SUNSET
JANUARY 21 2017.......SUNRISE   758 AM PST   SUNSET   502 PM PST
JANUARY 22 2017.......SUNRISE   757 AM PST   SUNSET   504 PM PST


-  INDICATES NEGATIVE NUMBERS.
R  INDICATES RECORD WAS SET OR TIED.
MM INDICATES DATA IS MISSING.
T  INDICATES TRACE AMOUNT.




$$
