000
CDUS46 KSEW 300827
CLIUIL


CLIMATE REPORT
NATIONAL WEATHER SERVICE SEATTLE WA
126 AM PDT WED JUL 30 2014


...................................

...THE QUILLAYUTE WA AIRPORT CLIMATE SUMMARY FOR JULY 29 2014...

CLIMATE NORMAL PERIOD 1981 TO 2010
CLIMATE RECORD PERIOD 1966 TO 2014


WEATHER ITEM   OBSERVED TIME   RECORD YEAR NORMAL DEPARTURE LAST
                VALUE   (LST)  VALUE       VALUE  FROM      YEAR
                                                  NORMAL
..................................................................
TEMPERATURE (F)
 YESTERDAY
  MAXIMUM         75    124 PM  89    1974  69      6       67
  MINIMUM         52   1157 PM  41    1997  51      1       56
  AVERAGE         64                        60      4       62

PRECIPITATION (IN)
  YESTERDAY        0.00          1.24 2008   0.06  -0.06     0.00
  MONTH TO DATE    0.82                      1.88  -1.06      T
  SINCE OCT 1     72.39                     93.13 -20.74   105.77
  SINCE JAN 1     55.16                     54.13   1.03    58.80

DEGREE DAYS
 HEATING
  YESTERDAY        1                         5     -4        3
  MONTH TO DATE  131                       185    -54      105
  SINCE JUN 1    380                       479    -99      285
  SINCE JUL 1    131                       185    -54      105

 COOLING
  YESTERDAY        0                         0      0        0
  MONTH TO DATE    6                         0      6        6
  SINCE JUN 1      6                         3      3       13
  SINCE JAN 1     10                         4      6       16
..................................................................


WIND (MPH)
  RESULTANT WIND SPEED   6   RESULTANT WIND DIRECTION   N (340)
  HIGHEST WIND SPEED    15   HIGHEST WIND DIRECTION     W (290)
  HIGHEST GUST SPEED    20   HIGHEST GUST DIRECTION     W (290)
  AVERAGE WIND SPEED     6.5


SKY COVER
  AVERAGE SKY COVER 0.6


WEATHER CONDITIONS
 THE FOLLOWING WEATHER WAS RECORDED YESTERDAY.
  FOG


RELATIVE HUMIDITY (PERCENT)
 HIGHEST   100           100 AM
 LOWEST     57          1200 PM
 AVERAGE    79

..........................................................


THE QUILLAYUTE WA AIRPORT CLIMATE NORMALS FOR TODAY
                         NORMAL    RECORD    YEAR
 MAXIMUM TEMPERATURE (F)   69        88      1968
 MINIMUM TEMPERATURE (F)   51        41      1986


SUNRISE AND SUNSET
JULY 30 2014..........SUNRISE   552 AM PDT   SUNSET   856 PM PDT
JULY 31 2014..........SUNRISE   553 AM PDT   SUNSET   855 PM PDT


-  INDICATES NEGATIVE NUMBERS.
R  INDICATES RECORD WAS SET OR TIED.
MM INDICATES DATA IS MISSING.
T  INDICATES TRACE AMOUNT.




$$
