045
CDUS46 KSEW 200120
CLIUIL


CLIMATE REPORT
NATIONAL WEATHER SERVICE SEATTLE WA
619 PM PDT SAT AUG 19 2017


...................................

...THE QUILLAYUTE WA AIRPORT CLIMATE SUMMARY FOR AUGUST 19 2017...
VALID TODAY AS OF 0600 PM LOCAL TIME.

CLIMATE NORMAL PERIOD 1981 TO 2010
CLIMATE RECORD PERIOD 1966 TO 2017


WEATHER ITEM   OBSERVED TIME   RECORD YEAR NORMAL DEPARTURE LAST
                VALUE   (LST)  VALUE       VALUE  FROM      YEAR
                                                  NORMAL
..................................................................
TEMPERATURE (F)
 TODAY
  MAXIMUM         67   1240 PM  96    2016  69     -2       96
  MINIMUM         49    208 AM  40    1973  50     -1       58
  AVERAGE         58                        60     -2       77

PRECIPITATION (IN)
  TODAY            0.00          1.39 1976   0.10  -0.10     0.00
  MONTH TO DATE    0.41                      1.33  -0.92     0.27
  SINCE OCT 1    127.48                     94.56  32.92   101.77
  SINCE JAN 1     67.55                     55.56  11.99    57.79

DEGREE DAYS
 HEATING
  TODAY            7                         6      1        0
  MONTH TO DATE   81                       102    -21       73
  SINCE JUN 1    533                       590    -57      477
  SINCE JUL 1    265                       296    -31      228

 COOLING
  TODAY            0                         0      0       12
  MONTH TO DATE   24                         0     24       23
  SINCE JUN 1     35                        10     25       34
  SINCE JAN 1     35                        11     24       34
..................................................................


WIND (MPH)
  RESULTANT WIND SPEED   4   RESULTANT WIND DIRECTION   W (290)
  HIGHEST WIND SPEED    14   HIGHEST WIND DIRECTION    NW (330)
  HIGHEST GUST SPEED    20   HIGHEST GUST DIRECTION     W (290)
  AVERAGE WIND SPEED     5.1


SKY COVER
  AVERAGE SKY COVER 0.5


WEATHER CONDITIONS
 THE FOLLOWING WEATHER WAS RECORDED TODAY.
  FOG


RELATIVE HUMIDITY (PERCENT)
 HIGHEST    96           300 AM
 LOWEST     63           100 PM
 AVERAGE    80

..........................................................


THE QUILLAYUTE WA AIRPORT CLIMATE NORMALS FOR TOMORROW
                         NORMAL    RECORD    YEAR
 MAXIMUM TEMPERATURE (F)   69        86      2016
 MINIMUM TEMPERATURE (F)   50        43      1998
                                             1986


SUNRISE AND SUNSET
AUGUST 19 2017........SUNRISE   619 AM PDT   SUNSET   823 PM PDT
AUGUST 20 2017........SUNRISE   620 AM PDT   SUNSET   821 PM PDT


-  INDICATES NEGATIVE NUMBERS.
R  INDICATES RECORD WAS SET OR TIED.
MM INDICATES DATA IS MISSING.
T  INDICATES TRACE AMOUNT.




$$
