000
CDUS46 KSEW 230127
CLIUIL


CLIMATE REPORT
NATIONAL WEATHER SERVICE SEATTLE WA
527 PM PST THU FEB 22 2018


...................................

...THE QUILLAYUTE WA AIRPORT CLIMATE SUMMARY FOR FEBRUARY 22 2018...
VALID TODAY AS OF 0500 PM LOCAL TIME.

CLIMATE NORMAL PERIOD 1981 TO 2010
CLIMATE RECORD PERIOD 1966 TO 2018


WEATHER ITEM   OBSERVED TIME   RECORD YEAR NORMAL DEPARTURE LAST
                VALUE   (LST)  VALUE       VALUE  FROM      YEAR
                                                  NORMAL
..................................................................
TEMPERATURE (F)
 TODAY
  MAXIMUM         41    419 PM  61    2005  50     -9       45
                                      1981
                                      1973
  MINIMUM         28    756 AM  22    1993  35     -7       29
  AVERAGE         35                        42     -7       37

PRECIPITATION (IN)
  TODAY            0.00          2.50 2013   0.35  -0.35     0.20
  MONTH TO DATE    6.33                      8.17  -1.84    10.18
  SINCE OCT 1     66.65                     61.78   4.87    78.39
  SINCE JAN 1     28.43                     22.78   5.65    18.46

DEGREE DAYS
 HEATING
  TODAY           30                        23      7       28
  MONTH TO DATE  546                       506     40      520
  SINCE DEC 1   1949                      1997    -48     2219
  SINCE JUL 1   3483                      3711   -228     3646

 COOLING
  TODAY            0                         0      0        0
  MONTH TO DATE    0                         0      0        0
  SINCE DEC 1      0                         0      0        0
  SINCE JAN 1      0                         0      0        0
..................................................................


WIND (MPH)
  RESULTANT WIND SPEED  10   RESULTANT WIND DIRECTION  NE (40)
  HIGHEST WIND SPEED    18   HIGHEST WIND DIRECTION    NE (50)
  HIGHEST GUST SPEED    24   HIGHEST GUST DIRECTION    NE (40)
  AVERAGE WIND SPEED    10.5


SKY COVER
  AVERAGE SKY COVER 0.1


WEATHER CONDITIONS
 THE FOLLOWING WEATHER WAS RECORDED TODAY.
  NO SIGNIFICANT WEATHER WAS OBSERVED.


RELATIVE HUMIDITY (PERCENT)
 HIGHEST    92          1200 AM
 LOWEST     30           400 PM
 AVERAGE    61

..........................................................


THE QUILLAYUTE WA AIRPORT CLIMATE NORMALS FOR TOMORROW
                         NORMAL    RECORD    YEAR
 MAXIMUM TEMPERATURE (F)   50        62      2005
                                             1995
 MINIMUM TEMPERATURE (F)   35        25      2017


SUNRISE AND SUNSET
FEBRUARY 22 2018......SUNRISE   712 AM PST   SUNSET   552 PM PST
FEBRUARY 23 2018......SUNRISE   710 AM PST   SUNSET   554 PM PST


-  INDICATES NEGATIVE NUMBERS.
R  INDICATES RECORD WAS SET OR TIED.
MM INDICATES DATA IS MISSING.
T  INDICATES TRACE AMOUNT.




$$
