000
CDUS46 KSEW 030120
CLIUIL


CLIMATE REPORT
NATIONAL WEATHER SERVICE SEATTLE WA
620 PM PDT TUE SEP 2 2014


...................................

...THE QUILLAYUTE WA AIRPORT CLIMATE SUMMARY FOR SEPTEMBER 2 2014...
VALID TODAY AS OF 0600 PM LOCAL TIME.

CLIMATE NORMAL PERIOD 1981 TO 2010
CLIMATE RECORD PERIOD 1966 TO 2014


WEATHER ITEM   OBSERVED TIME   RECORD YEAR NORMAL DEPARTURE LAST
                VALUE   (LST)  VALUE       VALUE  FROM      YEAR
                                                  NORMAL
..................................................................
TEMPERATURE (F)
 TODAY
  MAXIMUM         64    221 PM  97    1988  68     -4       74
  MINIMUM         50    629 AM  35    1999  49      1       54
  AVERAGE         57                        59     -2       64

PRECIPITATION (IN)
  TODAY            0.14          1.28 1979   0.10   0.04     0.03
  MONTH TO DATE    0.15                      0.20  -0.05     0.03
  SINCE OCT 1     73.23                     95.92 -22.69   108.82
  SINCE JAN 1     56.00                     56.92  -0.92    61.85

DEGREE DAYS
 HEATING
  TODAY            8                         7      1        1
  MONTH TO DATE   14                        13      1        1
  SINCE SEP 1     14                        13      1        1
  SINCE JUL 1    264                       382   -118      173

 COOLING
  TODAY            0                         0      0        0
  MONTH TO DATE    0                         0      0        0
  SINCE SEP 1      0                         0      0        0
  SINCE JAN 1     18                        17      1       25
..................................................................


WIND (MPH)
  RESULTANT WIND SPEED   2   RESULTANT WIND DIRECTION   W (280)
  HIGHEST WIND SPEED    16   HIGHEST WIND DIRECTION     W (280)
  HIGHEST GUST SPEED    23   HIGHEST GUST DIRECTION     W (280)
  AVERAGE WIND SPEED     3.7


SKY COVER
  AVERAGE SKY COVER 0.9


WEATHER CONDITIONS
 THE FOLLOWING WEATHER WAS RECORDED TODAY.
  HEAVY RAIN
  RAIN
  LIGHT RAIN
  FOG
  FOG W/VISIBILITY <= 1/4 MILE


RELATIVE HUMIDITY (PERCENT)
 HIGHEST   100           200 AM
 LOWEST     78           300 PM
 AVERAGE    89

..........................................................


THE QUILLAYUTE WA AIRPORT CLIMATE NORMALS FOR TOMORROW
                         NORMAL    RECORD    YEAR
 MAXIMUM TEMPERATURE (F)   68        82      2011
 MINIMUM TEMPERATURE (F)   49        37      1999


SUNRISE AND SUNSET
SEPTEMBER  2 2014.....SUNRISE   638 AM PDT   SUNSET   757 PM PDT
SEPTEMBER  3 2014.....SUNRISE   639 AM PDT   SUNSET   755 PM PDT


-  INDICATES NEGATIVE NUMBERS.
R  INDICATES RECORD WAS SET OR TIED.
MM INDICATES DATA IS MISSING.
T  INDICATES TRACE AMOUNT.




$$
