000
CDUS43 KLSX 040734
CLIUIN


CLIMATE REPORT
NATIONAL WEATHER SERVICE ST LOUIS MO
133 AM CST WED MAR 4 2015


...................................

...THE QUINCY IL CLIMATE SUMMARY FOR MARCH 3 2015...

CLIMATE NORMAL PERIOD 1981 TO 2010
CLIMATE RECORD PERIOD 1901 TO 2015


WEATHER ITEM   OBSERVED TIME   RECORD YEAR NORMAL DEPARTURE LAST
                VALUE   (LST)  VALUE       VALUE  FROM      YEAR
                                                  NORMAL
..................................................................
TEMPERATURE (F)
 YESTERDAY
  MAXIMUM         39    244 PM  77    1946  46     -7       16
  MINIMUM         28   1159 PM  -9    2014  28      0       -9
  AVERAGE         34                        37     -3

PRECIPITATION (IN)
  YESTERDAY        0.02          1.44 1985   0.08  -0.06     0.00
  MONTH TO DATE    0.18                      0.24  -0.06     0.01
  SINCE MAR 1      0.18                      0.24  -0.06     0.01
  SINCE JAN 1      2.22                      3.64  -1.42     2.13

DEGREE DAYS
 HEATING
  YESTERDAY       31                        28      3
  MONTH TO DATE  111                        86     25
  SINCE MAR 1    111                        86     25
  SINCE JUL 1   4777                      4428    349

 COOLING
  YESTERDAY        0                         0      0
  MONTH TO DATE    0                         0      0
  SINCE MAR 1      0                         0      0
  SINCE JAN 1      0                         0      0
..................................................................


WIND (MPH)
  HIGHEST WIND SPEED    22   HIGHEST WIND DIRECTION     N (340)
  HIGHEST GUST SPEED    27   HIGHEST GUST DIRECTION     N (340)
  AVERAGE WIND SPEED    11.8


SKY COVER
  AVERAGE SKY COVER 0.9



RELATIVE HUMIDITY (PERCENT)
 HIGHEST    96          1000 AM
 LOWEST     69          1200 AM
 AVERAGE    83

..........................................................


THE QUINCY IL CLIMATE NORMALS FOR TODAY
                         NORMAL    RECORD    YEAR
 MAXIMUM TEMPERATURE (F)   46        73      1961
 MINIMUM TEMPERATURE (F)   28        -8      1978


SUNRISE AND SUNSET
MARCH  4 2015.........SUNRISE   634 AM CST   SUNSET   600 PM CST
MARCH  5 2015.........SUNRISE   632 AM CST   SUNSET   601 PM CST


-  INDICATES NEGATIVE NUMBERS.
R  INDICATES RECORD WAS SET OR TIED.
MM INDICATES DATA IS MISSING.
T  INDICATES TRACE AMOUNT.




$$
