000
CDUS43 KLSX 290729
CLIUIN


CLIMATE REPORT
NATIONAL WEATHER SERVICE ST LOUIS MO
228 AM CDT FRI MAY 29 2015


...................................

...THE QUINCY IL CLIMATE SUMMARY FOR MAY 28 2015...

CLIMATE NORMAL PERIOD 1981 TO 2010
CLIMATE RECORD PERIOD 1901 TO 2015


WEATHER ITEM   OBSERVED TIME   RECORD YEAR NORMAL DEPARTURE LAST
                VALUE   (LST)  VALUE       VALUE  FROM      YEAR
                                                  NORMAL
..................................................................
TEMPERATURE (F)
 YESTERDAY
  MAXIMUM         81    200 PM  94    1914  76      5       87
  MINIMUM         61    500 AM  38    1992  57      4       64
                                      1907
  AVERAGE         71                        66      5

PRECIPITATION (IN)
  YESTERDAY        0.02          1.75 1918   0.16  -0.14     0.15
  MONTH TO DATE    3.53                      4.08  -0.55     2.08
  SINCE MAR 1      6.18                     10.23  -4.05     6.21
  SINCE JAN 1      8.22                     13.63  -5.41     8.33

DEGREE DAYS
 HEATING
  YESTERDAY        0                         2     -2
  MONTH TO DATE   84                       130    -46
  SINCE MAR 1   1072                      1218   -146
  SINCE JUL 1   5738                      5560    178

 COOLING
  YESTERDAY        6                         4      2
  MONTH TO DATE  100                        55     45
  SINCE MAR 1    106                        73     33
  SINCE JAN 1    106                        73     33
..................................................................


WIND (MPH)
  HIGHEST WIND SPEED    21   HIGHEST WIND DIRECTION     W (260)
  HIGHEST GUST SPEED    25   HIGHEST GUST DIRECTION     W (260)
  AVERAGE WIND SPEED     7.6


SKY COVER
  AVERAGE SKY COVER 0.2



RELATIVE HUMIDITY (PERCENT)
 HIGHEST    87          1000 PM
 LOWEST     50           900 AM
 AVERAGE    69

..........................................................


THE QUINCY IL CLIMATE NORMALS FOR TODAY
                         NORMAL    RECORD    YEAR
 MAXIMUM TEMPERATURE (F)   77        96      1926
 MINIMUM TEMPERATURE (F)   57        38      1947


SUNRISE AND SUNSET
MAY 29 2015...........SUNRISE   540 AM CDT   SUNSET   825 PM CDT
MAY 30 2015...........SUNRISE   539 AM CDT   SUNSET   826 PM CDT


-  INDICATES NEGATIVE NUMBERS.
R  INDICATES RECORD WAS SET OR TIED.
MM INDICATES DATA IS MISSING.
T  INDICATES TRACE AMOUNT.




$$
