000
CDUS43 KLSX 240730
CLIUIN


CLIMATE REPORT
NATIONAL WEATHER SERVICE ST LOUIS MO
129 AM CST SAT FEB 24 2018


...................................

...THE QUINCY IL CLIMATE SUMMARY FOR FEBRUARY 23 2018...

CLIMATE NORMAL PERIOD 1981 TO 2010
CLIMATE RECORD PERIOD 1901 TO 2018


WEATHER ITEM   OBSERVED TIME   RECORD YEAR NORMAL DEPARTURE LAST
                VALUE   (LST)  VALUE       VALUE  FROM      YEAR
                                                  NORMAL
..................................................................
TEMPERATURE (F)
 YESTERDAY
  MAXIMUM         39    358 AM  70    1922  42     -3       57
  MINIMUM         33   1044 PM  -7    1989  25      8       42
  AVERAGE         36                        34      2

PRECIPITATION (IN)
  YESTERDAY        0.13          1.13 1909   0.07   0.06     0.01
  MONTH TO DATE    2.43                      1.48   0.95     0.41
  SINCE DEC 1      3.89                      5.25  -1.36     2.62
  SINCE JAN 1      3.72                      3.00   0.72     1.59

DEGREE DAYS
 HEATING
  YESTERDAY       29                        32     -3
  MONTH TO DATE  830                       804     26
  SINCE DEC 1   3127                      3090     37
  SINCE JUL 1   4074                      4190   -116

 COOLING
  YESTERDAY        0                         0      0
  MONTH TO DATE    0                         0      0
  SINCE DEC 1      0                         0      0
  SINCE JAN 1      0                         0      0
..................................................................


WIND (MPH)
  HIGHEST WIND SPEED    16   HIGHEST WIND DIRECTION     W (280)
  HIGHEST GUST SPEED    19   HIGHEST GUST DIRECTION     W (280)
  AVERAGE WIND SPEED     6.5


SKY COVER
  AVERAGE SKY COVER 0.9



RELATIVE HUMIDITY (PERCENT)
 HIGHEST   100          1200 AM
 LOWEST     85           100 PM
 AVERAGE    93

..........................................................


THE QUINCY IL CLIMATE NORMALS FOR TODAY
                         NORMAL    RECORD    YEAR
 MAXIMUM TEMPERATURE (F)   42        73      1930
 MINIMUM TEMPERATURE (F)   25        -2      1989


SUNRISE AND SUNSET
FEBRUARY 24 2018......SUNRISE   645 AM CST   SUNSET   551 PM CST
FEBRUARY 25 2018......SUNRISE   644 AM CST   SUNSET   552 PM CST


-  INDICATES NEGATIVE NUMBERS.
R  INDICATES RECORD WAS SET OR TIED.
MM INDICATES DATA IS MISSING.
T  INDICATES TRACE AMOUNT.




$$
