000
CDUS43 KLSX 220746
CLIUIN


CLIMATE REPORT
NATIONAL WEATHER SERVICE ST LOUIS MO
145 AM CST WED NOV 22 2017


...................................

...THE QUINCY IL CLIMATE SUMMARY FOR NOVEMBER 21 2017...

CLIMATE NORMAL PERIOD 1981 TO 2010
CLIMATE RECORD PERIOD 1901 TO 2017


WEATHER ITEM   OBSERVED TIME   RECORD YEAR NORMAL DEPARTURE LAST
                VALUE   (LST)  VALUE       VALUE  FROM      YEAR
                                                  NORMAL
..................................................................
TEMPERATURE (F)
 YESTERDAY
  MAXIMUM         49   1214 AM  74    1913  48      1       47
  MINIMUM         25   1159 PM   5    1937  31     -6       26
  AVERAGE         37                        40     -3

PRECIPITATION (IN)
  YESTERDAY        T             1.20 1908   0.10  -0.10     0.00
  MONTH TO DATE    1.30                      2.14  -0.84     0.81
  SINCE SEP 1      6.45                      8.45  -2.00     5.81
  SINCE JAN 1     32.60                     34.20  -1.60    29.50

DEGREE DAYS
 HEATING
  YESTERDAY       28                        25      3
  MONTH TO DATE  484                       427     57
  SINCE SEP 1    765                       846    -81
  SINCE JUL 1    765                       851    -86

 COOLING
  YESTERDAY        0                         0      0
  MONTH TO DATE    0                         0      0
  SINCE SEP 1    234                       140     94
  SINCE JAN 1   1229                      1093    136
..................................................................


WIND (MPH)
  HIGHEST WIND SPEED    25   HIGHEST WIND DIRECTION    NW (320)
  HIGHEST GUST SPEED    33   HIGHEST GUST DIRECTION     N (340)
  AVERAGE WIND SPEED    13.1


SKY COVER
  AVERAGE SKY COVER 0.2



RELATIVE HUMIDITY (PERCENT)
 HIGHEST    75          1000 PM
 LOWEST     41          1100 AM
 AVERAGE    58

..........................................................


THE QUINCY IL CLIMATE NORMALS FOR TODAY
                         NORMAL    RECORD    YEAR
 MAXIMUM TEMPERATURE (F)   48        75      2010
                                             1913
 MINIMUM TEMPERATURE (F)   31         8      1937


SUNRISE AND SUNSET
NOVEMBER 22 2017......SUNRISE   658 AM CST   SUNSET   444 PM CST
NOVEMBER 23 2017......SUNRISE   659 AM CST   SUNSET   443 PM CST


-  INDICATES NEGATIVE NUMBERS.
R  INDICATES RECORD WAS SET OR TIED.
MM INDICATES DATA IS MISSING.
T  INDICATES TRACE AMOUNT.




$$
