000
CDUS43 KLSX 040737
CLIUIN


CLIMATE REPORT
NATIONAL WEATHER SERVICE ST LOUIS MO
234 AM CDT TUE AUG 4 2015


...................................

...THE QUINCY IL CLIMATE SUMMARY FOR AUGUST 3 2015...

CLIMATE NORMAL PERIOD 1981 TO 2010
CLIMATE RECORD PERIOD 1901 TO 2015


WEATHER ITEM   OBSERVED TIME   RECORD YEAR NORMAL DEPARTURE LAST
                VALUE   (LST)  VALUE       VALUE  FROM      YEAR
                                                  NORMAL
..................................................................
TEMPERATURE (F)
 YESTERDAY
  MAXIMUM         83    424 PM 105    1947  85     -2       85
  MINIMUM         65    524 AM  50    1976  66     -1       59
                                      1950
  AVERAGE         74                        76     -2

PRECIPITATION (IN)
  YESTERDAY        0.00          2.87 1968   0.12  -0.12     0.00
  MONTH TO DATE    0.10                      0.36  -0.26     0.07
  SINCE JUN 1     18.05                      8.39   9.66    11.11
  SINCE JAN 1     26.73                     22.48   4.25    19.52

DEGREE DAYS
 HEATING
  YESTERDAY        0                         0      0
  MONTH TO DATE    0                         0      0
  SINCE JUN 1     11                        16     -5
  SINCE JUL 1      3                         0      3

 COOLING
  YESTERDAY        9                        11     -2
  MONTH TO DATE   35                        33      2
  SINCE JUN 1    618                       603     15
  SINCE JAN 1    732                       689     43
..................................................................


WIND (MPH)
  HIGHEST WIND SPEED    13   HIGHEST WIND DIRECTION     N (350)
  HIGHEST GUST SPEED    17   HIGHEST GUST DIRECTION     W (250)
  AVERAGE WIND SPEED     5.7


SKY COVER
  AVERAGE SKY COVER 0.2



RELATIVE HUMIDITY (PERCENT)
 HIGHEST    84           900 PM
 LOWEST     50          1200 AM
 AVERAGE    67

..........................................................


THE QUINCY IL CLIMATE NORMALS FOR TODAY
                         NORMAL    RECORD    YEAR
 MAXIMUM TEMPERATURE (F)   85       105      1947
                                             1934
 MINIMUM TEMPERATURE (F)   66        52      1978
                                             1966


SUNRISE AND SUNSET
AUGUST  4 2015........SUNRISE   606 AM CDT   SUNSET   815 PM CDT
AUGUST  5 2015........SUNRISE   607 AM CDT   SUNSET   814 PM CDT


-  INDICATES NEGATIVE NUMBERS.
R  INDICATES RECORD WAS SET OR TIED.
MM INDICATES DATA IS MISSING.
T  INDICATES TRACE AMOUNT.




$$
