000
CDUS43 KLSX 220727
CLIUIN


CLIMATE REPORT
NATIONAL WEATHER SERVICE ST LOUIS MO
226 AM CDT FRI SEP 22 2017


...................................

...THE QUINCY IL CLIMATE SUMMARY FOR SEPTEMBER 21 2017...

CLIMATE NORMAL PERIOD 1981 TO 2010
CLIMATE RECORD PERIOD 1901 TO 2017


WEATHER ITEM   OBSERVED TIME   RECORD YEAR NORMAL DEPARTURE LAST
                VALUE   (LST)  VALUE       VALUE  FROM      YEAR
                                                  NORMAL
..................................................................
TEMPERATURE (F)
 YESTERDAY
  MAXIMUM         87    452 PM  95    1940  75     12       89
  MINIMUM         73    738 AM  38    1995  53     20       70
                                      1991
                                      1918
  AVERAGE         80                        64     16

PRECIPITATION (IN)
  YESTERDAY        0.00          3.98 1947   0.12  -0.12     0.00
  MONTH TO DATE    0.67                      2.30  -1.63     3.09
  SINCE SEP 1      0.67                      2.30  -1.63     3.09
  SINCE JAN 1     26.82                     28.05  -1.23    26.78

DEGREE DAYS
 HEATING
  YESTERDAY        0                         4     -4
  MONTH TO DATE   19                        36    -17
  SINCE SEP 1     19                        36    -17
  SINCE JUL 1     19                        41    -22

 COOLING
  YESTERDAY       15                         3     12
  MONTH TO DATE  111                       104      7
  SINCE SEP 1    111                       104      7
  SINCE JAN 1   1106                      1057     49
..................................................................


WIND (MPH)
  HIGHEST WIND SPEED    17   HIGHEST WIND DIRECTION    SE (140)
  HIGHEST GUST SPEED    21   HIGHEST GUST DIRECTION    SE (130)
  AVERAGE WIND SPEED     9.1


SKY COVER
  AVERAGE SKY COVER 0.2



RELATIVE HUMIDITY (PERCENT)
 HIGHEST    82           500 AM
 LOWEST     57           500 PM
 AVERAGE    70

..........................................................


THE QUINCY IL CLIMATE NORMALS FOR TODAY
                         NORMAL    RECORD    YEAR
 MAXIMUM TEMPERATURE (F)   75        96      1937
 MINIMUM TEMPERATURE (F)   53        34      1995


SUNRISE AND SUNSET
SEPTEMBER 22 2017.....SUNRISE   653 AM CDT   SUNSET   701 PM CDT
SEPTEMBER 23 2017.....SUNRISE   654 AM CDT   SUNSET   700 PM CDT


-  INDICATES NEGATIVE NUMBERS.
R  INDICATES RECORD WAS SET OR TIED.
MM INDICATES DATA IS MISSING.
T  INDICATES TRACE AMOUNT.




$$
