000
CDUS46 KEKA 181211
CLIUKI


CLIMATE REPORT
NATIONAL WEATHER SERVICE EUREKA CA
410 AM PST SUN FEB 18 2018


...................................

...THE UKIAH CA CLIMATE SUMMARY FOR FEBRUARY 17 2018...

CLIMATE NORMAL PERIOD 1981 TO 2010
CLIMATE RECORD PERIOD 1903 TO 2018


WEATHER ITEM   OBSERVED TIME   RECORD YEAR NORMAL DEPARTURE LAST
                VALUE   (LST)  VALUE       VALUE  FROM      YEAR
                                                  NORMAL
..................................................................
TEMPERATURE (F)
 YESTERDAY
  MAXIMUM         71    241 PM  83    1939  61     10       55
  MINIMUM         34    647 AM  24    1932  39     -5       47
  AVERAGE         53                        50      3       51

PRECIPITATION (IN)
  YESTERDAY        0.00          4.12 1986   0.24  -0.24     1.01
  MONTH TO DATE    T                         3.71  -3.71     9.27
  SINCE OCT 1     12.00                     24.10 -12.10    41.30
  SINCE JAN 1      6.42                     10.72  -4.30    24.19

SNOWFALL (IN)
  YESTERDAY        0.0          MM      MM  MM     MM       MM
  MONTH TO DATE    0.0                      MM     MM        0.0
  SINCE DEC 1      0.0                      MM     MM        0.0
  SINCE JUL 1      0.0                      MM     MM        0.0
  SNOW DEPTH       0

DEGREE DAYS
 HEATING
  YESTERDAY       12                        15     -3       14
  MONTH TO DATE  186                       273    -87      191
  SINCE DEC 1   1248                      1450   -202     1412
  SINCE JUL 1   1781                      2073   -292     1949

 COOLING
  YESTERDAY        0                         0      0        0
  MONTH TO DATE    0                         0      0        0
  SINCE DEC 1      0                         0      0        0
  SINCE JAN 1      0                         0      0        0
..................................................................


WIND (MPH)
  HIGHEST WIND SPEED    16   HIGHEST WIND DIRECTION    NW (330)
  HIGHEST GUST SPEED    21   HIGHEST GUST DIRECTION     N (340)
  AVERAGE WIND SPEED     4.1


SKY COVER
  AVERAGE SKY COVER 0.0


WEATHER CONDITIONS
 THE FOLLOWING WEATHER WAS RECORDED YESTERDAY.
  NO SIGNIFICANT WEATHER WAS OBSERVED.


RELATIVE HUMIDITY (PERCENT)
 HIGHEST    89
 LOWEST     33
 AVERAGE    61

..........................................................


THE UKIAH CA CLIMATE NORMALS FOR TODAY
                         NORMAL    RECORD    YEAR
 MAXIMUM TEMPERATURE (F)   61        80      1977
 MINIMUM TEMPERATURE (F)   39        24      1917


SUNRISE AND SUNSET
FEBRUARY 18 2018......SUNRISE   700 AM PST   SUNSET   554 PM PST
FEBRUARY 19 2018......SUNRISE   659 AM PST   SUNSET   555 PM PST


-  INDICATES NEGATIVE NUMBERS.
R  INDICATES RECORD WAS SET OR TIED.
MM INDICATES DATA IS MISSING.
T  INDICATES TRACE AMOUNT.




$$
