000
CDUS46 KEKA 251215
CLIUKI


CLIMATE REPORT
NATIONAL WEATHER SERVICE EUREKA CA
515 AM PDT WED MAY 25 2016


...................................

...THE UKIAH CA CLIMATE SUMMARY FOR MAY 24 2016...

CLIMATE NORMAL PERIOD 1981 TO 2010
CLIMATE RECORD PERIOD 1903 TO 2016


WEATHER ITEM   OBSERVED TIME   RECORD YEAR NORMAL DEPARTURE LAST
                VALUE   (LST)  VALUE       VALUE  FROM      YEAR
                                                  NORMAL
..................................................................
TEMPERATURE (F)
 YESTERDAY
  MAXIMUM         72   1200 PM  99    1982  79     -7       85
  MINIMUM         52   1159 PM  32    1920  48      4       48
  AVERAGE         62                        63     -1       67

PRECIPITATION (IN)
  YESTERDAY        T             1.26 1931   0.03  -0.03     0.00
  MONTH TO DATE    0.45                      1.24  -0.79     0.40
  SINCE OCT 1     36.16                     36.24  -0.08    25.84
  SINCE JAN 1     23.95                     22.86   1.09     8.07

SNOWFALL (IN)
  YESTERDAY        0.0          MM      MM  MM     MM        0.0
  MONTH TO DATE    0.0                      MM     MM        0.0
  SINCE MAR 1      0.0                      MM     MM        0.0
  SINCE JUL 1      0.0                      MM     MM        0.0
  SNOW DEPTH       0

DEGREE DAYS
 HEATING
  YESTERDAY        3                         4     -1        0
  MONTH TO DATE   72                       119    -47       80
  SINCE MAR 1    596                       832   -236      483
  SINCE JUL 1   2535                      3065   -530     1997

 COOLING
  YESTERDAY        0                         2     -2        2
  MONTH TO DATE   25                        34     -9        9
  SINCE MAR 1     32                        42    -10       23
  SINCE JAN 1     32                        42    -10       23
..................................................................


WIND (MPH)
  HIGHEST WIND SPEED    16   HIGHEST WIND DIRECTION    NW (300)
  HIGHEST GUST SPEED    22   HIGHEST GUST DIRECTION    NW (300)
  AVERAGE WIND SPEED     2.4


SKY COVER
  AVERAGE SKY COVER 0.5


WEATHER CONDITIONS
 THE FOLLOWING WEATHER WAS RECORDED YESTERDAY.
  THUNDERSTORM
  RAIN
  LIGHT RAIN


RELATIVE HUMIDITY (PERCENT)
 HIGHEST    93
 LOWEST     49
 AVERAGE    71

..........................................................


THE UKIAH CA CLIMATE NORMALS FOR TODAY
                         NORMAL    RECORD    YEAR
 MAXIMUM TEMPERATURE (F)   79        98      1982
 MINIMUM TEMPERATURE (F)   48        33      1920


SUNRISE AND SUNSET
MAY 25 2016...........SUNRISE   552 AM PDT   SUNSET   828 PM PDT
MAY 26 2016...........SUNRISE   551 AM PDT   SUNSET   829 PM PDT


-  INDICATES NEGATIVE NUMBERS.
R  INDICATES RECORD WAS SET OR TIED.
MM INDICATES DATA IS MISSING.
T  INDICATES TRACE AMOUNT.




$$
