000
CDUS46 KEKA 021210
CLIUKI


CLIMATE REPORT
NATIONAL WEATHER SERVICE EUREKA CA
510 AM PDT THU JUL 2 2015


...................................

...THE UKIAH CA CLIMATE SUMMARY FOR JULY 1 2015...

CLIMATE NORMAL PERIOD 1981 TO 2010
CLIMATE RECORD PERIOD 1903 TO 2015


WEATHER ITEM   OBSERVED TIME   RECORD YEAR NORMAL DEPARTURE LAST
                VALUE   (LST)  VALUE       VALUE  FROM      YEAR
                                                  NORMAL
..................................................................
TEMPERATURE (F)
 YESTERDAY
  MAXIMUM        102   1143 AM 111    1924  88     14       95
  MINIMUM         62    513 AM  42    1955  56      6       58
  AVERAGE         82                        72     10       77

PRECIPITATION (IN)
  YESTERDAY        0.00          0.38 1983   0.00   0.00     0.00
  MONTH TO DATE    0.00                      0.00   0.00     0.00
  SINCE OCT 1     25.87                     36.76 -10.89    17.97
  SINCE JAN 1      8.10                     23.38 -15.28    16.63

SNOWFALL (IN)
  YESTERDAY        0.0          MM      MM  MM     MM        0.0
  MONTH TO DATE    0.0                      MM     MM        0.0
  SINCE JUN 1      0.0                      MM     MM        0.0
  SINCE JUL 1      0.0                      MM     MM        0.0
  SNOW DEPTH       0

DEGREE DAYS
 HEATING
  YESTERDAY        0                         0      0        0
  MONTH TO DATE    0                         0      0        0
  SINCE JUN 1      4                        32    -28        2
  SINCE JUL 1      0                         0      0        0

 COOLING
  YESTERDAY       17                         7     10       12
  MONTH TO DATE   17                         7     10       12
  SINCE JUN 1    308                       119    189      233
  SINCE JAN 1    356                       171    185      322
..................................................................


WIND (MPH)
  HIGHEST WIND SPEED    18   HIGHEST WIND DIRECTION    SE (140)
  HIGHEST GUST SPEED    24   HIGHEST GUST DIRECTION     S (160)
  AVERAGE WIND SPEED     4.6


SKY COVER
  AVERAGE SKY COVER 0.0


WEATHER CONDITIONS
 THE FOLLOWING WEATHER WAS RECORDED YESTERDAY.
  NO SIGNIFICANT WEATHER WAS OBSERVED.


RELATIVE HUMIDITY (PERCENT)
 HIGHEST    65
 LOWEST     17
 AVERAGE    41

..........................................................


THE UKIAH CA CLIMATE NORMALS FOR TODAY
                         NORMAL    RECORD    YEAR
 MAXIMUM TEMPERATURE (F)   89       110      2013
                                             1924
 MINIMUM TEMPERATURE (F)   56        40      1923


SUNRISE AND SUNSET
JULY  2 2015..........SUNRISE   551 AM PDT   SUNSET   843 PM PDT
JULY  3 2015..........SUNRISE   551 AM PDT   SUNSET   842 PM PDT


-  INDICATES NEGATIVE NUMBERS.
R  INDICATES RECORD WAS SET OR TIED.
MM INDICATES DATA IS MISSING.
T  INDICATES TRACE AMOUNT.




$$
