117
CDUS46 KEKA 250015
CLIUKI


CLIMATE REPORT
NATIONAL WEATHER SERVICE EUREKA CA
515 PM PDT SUN SEP 24 2017


...................................

...THE UKIAH CA CLIMATE SUMMARY FOR SEPTEMBER 24 2017...
VALID TODAY AS OF 0500 PM LOCAL TIME.

CLIMATE NORMAL PERIOD 1981 TO 2010
CLIMATE RECORD PERIOD 1903 TO 2017


WEATHER ITEM   OBSERVED RECORD YEAR NORMAL DEPARTURE LAST
                VALUE   VALUE       VALUE  FROM      YEAR
                                           NORMAL
...........................................................
TEMPERATURE (F)
 TODAY
  MAXIMUM         84    106    1964  86     -2       94
  MINIMUM         41     36    1958  48     -7       51
  AVERAGE         63                 67     -4       73

PRECIPITATION (IN)
  TODAY            0.00   0.48 1986   0.02  -0.02     0.00
  MONTH TO DATE    0.03               0.35  -0.32     0.00
  SINCE OCT 1     51.65              37.25  14.40    36.52
  SINCE JAN 1     34.54              23.87  10.67    24.31

SNOWFALL (IN)
  TODAY            0.0   MM          MM     MM        0.0
  MONTH TO DATE    0.0               MM     MM        0.0
  SINCE SEP 1      0.0               MM     MM        0.0
  SINCE JUL 1      0.0               MM     MM        0.0
  SNOW DEPTH       0

...........................................................


WIND (MPH)
  HIGHEST WIND SPEED    15   HIGHEST WIND DIRECTION    NW (300)
  HIGHEST GUST SPEED    22   HIGHEST GUST DIRECTION    NW (310)
  AVERAGE WIND SPEED     2.1


SKY COVER
  AVERAGE SKY COVER 0.0


WEATHER CONDITIONS
 THE FOLLOWING WEATHER WAS RECORDED TODAY.
  NO SIGNIFICANT WEATHER WAS OBSERVED.


RELATIVE HUMIDITY (PERCENT)
 HIGHEST    93
 LOWEST     13
 AVERAGE    53

..........................................................


THE UKIAH CA CLIMATE NORMALS FOR TOMORROW
                         NORMAL    RECORD    YEAR
 MAXIMUM TEMPERATURE (F)   85       104      2009
                                             1952
 MINIMUM TEMPERATURE (F)   48        36      1948


SUNRISE AND SUNSET
SEPTEMBER 24 2017.....SUNRISE   703 AM PDT   SUNSET   706 PM PDT
SEPTEMBER 25 2017.....SUNRISE   704 AM PDT   SUNSET   704 PM PDT


-  INDICATES NEGATIVE NUMBERS.
R  INDICATES RECORD WAS SET OR TIED.
MM INDICATES DATA IS MISSING.
T  INDICATES TRACE AMOUNT.




$$
