000
CDUS46 KEKA 250023
CLIUKI


CLIMATE REPORT
NATIONAL WEATHER SERVICE EUREKA CA
419 PM PST FRI FEB 24 2017


...................................

...THE UKIAH CA CLIMATE SUMMARY FOR FEBRUARY 24 2017...
VALID TODAY AS OF 0400 PM LOCAL TIME.

CLIMATE NORMAL PERIOD 1981 TO 2010
CLIMATE RECORD PERIOD 1903 TO 2017


WEATHER ITEM   OBSERVED RECORD YEAR NORMAL DEPARTURE LAST
                VALUE   VALUE       VALUE  FROM      YEAR
                                           NORMAL
...........................................................
TEMPERATURE (F)
 TODAY
  MAXIMUM         53     82    1947  62     -9       73
  MINIMUM         29     23    1920  40    -11       39
  AVERAGE         41                 51    -10       56

PRECIPITATION (IN)
  TODAY            0.00   4.65 1958   0.25  -0.25     0.00
  MONTH TO DATE   12.16               5.54   6.62     2.17
  SINCE OCT 1     44.19              25.93  18.26    25.16
  SINCE JAN 1     27.08              12.55  14.53    12.95

SNOWFALL (IN)
  TODAY            0.0   MM          MM     MM        0.0
  MONTH TO DATE    0.0               MM     MM        0.0
  SINCE DEC 1      0.0               MM     MM        0.0
  SINCE JUL 1      0.0               MM     MM        0.0
  SNOW DEPTH       0

...........................................................


WIND (MPH)
  HIGHEST WIND SPEED    10   HIGHEST WIND DIRECTION    SW (220)
  HIGHEST GUST SPEED    14   HIGHEST GUST DIRECTION    SW (240)
  AVERAGE WIND SPEED     1.3


SKY COVER
  AVERAGE SKY COVER 0.2


WEATHER CONDITIONS
 THE FOLLOWING WEATHER WAS RECORDED TODAY.
  NO SIGNIFICANT WEATHER WAS OBSERVED.


RELATIVE HUMIDITY (PERCENT)
 HIGHEST    92
 LOWEST     42
 AVERAGE    67

..........................................................


THE UKIAH CA CLIMATE NORMALS FOR TOMORROW
                         NORMAL    RECORD    YEAR
 MAXIMUM TEMPERATURE (F)   62        82      1992
 MINIMUM TEMPERATURE (F)   40        22      1920


SUNRISE AND SUNSET
FEBRUARY 24 2017......SUNRISE   652 AM PST   SUNSET   600 PM PST
FEBRUARY 25 2017......SUNRISE   651 AM PST   SUNSET   601 PM PST


-  INDICATES NEGATIVE NUMBERS.
R  INDICATES RECORD WAS SET OR TIED.
MM INDICATES DATA IS MISSING.
T  INDICATES TRACE AMOUNT.




$$
