000
CDUS46 KEKA 011221
CLIUKI


CLIMATE REPORT
NATIONAL WEATHER SERVICE EUREKA CA
421 AM PST SUN MAR 1 2015


...................................

...THE UKIAH CA CLIMATE SUMMARY FOR FEBRUARY 28 2015...

CLIMATE NORMAL PERIOD 1981 TO 2010
CLIMATE RECORD PERIOD 1903 TO 2015


WEATHER ITEM   OBSERVED TIME   RECORD YEAR NORMAL DEPARTURE LAST
                VALUE   (LST)  VALUE       VALUE  FROM      YEAR
                                                  NORMAL
..................................................................
TEMPERATURE (F)
 YESTERDAY
  MAXIMUM         62    350 PM  81    1926  62      0       58
  MINIMUM         35    705 AM  19    1962  40     -5       48
  AVERAGE         49                        51     -2       53

PRECIPITATION (IN)
  YESTERDAY       MM             2.75 1940   0.26  MM        0.75
  MONTH TO DATE    4.72                      6.54  -1.82     8.60
  SINCE OCT 1     22.95                     26.93  -3.98    10.51
  SINCE JAN 1      5.18                     13.55  -8.37     9.17

SNOWFALL (IN)
  YESTERDAY       MM            MM      MM  MM     MM       MM
  MONTH TO DATE    0.0                      MM     MM        0.0
  SINCE DEC 1      0.0                      MM     MM        0.0
  SINCE JUL 1      0.0                      MM     MM        0.0
  SNOW DEPTH       0

DEGREE DAYS
 HEATING
  YESTERDAY       16                        14      2       12
  MONTH TO DATE  267                       432   -165      382
  SINCE DEC 1   1113                      1610   -497     1482
  SINCE JUL 1   1514                      2233   -719     2007

 COOLING
  YESTERDAY        0                         0      0        0
  MONTH TO DATE    0                         0      0        0
  SINCE DEC 1      0                         0      0        0
  SINCE JAN 1      0                         0      0        0
..................................................................


WIND (MPH)
  HIGHEST WIND SPEED    15   HIGHEST WIND DIRECTION    NW (320)
  HIGHEST GUST SPEED    19   HIGHEST GUST DIRECTION    NW (310)
  AVERAGE WIND SPEED     1.8


SKY COVER
  AVERAGE SKY COVER 0.1


WEATHER CONDITIONS
 THE FOLLOWING WEATHER WAS RECORDED YESTERDAY.
  NO SIGNIFICANT WEATHER WAS OBSERVED.


RELATIVE HUMIDITY (PERCENT)
 HIGHEST    92
 LOWEST     36
 AVERAGE    64

..........................................................


THE UKIAH CA CLIMATE NORMALS FOR TODAY
                         NORMAL    RECORD    YEAR
 MAXIMUM TEMPERATURE (F)   62        83      1936
 MINIMUM TEMPERATURE (F)   40        24      1922


SUNRISE AND SUNSET
MARCH  1 2015.........SUNRISE   646 AM PST   SUNSET   605 PM PST
MARCH  2 2015.........SUNRISE   644 AM PST   SUNSET   606 PM PST


-  INDICATES NEGATIVE NUMBERS.
R  INDICATES RECORD WAS SET OR TIED.
MM INDICATES DATA IS MISSING.
T  INDICATES TRACE AMOUNT.




$$
