000
CDUS46 KEKA 251217
CLIUKI


CLIMATE REPORT
NATIONAL WEATHER SERVICE EUREKA CA
516 AM PDT TUE JUL 25 2017


...................................

...THE UKIAH CA CLIMATE SUMMARY FOR JULY 24 2017...

CLIMATE NORMAL PERIOD 1981 TO 2010
CLIMATE RECORD PERIOD 1903 TO 2017


WEATHER ITEM   OBSERVED TIME   RECORD YEAR NORMAL DEPARTURE LAST
                VALUE   (LST)  VALUE       VALUE  FROM      YEAR
                                                  NORMAL
..................................................................
TEMPERATURE (F)
 YESTERDAY
  MAXIMUM         86    439 PM 110    2006  94     -8      102
                                      1964
  MINIMUM         56    516 AM  43    1922  56      0       58
  AVERAGE         71                        75     -4       80

PRECIPITATION (IN)
  YESTERDAY        0.00          0.08 1937   0.00   0.00     0.00
  MONTH TO DATE    0.00                      0.04  -0.04      T
  SINCE OCT 1     51.62                     36.80  14.82    36.52
  SINCE JAN 1     34.51                     23.42  11.09    24.31

SNOWFALL (IN)
  YESTERDAY        0.0          MM      MM  MM     MM        0.0
  MONTH TO DATE    0.0                      MM     MM        0.0
  SINCE JUN 1      0.0                      MM     MM        0.0
  SINCE JUL 1      0.0                      MM     MM        0.0
  SNOW DEPTH       0

DEGREE DAYS
 HEATING
  YESTERDAY        0                         0      0        0
  MONTH TO DATE    0                         0      0        0
  SINCE JUN 1     25                        32     -7       22
  SINCE JUL 1      0                         0      0        0

 COOLING
  YESTERDAY        6                        10     -4       15
  MONTH TO DATE  277                       213     64      179
  SINCE JUN 1    520                       325    195      373
  SINCE JAN 1    614                       377    237      438
..................................................................


WIND (MPH)
  HIGHEST WIND SPEED    18   HIGHEST WIND DIRECTION    SE (140)
  HIGHEST GUST SPEED    26   HIGHEST GUST DIRECTION     S (160)
  AVERAGE WIND SPEED     7.2


SKY COVER
  AVERAGE SKY COVER 0.0


WEATHER CONDITIONS
 THE FOLLOWING WEATHER WAS RECORDED YESTERDAY.
  NO SIGNIFICANT WEATHER WAS OBSERVED.


RELATIVE HUMIDITY (PERCENT)
 HIGHEST    80
 LOWEST     30
 AVERAGE    55

..........................................................


THE UKIAH CA CLIMATE NORMALS FOR TODAY
                         NORMAL    RECORD    YEAR
 MAXIMUM TEMPERATURE (F)   94       110      2006
 MINIMUM TEMPERATURE (F)   56        43      1919


SUNRISE AND SUNSET
JULY 25 2017..........SUNRISE   607 AM PDT   SUNSET   831 PM PDT
JULY 26 2017..........SUNRISE   608 AM PDT   SUNSET   830 PM PDT


-  INDICATES NEGATIVE NUMBERS.
R  INDICATES RECORD WAS SET OR TIED.
MM INDICATES DATA IS MISSING.
T  INDICATES TRACE AMOUNT.




$$
