000
CDUS43 KSGF 020631
CLIUNO


CLIMATE REPORT
NATIONAL WEATHER SERVICE SPRINGFIELD MO
131 AM CDT TUE JUN 2 2015


...................................

...THE WEST PLAINS MO CLIMATE SUMMARY FOR JUNE 1 2015...

CLIMATE NORMAL PERIOD 1981 TO 2010
CLIMATE RECORD PERIOD 1947 TO 2015


WEATHER ITEM   OBSERVED TIME   RECORD YEAR NORMAL DEPARTURE LAST
                VALUE   (LST)  VALUE       VALUE  FROM      YEAR
                                                  NORMAL
..................................................................
TEMPERATURE (F)
 YESTERDAY
  MAXIMUM         68    410 PM  94    1951  81    -13       80
  MINIMUM         56    719 AM  39    1972  59     -3       64
  AVERAGE         62                        70     -8       72

PRECIPITATION (IN)
  YESTERDAY        0.00          2.87 1970   0.14  -0.14     0.03
  MONTH TO DATE    0.00                      0.14  -0.14     0.03
  SINCE JUN 1      0.00                      0.14  -0.14     0.03
  SINCE JAN 1     17.61                     19.41  -1.80    12.01

DEGREE DAYS
 HEATING
  YESTERDAY        3                         1      2        0
  MONTH TO DATE    3                         1      2        0
  SINCE JUN 1      3                         1      2        0
  SINCE JUL 1   4640                      4343    297     4857

 COOLING
  YESTERDAY        0                         6     -6        7
  MONTH TO DATE    0                         6     -6        7
  SINCE JUN 1      0                         6     -6        7
  SINCE JAN 1    122                       128     -6      157
..................................................................


WIND (MPH)
  HIGHEST WIND SPEED    10   HIGHEST WIND DIRECTION    NE (40)
  HIGHEST GUST SPEED    14   HIGHEST GUST DIRECTION    NE (30)
  AVERAGE WIND SPEED     5.4


SKY COVER
  AVERAGE SKY COVER 0.9


WEATHER CONDITIONS
 THE FOLLOWING WEATHER WAS RECORDED YESTERDAY.
  FOG


RELATIVE HUMIDITY (PERCENT)
 HIGHEST    93           100 AM
 LOWEST     68           200 PM
 AVERAGE    81

..........................................................


THE WEST PLAINS MO CLIMATE NORMALS FOR TODAY
                         NORMAL    RECORD    YEAR
 MAXIMUM TEMPERATURE (F)   81        95      1951
 MINIMUM TEMPERATURE (F)   59        43      1956
                                             1993


SUNRISE AND SUNSET
JUNE  2 2015..........SUNRISE   550 AM CDT   SUNSET   822 PM CDT
JUNE  3 2015..........SUNRISE   549 AM CDT   SUNSET   823 PM CDT


-  INDICATES NEGATIVE NUMBERS.
R  INDICATES RECORD WAS SET OR TIED.
MM INDICATES DATA IS MISSING.
T  INDICATES TRACE AMOUNT.




$$
