000
CDUS43 KSGF 170626
CLIUNO


CLIMATE REPORT
NATIONAL WEATHER SERVICE SPRINGFIELD MO
126 AM CDT THU AUG 17 2017


...................................

...THE WEST PLAINS MO CLIMATE SUMMARY FOR AUGUST 16 2017...

CLIMATE NORMAL PERIOD 1981 TO 2010
CLIMATE RECORD PERIOD 1947 TO 2017


WEATHER ITEM   OBSERVED TIME   RECORD YEAR NORMAL DEPARTURE LAST
                VALUE   (LST)  VALUE       VALUE  FROM      YEAR
                                                  NORMAL
..................................................................
TEMPERATURE (F)
 YESTERDAY
  MAXIMUM         87    455 PM 106    1954  90     -3       83
  MINIMUM         73    109 PM  50    1994  65      8       66
                                      2004
  AVERAGE         80                        78      2       75

PRECIPITATION (IN)
  YESTERDAY        0.57          1.43 1977   0.11   0.46     0.00
  MONTH TO DATE    2.22                      1.60   0.62     3.31
  SINCE JUN 1      6.22                      9.17  -2.95    17.06
  SINCE JAN 1     41.63                     28.44  13.19    31.80

DEGREE DAYS
 HEATING
  YESTERDAY        0                         0      0        0
  MONTH TO DATE    1                         0      1        0
  SINCE JUN 1      1                         5     -4        0
  SINCE JUL 1      1                         0      1        0

 COOLING
  YESTERDAY       15                        13      2       10
  MONTH TO DATE  141                       208    -67      215
  SINCE JUN 1    842                       879    -37     1020
  SINCE JAN 1    964                      1001    -37     1113
..................................................................


WIND (MPH)
  HIGHEST WIND SPEED    20   HIGHEST WIND DIRECTION    NW (320)
  HIGHEST GUST SPEED    25   HIGHEST GUST DIRECTION    NW (310)
  AVERAGE WIND SPEED     6.3


SKY COVER
  AVERAGE SKY COVER 0.6


WEATHER CONDITIONS
 THE FOLLOWING WEATHER WAS RECORDED YESTERDAY.
  THUNDERSTORM
  HEAVY RAIN
  RAIN
  LIGHT RAIN
  FOG


RELATIVE HUMIDITY (PERCENT)
 HIGHEST   100          1200 AM
 LOWEST     59           400 PM
 AVERAGE    80

..........................................................


THE WEST PLAINS MO CLIMATE NORMALS FOR TODAY
                         NORMAL    RECORD    YEAR
 MAXIMUM TEMPERATURE (F)   90       105      1954
 MINIMUM TEMPERATURE (F)   65        52      1994
                                             2004


SUNRISE AND SUNSET
AUGUST 17 2017........SUNRISE   627 AM CDT   SUNSET   756 PM CDT
AUGUST 18 2017........SUNRISE   627 AM CDT   SUNSET   755 PM CDT


-  INDICATES NEGATIVE NUMBERS.
R  INDICATES RECORD WAS SET OR TIED.
MM INDICATES DATA IS MISSING.
T  INDICATES TRACE AMOUNT.




$$
