000
CDUS43 KUNR 060850
CLIUNR


CLIMATE REPORT
NATIONAL WEATHER SERVICE RAPID CITY SD
150 AM MST TUE DEC 6 2016


...................................

...THE EAST RAPID CITY SD CLIMATE SUMMARY FOR DECEMBER 5 2016...

CLIMATE NORMAL PERIOD 1981 TO 2010
CLIMATE RECORD PERIOD 1888 TO 2016


WEATHER ITEM   OBSERVED RECORD YEAR NORMAL DEPARTURE LAST
                VALUE   VALUE       VALUE  FROM      YEAR
                                           NORMAL
...........................................................
TEMPERATURE (F)
 YESTERDAY
  MAXIMUM         44     79    1939  37      7       47
  MINIMUM         18     -9    1950  20     -2       34
  AVERAGE         31                 29      2       41

PRECIPITATION (IN)
  YESTERDAY        T      0.54 1906   0.01  -0.01     0.00
  MONTH TO DATE    T                  0.05  -0.05     0.24
  SINCE DEC 1      T                  0.05  -0.05     0.24
  SINCE JAN 1     12.95              19.52  -6.57    24.00

SNOWFALL (IN)
  YESTERDAY        T      9.0  1906   0.2   -0.2      0.0
  MONTH TO DATE    T                  0.9   -0.9      4.3
  SINCE DEC 1      T                  0.9   -0.9      4.3
  SINCE JUL 1      3.7                9.5   -5.8     10.3
  SNOW DEPTH       0

DEGREE DAYS
 HEATING
  YESTERDAY       34                 36     -2       24
  MONTH TO DATE  166                178    -12      136
  SINCE DEC 1    166                178    -12      136
  SINCE JUL 1   1197               1758   -561     1394

 COOLING
  YESTERDAY        0                  0      0        0
  MONTH TO DATE    0                  0      0        0
  SINCE DEC 1      0                  0      0        0
  SINCE JAN 1    813                665    148      716
...........................................................


WIND (MPH)
  HIGHEST GUST SPEED    46   HIGHEST GUST DIRECTION    NW (320)



WEATHER CONDITIONS
 THE FOLLOWING WEATHER WAS RECORDED YESTERDAY.
  NO SIGNIFICANT WEATHER WAS OBSERVED.


..........................................................


THE EAST RAPID CITY SD CLIMATE NORMALS FOR TODAY
                         NORMAL    RECORD    YEAR
 MAXIMUM TEMPERATURE (F)   37        75      1939
 MINIMUM TEMPERATURE (F)   20       -13      2013


SUNRISE AND SUNSET
DECEMBER  6 2016......SUNRISE   714 AM MST   SUNSET   415 PM MST
DECEMBER  7 2016......SUNRISE   715 AM MST   SUNSET   414 PM MST


-  INDICATES NEGATIVE NUMBERS.
R  INDICATES RECORD WAS SET OR TIED.
MM INDICATES DATA IS MISSING.
T  INDICATES TRACE AMOUNT.




$$
