000
CDUS43 KUNR 010038
CLIUNR


CLIMATE REPORT
NATIONAL WEATHER SERVICE RAPID CITY SD
638 PM MDT FRI OCT 31 2014


...................................

...THE EAST RAPID CITY SD CLIMATE SUMMARY FOR OCTOBER 31 2014...
VALID TODAY AS OF 0500 PM LOCAL TIME.

CLIMATE NORMAL PERIOD 1981 TO 2010
CLIMATE RECORD PERIOD 1888 TO 2014


WEATHER ITEM   OBSERVED RECORD YEAR NORMAL DEPARTURE LAST
                VALUE   VALUE       VALUE  FROM      YEAR
                                           NORMAL
...........................................................
TEMPERATURE (F)
 TODAY
  MAXIMUM         52     80    1937  54     -2       52
  MINIMUM         28      6    1935  33     -5       36
  AVERAGE         40                 43     -3       44

PRECIPITATION (IN)
  TODAY            0.00   0.81 1920   0.04  -0.04     0.01
  MONTH TO DATE    0.47               1.65  -1.18     5.44
  SINCE SEP 1      5.29               3.19   2.10     6.39
  SINCE JAN 1     22.69              18.87   3.82    22.14

SNOWFALL (IN)
  TODAY            0.0    5.6  1920   0.1   -0.1      0.0
  MONTH TO DATE    T                  2.3   -2.3     25.5
  SINCE SEP 1      1.6                2.4   -0.8     25.5
  SINCE JUL 1      1.6                2.4   -0.8     25.5
  SNOW DEPTH       0

DEGREE DAYS
 HEATING
  TODAY           25                 22      3       21
  MONTH TO DATE  369                520   -151      636
  SINCE SEP 1    554                699   -145      725
  SINCE JUL 1    578                729   -151      731

 COOLING
  TODAY            0                  0      0        0
  MONTH TO DATE    0                  4     -4        0
  SINCE SEP 1     78                 70      8      145
  SINCE JAN 1    514                665   -151      830
...........................................................





WEATHER CONDITIONS
 THE FOLLOWING WEATHER WAS RECORDED TODAY.
  NO SIGNIFICANT WEATHER WAS OBSERVED.


..........................................................


THE EAST RAPID CITY SD CLIMATE NORMALS FOR TOMORROW
                         NORMAL    RECORD    YEAR
 MAXIMUM TEMPERATURE (F)   53        76      1965
 MINIMUM TEMPERATURE (F)   33         5      1935


SUNRISE AND SUNSET
OCTOBER 31 2014.......SUNRISE   728 AM MDT   SUNSET   544 PM MDT
NOVEMBER  1 2014......SUNRISE   729 AM MDT   SUNSET   543 PM MDT


-  INDICATES NEGATIVE NUMBERS.
R  INDICATES RECORD WAS SET OR TIED.
MM INDICATES DATA IS MISSING.
T  INDICATES TRACE AMOUNT.




$$
