000
CDUS43 KUNR 291831
CLIUNR


CLIMATE REPORT
NATIONAL WEATHER SERVICE RAPID CITY SD
1231 PM MDT MON AUG 29 2016


...................................

...THE EAST RAPID CITY SD CLIMATE SUMMARY FOR AUGUST 29 2016...
VALID AS OF 1100 AM LOCAL TIME.

CLIMATE NORMAL PERIOD 1981 TO 2010
CLIMATE RECORD PERIOD 1888 TO 2016


WEATHER ITEM   OBSERVED RECORD YEAR NORMAL DEPARTURE LAST
                VALUE   VALUE       VALUE  FROM      YEAR
                                           NORMAL
...........................................................
TEMPERATURE (F)
 TODAY
  MAXIMUM         74    106    2012  81     -7       94
  MINIMUM         63     43    1935  57      6       62
  AVERAGE         69                 69      0       78

PRECIPITATION (IN)
  TODAY            0.00   1.15 2011   0.05  -0.05     0.00
  MONTH TO DATE    3.32               1.87   1.45     1.87
  SINCE JUN 1      6.76               7.53  -0.77    12.36
  SINCE JAN 1     11.30              15.58  -4.28    21.72

SNOWFALL (IN)
  TODAY            0.0    0.0  2002   0.0    0.0      0.0
                               2001
                               2000
  MONTH TO DATE    0.0                0.0    0.0      0.0
  SINCE JUN 1      0.0                0.0    0.0      0.0
  SINCE JUL 1      0.0                0.0    0.0      0.0
  SNOW DEPTH       0

DEGREE DAYS
 HEATING
  TODAY            0                  1     -1        0
  MONTH TO DATE   24                  9     15       29
  SINCE JUN 1     30                109    -79       63
  SINCE JUL 1     25                 21      4       30

 COOLING
  TODAY            4                  5     -1       13
  MONTH TO DATE  207                216     -9      216
  SINCE JUN 1    737                567    170      546
  SINCE JAN 1    743                585    158      554
...........................................................





WEATHER CONDITIONS
 THE FOLLOWING WEATHER WAS RECORDED TODAY.
  NO SIGNIFICANT WEATHER WAS OBSERVED.


..........................................................


THE EAST RAPID CITY SD CLIMATE NORMALS FOR TOMORROW
                         NORMAL    RECORD    YEAR
 MAXIMUM TEMPERATURE (F)   80       101      2015
                                             1948
 MINIMUM TEMPERATURE (F)   57        41      1935


SUNRISE AND SUNSET
AUGUST 29 2016........SUNRISE   613 AM MDT   SUNSET   733 PM MDT
AUGUST 30 2016........SUNRISE   614 AM MDT   SUNSET   731 PM MDT


-  INDICATES NEGATIVE NUMBERS.
R  INDICATES RECORD WAS SET OR TIED.
MM INDICATES DATA IS MISSING.
T  INDICATES TRACE AMOUNT.




$$
