000
CDUS43 KUNR 210041
CLIUNR


CLIMATE REPORT
NATIONAL WEATHER SERVICE RAPID CITY SD
541 PM MST SAT DEC 20 2014


...................................

...THE EAST RAPID CITY SD CLIMATE SUMMARY FOR DECEMBER 20 2014...
VALID TODAY AS OF 0500 PM LOCAL TIME.

CLIMATE NORMAL PERIOD 1981 TO 2010
CLIMATE RECORD PERIOD 1888 TO 2014


WEATHER ITEM   OBSERVED RECORD YEAR NORMAL DEPARTURE LAST
                VALUE   VALUE       VALUE  FROM      YEAR
                                           NORMAL
...........................................................
TEMPERATURE (F)
 TODAY
  MAXIMUM         50     72    1894  36     14       22
  MINIMUM         35    -28    1916  17     18       -7
  AVERAGE         43                 26     17        8

PRECIPITATION (IN)
  TODAY            0.00   0.36 1911   0.01  -0.01     0.00
  MONTH TO DATE    0.01               0.19  -0.18     0.49
  SINCE DEC 1      0.01               0.19  -0.18     0.49
  SINCE JAN 1     23.36              19.66   3.70    22.95

SNOWFALL (IN)
  TODAY            0.0    1.3  1967   0.2   -0.2      0.0
  MONTH TO DATE    0.3                3.4   -3.1      7.9
  SINCE DEC 1      0.3                3.4   -3.1      7.9
  SINCE JUL 1     15.6               12.0    3.6     37.7
  SNOW DEPTH       0

DEGREE DAYS
 HEATING
  TODAY           22                 38    -16       57
  MONTH TO DATE  573                743   -170      898
  SINCE DEC 1    573                743   -170      898
  SINCE JUL 1   2187               2323   -136     2487

 COOLING
  TODAY            0                  0      0        0
  MONTH TO DATE    0                  0      0        0
  SINCE DEC 1      0                  0      0        0
  SINCE JAN 1    514                665   -151      830
...........................................................





WEATHER CONDITIONS
 THE FOLLOWING WEATHER WAS RECORDED TODAY.
  NO SIGNIFICANT WEATHER WAS OBSERVED.


..........................................................


THE EAST RAPID CITY SD CLIMATE NORMALS FOR TOMORROW
                         NORMAL    RECORD    YEAR
 MAXIMUM TEMPERATURE (F)   36        65      1933
 MINIMUM TEMPERATURE (F)   17       -17      1924


SUNRISE AND SUNSET
DECEMBER 20 2014......SUNRISE   724 AM MST   SUNSET   417 PM MST
DECEMBER 21 2014......SUNRISE   725 AM MST   SUNSET   417 PM MST


-  INDICATES NEGATIVE NUMBERS.
R  INDICATES RECORD WAS SET OR TIED.
MM INDICATES DATA IS MISSING.
T  INDICATES TRACE AMOUNT.




$$
