000
CDUS43 KUNR 280039
CLIUNR


CLIMATE REPORT
NATIONAL WEATHER SERVICE RAPID CITY SD
539 PM MST THU NOV 27 2014


...................................

...THE EAST RAPID CITY SD CLIMATE SUMMARY FOR NOVEMBER 27 2014...
VALID TODAY AS OF 0500 PM LOCAL TIME.

CLIMATE NORMAL PERIOD 1981 TO 2010
CLIMATE RECORD PERIOD 1888 TO 2014


WEATHER ITEM   OBSERVED RECORD YEAR NORMAL DEPARTURE LAST
                VALUE   VALUE       VALUE  FROM      YEAR
                                           NORMAL
...........................................................
TEMPERATURE (F)
 TODAY
  MAXIMUM         37     72    1949  40     -3       60
  MINIMUM         19     -5    1955  23     -4       16
  AVERAGE         28                 32     -4       38

PRECIPITATION (IN)
  TODAY            T      0.31 1905   0.01  -0.01     0.00
  MONTH TO DATE    0.63               0.57   0.06     0.32
  SINCE SEP 1      5.92               3.76   2.16     6.71
  SINCE JAN 1     23.32              19.44   3.88    22.46

SNOWFALL (IN)
  TODAY            T      2.8  1905   0.1   -0.1      0.0
  MONTH TO DATE   12.9                5.6    7.3      4.3
  SINCE SEP 1     14.5                8.0    6.5     29.8
  SINCE JUL 1     14.5                8.0    6.5     29.8
  SNOW DEPTH       0

DEGREE DAYS
 HEATING
  TODAY           37                 33      4       27
  MONTH TO DATE  941                748    193      768
  SINCE SEP 1   1495               1447     48     1493
  SINCE JUL 1   1519               1477     42     1499

 COOLING
  TODAY            0                  0      0        0
  MONTH TO DATE    0                  0      0        0
  SINCE SEP 1     78                 70      8      145
  SINCE JAN 1    514                665   -151      830
...........................................................





WEATHER CONDITIONS
 THE FOLLOWING WEATHER WAS RECORDED TODAY.
  LIGHT SNOW


..........................................................


THE EAST RAPID CITY SD CLIMATE NORMALS FOR TOMORROW
                         NORMAL    RECORD    YEAR
 MAXIMUM TEMPERATURE (F)   40        68      1932
 MINIMUM TEMPERATURE (F)   23        -9      1896


SUNRISE AND SUNSET
NOVEMBER 27 2014......SUNRISE   703 AM MST   SUNSET   418 PM MST
NOVEMBER 28 2014......SUNRISE   704 AM MST   SUNSET   417 PM MST


-  INDICATES NEGATIVE NUMBERS.
R  INDICATES RECORD WAS SET OR TIED.
MM INDICATES DATA IS MISSING.
T  INDICATES TRACE AMOUNT.




$$
