000
CDUS43 KUNR 211831
CLIUNR


CLIMATE REPORT
NATIONAL WEATHER SERVICE RAPID CITY SD
1230 PM MDT THU SEP 21 2017


...................................

...THE EAST RAPID CITY SD CLIMATE SUMMARY FOR SEPTEMBER 21 2017...
VALID AS OF 1100 AM LOCAL TIME.

CLIMATE NORMAL PERIOD 1981 TO 2010
CLIMATE RECORD PERIOD 1888 TO 2017


WEATHER ITEM   OBSERVED RECORD YEAR NORMAL DEPARTURE LAST
                VALUE   VALUE       VALUE  FROM      YEAR
                                           NORMAL
...........................................................
TEMPERATURE (F)
 TODAY
  MAXIMUM         70     93    1922  70      0       71
  MINIMUM         50     32    1954  48      2       54
  AVERAGE         60                 59      1       63

PRECIPITATION (IN)
  TODAY            0.00   1.56 1910   0.06  -0.06     0.00
  MONTH TO DATE    1.16               1.10   0.06     0.48
  SINCE SEP 1      1.16               1.10   0.06     0.48
  SINCE JAN 1     11.13              16.78  -5.65    11.78

SNOWFALL (IN)
  TODAY            0.0    0.0  2002   0.0    0.0      0.0
                               2001
                               2000
  MONTH TO DATE    0.0                0.0    0.0      0.0
  SINCE SEP 1      0.0                0.0    0.0      0.0
  SINCE JUL 1      0.0                0.0    0.0      0.0
  SNOW DEPTH       0

DEGREE DAYS
 HEATING
  TODAY            5                  8     -3        2
  MONTH TO DATE   79                 92    -13       58
  SINCE SEP 1     79                 92    -13       58
  SINCE JUL 1     84                122    -38       83

 COOLING
  TODAY            0                  1     -1        0
  MONTH TO DATE  113                 60     53       47
  SINCE SEP 1    113                 60     53       47
  SINCE JAN 1    850                655    195      807
...........................................................





WEATHER CONDITIONS
 THE FOLLOWING WEATHER WAS RECORDED TODAY.
  NO SIGNIFICANT WEATHER WAS OBSERVED.


..........................................................


THE EAST RAPID CITY SD CLIMATE NORMALS FOR TOMORROW
                         NORMAL    RECORD    YEAR
 MAXIMUM TEMPERATURE (F)   69        94      1936
 MINIMUM TEMPERATURE (F)   47        30      1895


SUNRISE AND SUNSET
SEPTEMBER 21 2017.....SUNRISE   639 AM MDT   SUNSET   652 PM MDT
SEPTEMBER 22 2017.....SUNRISE   640 AM MDT   SUNSET   650 PM MDT


-  INDICATES NEGATIVE NUMBERS.
R  INDICATES RECORD WAS SET OR TIED.
MM INDICATES DATA IS MISSING.
T  INDICATES TRACE AMOUNT.




$$
