000
CDUS43 KUNR 230834
CLIUNR


CLIMATE REPORT
NATIONAL WEATHER SERVICE RAPID CITY SD
234 AM MDT SUN APR 23 2017


...................................

...THE EAST RAPID CITY SD CLIMATE SUMMARY FOR APRIL 22 2017...

CLIMATE NORMAL PERIOD 1981 TO 2010
CLIMATE RECORD PERIOD 1888 TO 2017


WEATHER ITEM   OBSERVED RECORD YEAR NORMAL DEPARTURE LAST
                VALUE   VALUE       VALUE  FROM      YEAR
                                           NORMAL
...........................................................
TEMPERATURE (F)
 YESTERDAY
  MAXIMUM         66     85    1939  58      8       81
  MINIMUM         34     17    1967  36     -2       39
  AVERAGE         50                 47      3       60

PRECIPITATION (IN)
  YESTERDAY        0.00   1.25 2001   0.08  -0.08     0.00
  MONTH TO DATE    1.23               1.38  -0.15     0.42
  SINCE MAR 1      2.03               2.37  -0.34     1.47
  SINCE JAN 1      2.82               3.14  -0.32     2.28

SNOWFALL (IN)
  YESTERDAY        0.0   19.2  2001   0.3   -0.3      0.0
  MONTH TO DATE    1.4                7.2   -5.8      1.2
  SINCE MAR 1      2.7               19.0  -16.3      9.1
  SINCE JUL 1     35.9               45.7   -9.8     39.0
  SNOW DEPTH       0

DEGREE DAYS
 HEATING
  YESTERDAY       15                 18     -3        5
  MONTH TO DATE  355                475   -120      339
  SINCE MAR 1   1124               1383   -259     1024
  SINCE JUL 1   5720               6337   -617     5273

 COOLING
  YESTERDAY        0                  0      0        0
  MONTH TO DATE    0                  0      0        0
  SINCE MAR 1      0                  0      0        0
  SINCE JAN 1      0                  0      0        0
...........................................................


WIND (MPH)
  HIGHEST GUST SPEED    30   HIGHEST GUST DIRECTION     S (190)



WEATHER CONDITIONS
 THE FOLLOWING WEATHER WAS RECORDED YESTERDAY.
  NO SIGNIFICANT WEATHER WAS OBSERVED.


..........................................................


THE EAST RAPID CITY SD CLIMATE NORMALS FOR TODAY
                         NORMAL    RECORD    YEAR
 MAXIMUM TEMPERATURE (F)   58        85      1906
 MINIMUM TEMPERATURE (F)   37        16      1902


SUNRISE AND SUNSET
APRIL 23 2017.........SUNRISE   556 AM MDT   SUNSET   747 PM MDT
APRIL 24 2017.........SUNRISE   554 AM MDT   SUNSET   748 PM MDT


-  INDICATES NEGATIVE NUMBERS.
R  INDICATES RECORD WAS SET OR TIED.
MM INDICATES DATA IS MISSING.
T  INDICATES TRACE AMOUNT.




$$
