732
CDUS43 KUNR 250837
CLIUNR


CLIMATE REPORT
NATIONAL WEATHER SERVICE RAPID CITY SD
234 AM MDT SAT MAR 25 2017


...................................

...THE EAST RAPID CITY SD CLIMATE SUMMARY FOR MARCH 24 2017...

CLIMATE NORMAL PERIOD 1981 TO 2010
CLIMATE RECORD PERIOD 1888 TO 2017


WEATHER ITEM   OBSERVED RECORD YEAR NORMAL DEPARTURE LAST
                VALUE   VALUE       VALUE  FROM      YEAR
                                           NORMAL
...........................................................
TEMPERATURE (F)
 YESTERDAY
  MAXIMUM         59     77    1939  49     10       51
  MINIMUM         42     -3    1965  27     15       22
  AVERAGE         51                 38     13       37

PRECIPITATION (IN)
  YESTERDAY        T      0.46 1902   0.05  -0.05     0.00
  MONTH TO DATE    0.45               0.69  -0.24     0.49
  SINCE MAR 1      0.45               0.69  -0.24     0.49
  SINCE JAN 1      1.24               1.46  -0.22     1.30

SNOWFALL (IN)
  YESTERDAY        0.0   10.2  1937   0.4   -0.4      0.0
  MONTH TO DATE    1.3                9.0   -7.7      3.9
  SINCE MAR 1      1.3                9.0   -7.7      3.9
  SINCE JUL 1     34.5               35.7   -1.2     33.8
  SNOW DEPTH       0

DEGREE DAYS
 HEATING
  YESTERDAY       14                 27    -13       28
  MONTH TO DATE  612                726   -114      505
  SINCE MAR 1    612                726   -114      505
  SINCE JUL 1   5208               5680   -472     4754

 COOLING
  YESTERDAY        0                  0      0        0
  MONTH TO DATE    0                  0      0        0
  SINCE MAR 1      0                  0      0        0
  SINCE JAN 1      0                  0      0        0
...........................................................


WIND (MPH)
  HIGHEST GUST SPEED    26   HIGHEST GUST DIRECTION     N (10)



WEATHER CONDITIONS
 THE FOLLOWING WEATHER WAS RECORDED YESTERDAY.
  LIGHT RAIN


..........................................................


THE EAST RAPID CITY SD CLIMATE NORMALS FOR TODAY
                         NORMAL    RECORD    YEAR
 MAXIMUM TEMPERATURE (F)   49        75      2007
 MINIMUM TEMPERATURE (F)   27        -6      1955


SUNRISE AND SUNSET
MARCH 25 2017.........SUNRISE   646 AM MDT   SUNSET   712 PM MDT
MARCH 26 2017.........SUNRISE   645 AM MDT   SUNSET   713 PM MDT


-  INDICATES NEGATIVE NUMBERS.
R  INDICATES RECORD WAS SET OR TIED.
MM INDICATES DATA IS MISSING.
T  INDICATES TRACE AMOUNT.




$$
