000
CDUS44 KCRP 131014
CLIVCT

CLIMATE REPORT
NATIONAL WEATHER SERVICE CORPUS CHRISTI TX
414 AM CST SAT FEB 13 2016


...................................

...THE VICTORIA CLIMATE SUMMARY FOR FEBRUARY 12 2016...

CLIMATE NORMAL PERIOD 1981 TO 2010
CLIMATE RECORD PERIOD 1893 TO 2016


WEATHER ITEM   OBSERVED TIME   RECORD YEAR NORMAL DEPARTURE LAST
                VALUE   (LST)  VALUE       VALUE  FROM      YEAR
                                                  NORMAL
..................................................................
TEMPERATURE (F)
 YESTERDAY
  MAXIMUM         82    427 PM  85    1927  68     14       67
                                      1926
  MINIMUM         51   1128 PM  22    1981  46      5       50
                                      1905
  AVERAGE         67                        57     10       59

PRECIPITATION (IN)
  YESTERDAY        0.00          0.79 1960   0.08  -0.08     0.00
  MONTH TO DATE    T                         0.87  -0.87     0.61
  SINCE DEC 1      4.75                      5.70  -0.95     5.89
  SINCE JAN 1      3.15                      3.39  -0.24     3.68

SNOWFALL (IN)
  YESTERDAY        0.0
  MONTH TO DATE    0.0
  SINCE DEC 1      0.0
  SINCE JUL 1      0.0
  SNOW DEPTH       0

DEGREE DAYS
 HEATING
  YESTERDAY        0                         9     -9        6
  MONTH TO DATE  117                       118     -1       93
  SINCE DEC 1    697                       807   -110      692
  SINCE JUL 1    795                       970   -175      883

 COOLING
  YESTERDAY        2                         1      1        0
  MONTH TO DATE    8                        12     -4        6
  SINCE DEC 1     69                        53     16       33
  SINCE JAN 1     13                        26    -13        7
..................................................................


WIND (MPH)
  HIGHEST WIND SPEED    16   HIGHEST WIND DIRECTION    SE (150)
  HIGHEST GUST SPEED    19   HIGHEST GUST DIRECTION    SE (150)
  AVERAGE WIND SPEED     6.2


SKY COVER
  POSSIBLE SUNSHINE  MM
  AVERAGE SKY COVER 0.3


WEATHER CONDITIONS
 THE FOLLOWING WEATHER WAS RECORDED YESTERDAY.
  FOG
  FOG W/VISIBILITY <= 1/4 MILE


RELATIVE HUMIDITY (PERCENT)
 HIGHEST   100           200 AM
 LOWEST     42           300 PM
 AVERAGE    71

..........................................................


THE VICTORIA CLIMATE NORMALS FOR TODAY
                         NORMAL    RECORD    YEAR
 MAXIMUM TEMPERATURE (F)   68        86      1926
 MINIMUM TEMPERATURE (F)   46        15      1905


SUNRISE AND SUNSET
FEBRUARY 13 2016......SUNRISE   708 AM CST   SUNSET   616 PM CST
FEBRUARY 14 2016......SUNRISE   707 AM CST   SUNSET   617 PM CST


-  INDICATES NEGATIVE NUMBERS.
R  INDICATES RECORD WAS SET OR TIED.
MM INDICATES DATA IS MISSING.
T  INDICATES TRACE AMOUNT.




$$
