000
CDUS44 KCRP 010047 RRA
CLIVCT

CLIMATE REPORT
NATIONAL WEATHER SERVICE CORPUS CHRISTI TX
744 PM CDT TUE MAY 31 2016


...................................

...THE VICTORIA CLIMATE SUMMARY FOR MAY 31 2016...
VALID TODAY AS OF 700 PM LOCAL TIME.

CLIMATE NORMAL PERIOD 1981 TO 2010
CLIMATE RECORD PERIOD 1893 TO 2016


WEATHER ITEM   OBSERVED TIME   RECORD YEAR NORMAL DEPARTURE LAST
                VALUE   (LST)  VALUE       VALUE  FROM      YEAR
                                                  NORMAL
..................................................................
TEMPERATURE (F)
 TODAY
  MAXIMUM         89    130 PM  98    1911  90     -1       86
  MINIMUM         73    438 AM  54    1984  70      3       68
  AVERAGE         81                        80      1       77

PRECIPITATION (IN)
  TODAY            0.01          1.46 1970   0.17  -0.16     0.00
  MONTH TO DATE    5.84                      5.19   0.65     8.50
  SINCE MAR 1     14.75                     10.78   3.97    23.68
  SINCE JAN 1     19.69                     15.38   4.31    27.73

SNOWFALL (IN)
  TODAY            0.0
  MONTH TO DATE    0.0
  SINCE MAR 1      0.0
  SINCE JUL 1      0.0
  SNOW DEPTH       0

DEGREE DAYS
 HEATING
  TODAY            0                         0      0        0
  MONTH TO DATE    0                         0      0        0
  SINCE MAR 1     63                       156    -93      140
  SINCE JUL 1    913                      1249   -336     1220

 COOLING
  TODAY           16                        15      1       12
  MONTH TO DATE  364                       370     -6      393
  SINCE MAR 1    680                       621     59      685
  SINCE JAN 1    715                       659     56      700
..................................................................


WIND (MPH)
  HIGHEST WIND SPEED    20   HIGHEST WIND DIRECTION    SE (140)
  HIGHEST GUST SPEED    24   HIGHEST GUST DIRECTION     S (160)


SKY COVER
  POSSIBLE SUNSHINE  MM
  AVERAGE SKY COVER 0.1


WEATHER CONDITIONS
 THE FOLLOWING WEATHER WAS RECORDED TODAY.
  THUNDERSTORM
  LIGHT RAIN
  FOG


RELATIVE HUMIDITY (PERCENT)
 HIGHEST    94          1200 AM
 LOWEST     61          1200 PM
 AVERAGE    78

..........................................................


THE VICTORIA CLIMATE NORMALS FOR TOMORROW
                         NORMAL    RECORD    YEAR
 MAXIMUM TEMPERATURE (F)   90       100      1913
 MINIMUM TEMPERATURE (F)   71        59      1984
                                             1931


SUNRISE AND SUNSET
MAY 31 2016...........SUNRISE   630 AM CDT   SUNSET   821 PM CDT
JUNE  1 2016..........SUNRISE   630 AM CDT   SUNSET   822 PM CDT


-  INDICATES NEGATIVE NUMBERS.
R  INDICATES RECORD WAS SET OR TIED.
MM INDICATES DATA IS MISSING.
T  INDICATES TRACE AMOUNT.




$$
