000
CDUS44 KCRP 292146
CLIVCT

CLIMATE REPORT
NATIONAL WEATHER SERVICE CORPUS CHRISTI TX
443 PM CDT SUN MAR 29 2015


...................................

...THE VICTORIA CLIMATE SUMMARY FOR MARCH 29 2015...
VALID TODAY AS OF 400 PM LOCAL TIME.

CLIMATE NORMAL PERIOD 1981 TO 2010
CLIMATE RECORD PERIOD 1893 TO 2015


WEATHER ITEM   OBSERVED TIME   RECORD YEAR NORMAL DEPARTURE LAST
                VALUE   (LST)  VALUE       VALUE  FROM      YEAR
                                                  NORMAL
..................................................................
TEMPERATURE (F)
 TODAY
  MAXIMUM         80    254 PM  93    1974  77      3       81
  MINIMUM         56    651 AM  37    2009  55      1       54
                                      2003
  AVERAGE         68                        66      2       68

PRECIPITATION (IN)
  TODAY            0.00          0.82 1990   0.09  -0.09     0.00
  MONTH TO DATE    8.37                      2.60   5.77     1.62
  SINCE MAR 1      8.37                      2.60   5.77     1.62
  SINCE JAN 1     12.42                      7.20   5.22     3.28

SNOWFALL (IN)
  TODAY            0.0
  MONTH TO DATE    0.0
  SINCE MAR 1      0.0
  SINCE JUL 1      0.0
  SNOW DEPTH       0

DEGREE DAYS
 HEATING
  TODAY            0                         2     -2        0
  MONTH TO DATE  139                       121     18      204
  SINCE MAR 1    139                       121     18      204
  SINCE JUL 1   1219                      1214      5     1457

 COOLING
  TODAY            3                         3      0        3
  MONTH TO DATE   47                        66    -19       47
  SINCE MAR 1     47                        66    -19       47
  SINCE JAN 1     62                       104    -42      105
..................................................................


WIND (MPH)
  HIGHEST WIND SPEED    29   HIGHEST WIND DIRECTION     S (170)
  HIGHEST GUST SPEED    36   HIGHEST GUST DIRECTION     S (190)


SKY COVER
  POSSIBLE SUNSHINE  MM
  AVERAGE SKY COVER 0.0


WEATHER CONDITIONS
 THE FOLLOWING WEATHER WAS RECORDED TODAY.
  FOG


RELATIVE HUMIDITY (PERCENT)
 HIGHEST   100           400 AM
 LOWEST     51           300 PM
 AVERAGE    76

..........................................................


THE VICTORIA CLIMATE NORMALS FOR TOMORROW
                         NORMAL    RECORD    YEAR
 MAXIMUM TEMPERATURE (F)   77        97      1989
 MINIMUM TEMPERATURE (F)   55        33      2003


SUNRISE AND SUNSET
MARCH 29 2015.........SUNRISE   721 AM CDT   SUNSET   744 PM CDT
MARCH 30 2015.........SUNRISE   720 AM CDT   SUNSET   745 PM CDT


-  INDICATES NEGATIVE NUMBERS.
R  INDICATES RECORD WAS SET OR TIED.
MM INDICATES DATA IS MISSING.
T  INDICATES TRACE AMOUNT.




$$
