000
CDUS44 KCRP 280040
CLIVCT

CLIMATE REPORT
NATIONAL WEATHER SERVICE CORPUS CHRISTI TX
737 PM CDT MON JUL 27 2015


...................................

...THE VICTORIA CLIMATE SUMMARY FOR JULY 27 2015...
VALID TODAY AS OF 0500 PM LOCAL TIME.

CLIMATE NORMAL PERIOD 1981 TO 2010
CLIMATE RECORD PERIOD 1893 TO 2015


WEATHER ITEM   OBSERVED TIME   RECORD YEAR NORMAL DEPARTURE LAST
                VALUE   (LST)  VALUE       VALUE  FROM      YEAR
                                                  NORMAL
..................................................................
TEMPERATURE (F)
 TODAY
  MAXIMUM         97    332 PM 103    1954  95      2       99
  MINIMUM         76    601 AM  67    2008  74      2       75
  AVERAGE         87                        84      3       87

PRECIPITATION (IN)
  TODAY            0.00          1.61 1973   0.12  -0.12     0.00
  MONTH TO DATE    0.18                      3.74  -3.56     2.37
  SINCE JUN 1      9.55                      8.20   1.35     6.48
  SINCE JAN 1     37.28                     23.58  13.70    17.76

SNOWFALL (IN)
  TODAY            0.0
  MONTH TO DATE    0.0
  SINCE JUN 1      0.0
  SINCE JUL 1      0.0
  SNOW DEPTH       0

DEGREE DAYS
 HEATING
  TODAY            0                         0      0        0
  MONTH TO DATE    0                         0      0        0
  SINCE JUN 1      0                         0      0        0
  SINCE JUL 1      0                         0      0        0

 COOLING
  TODAY           22                        19      3       22
  MONTH TO DATE  527                       508     19      546
  SINCE JUN 1   1024                      1016      8     1104
  SINCE JAN 1   1724                      1675     49     1754
..................................................................


WIND (MPH)
  HIGHEST WIND SPEED    22   HIGHEST WIND DIRECTION     S (170)
  HIGHEST GUST SPEED    27   HIGHEST GUST DIRECTION     S (180)
  AVERAGE WIND SPEED    12.7


SKY COVER
  POSSIBLE SUNSHINE  MM
  AVERAGE SKY COVER 0.1


WEATHER CONDITIONS
 THE FOLLOWING WEATHER WAS RECORDED TODAY.
  FOG


RELATIVE HUMIDITY (PERCENT)
 HIGHEST   100          1200 AM
 LOWEST     40           300 PM
 AVERAGE    70

..........................................................


THE VICTORIA CLIMATE NORMALS FOR TOMORROW
                         NORMAL    RECORD    YEAR
 MAXIMUM TEMPERATURE (F)   95       103      1912
 MINIMUM TEMPERATURE (F)   74        70      2008
                                             1994
                                             1904


SUNRISE AND SUNSET
JULY 27 2015..........SUNRISE   646 AM CDT   SUNSET   822 PM CDT
JULY 28 2015..........SUNRISE   646 AM CDT   SUNSET   822 PM CDT


-  INDICATES NEGATIVE NUMBERS.
R  INDICATES RECORD WAS SET OR TIED.
MM INDICATES DATA IS MISSING.
T  INDICATES TRACE AMOUNT.

$$

GW
