000
CDUS44 KCRP 212154
CLIVCT

CLIMATE REPORT
NATIONAL WEATHER SERVICE CORPUS CHRISTI TX
352 PM CST SUN DEC 21 2014

...................................

...THE VICTORIA CLIMATE SUMMARY FOR DECEMBER 21 2014...
VALID TODAY AS OF 352 PM LOCAL TIME.

CLIMATE NORMAL PERIOD 1981 TO 2010
CLIMATE RECORD PERIOD 1893 TO 2014


WEATHER ITEM   OBSERVED TIME   RECORD YEAR NORMAL DEPARTURE LAST
                VALUE   (LST)  VALUE       VALUE  FROM      YEAR
                                                  NORMAL
..................................................................
TEMPERATURE (F)
 TODAY
  MAXIMUM         63    234 PM  83    1948  65     -2       75
                                      1921
  MINIMUM         53    750 AM  23    1924  44      9       56
  AVERAGE         58                        54      4       66

PRECIPITATION (IN)
  TODAY            0.00          3.28 1991   0.08  -0.08     0.16
  MONTH TO DATE    1.61                      1.57   0.04     0.27
  SINCE DEC 1      1.61                      1.57   0.04     0.27
  SINCE JAN 1     29.59                     40.48 -10.89    25.38

SNOWFALL (IN)
  TODAY            0.0
  MONTH TO DATE    0.0
  SINCE DEC 1      0.0
  SINCE JUL 1      0.0
  SNOW DEPTH       0

DEGREE DAYS
 HEATING
  TODAY            7                        12     -5        0
  MONTH TO DATE   80                       212   -132      243
  SINCE DEC 1     80                       212   -132      243
  SINCE JUL 1    271                       375   -104      440

 COOLING
  TODAY            0                         1     -1        1
  MONTH TO DATE   24                        21      3       32
  SINCE DEC 1     24                        21      3       32
  SINCE JAN 1   3513                      3144    369     3434
..................................................................


WIND (MPH)
  HIGHEST WIND SPEED     9   HIGHEST WIND DIRECTION    NE (50)
  HIGHEST GUST SPEED    11   HIGHEST GUST DIRECTION     E (70)


SKY COVER
  POSSIBLE SUNSHINE  MM
  AVERAGE SKY COVER 1.0


WEATHER CONDITIONS
 THE FOLLOWING WEATHER WAS RECORDED TODAY.
  FOG


RELATIVE HUMIDITY (PERCENT)
 HIGHEST    93          1200 AM
 LOWEST     72           100 PM
 AVERAGE    83

..........................................................


THE VICTORIA CLIMATE NORMALS FOR TOMORROW
                         NORMAL    RECORD    YEAR
 MAXIMUM TEMPERATURE (F)   65        83      1981
 MINIMUM TEMPERATURE (F)   43        16      1989


SUNRISE AND SUNSET
DECEMBER 21 2014......SUNRISE   717 AM CST   SUNSET   535 PM CST
DECEMBER 22 2014......SUNRISE   717 AM CST   SUNSET   535 PM CST


-  INDICATES NEGATIVE NUMBERS.
R  INDICATES RECORD WAS SET OR TIED.
MM INDICATES DATA IS MISSING.
T  INDICATES TRACE AMOUNT.




$$
