000
CDUS44 KCRP 010848
CLIVCT

CLIMATE REPORT
NATIONAL WEATHER SERVICE CORPUS CHRISTI TX
345 AM CDT TUE SEP 1 2015


...................................

...THE VICTORIA CLIMATE SUMMARY FOR AUGUST 31 2015...

CLIMATE NORMAL PERIOD 1981 TO 2010
CLIMATE RECORD PERIOD 1893 TO 2015


WEATHER ITEM   OBSERVED TIME   RECORD YEAR NORMAL DEPARTURE LAST
                VALUE   (LST)  VALUE       VALUE  FROM      YEAR
                                                  NORMAL
..................................................................
TEMPERATURE (F)
 YESTERDAY
  MAXIMUM         89    130 PM 106    1927  94     -5       93
  MINIMUM         73    553 AM  61    1915  73      0       76
  AVERAGE         81                        83     -2       85

PRECIPITATION (IN)
  YESTERDAY        0.09          4.07 2001   0.13  -0.04     0.73
  MONTH TO DATE    2.48                      2.85  -0.37     1.13
  SINCE JUN 1     12.55                     11.49   1.06     7.61
  SINCE JAN 1     40.28                     26.87  13.41    18.89

SNOWFALL (IN)
  YESTERDAY        0.0
  MONTH TO DATE    0.0
  SINCE JUN 1      0.0
  SINCE JUL 1      0.0
  SNOW DEPTH       0

DEGREE DAYS
 HEATING
  YESTERDAY        0                         0      0        0
  MONTH TO DATE    0                         0      0        0
  SINCE JUN 1      0                         0      0        0
  SINCE JUL 1      0                         0      0        0

 COOLING
  YESTERDAY       16                        18     -2       20
  MONTH TO DATE  611                       600     11      719
  SINCE JUN 1   1722                      1694     28     1916
  SINCE JAN 1   2422                      2353     69     2566
..................................................................


WIND (MPH)
  HIGHEST WIND SPEED    20   HIGHEST WIND DIRECTION    SE (130)
  HIGHEST GUST SPEED    23   HIGHEST GUST DIRECTION    SE (130)
  AVERAGE WIND SPEED     6.9


SKY COVER
  POSSIBLE SUNSHINE  MM
  AVERAGE SKY COVER 0.2


WEATHER CONDITIONS
 THE FOLLOWING WEATHER WAS RECORDED YESTERDAY.
  THUNDERSTORM
  RAIN
  LIGHT RAIN
  FOG
  HAZE


RELATIVE HUMIDITY (PERCENT)
 HIGHEST   100           400 AM
 LOWEST     65           100 PM
 AVERAGE    83

..........................................................


THE VICTORIA CLIMATE NORMALS FOR TODAY
                         NORMAL    RECORD    YEAR
 MAXIMUM TEMPERATURE (F)   94       105      1939
 MINIMUM TEMPERATURE (F)   73        63      1915


SUNRISE AND SUNSET
SEPTEMBER  1 2015.....SUNRISE   705 AM CDT   SUNSET   749 PM CDT
SEPTEMBER  2 2015.....SUNRISE   706 AM CDT   SUNSET   748 PM CDT


-  INDICATES NEGATIVE NUMBERS.
R  INDICATES RECORD WAS SET OR TIED.
MM INDICATES DATA IS MISSING.
T  INDICATES TRACE AMOUNT.




$$
