000
CDUS44 KCRP 232134 RRA
CLIVCT

CLIMATE REPORT
NATIONAL WEATHER SERVICE CORPUS CHRISTI TX
432 PM CDT WED AUG 23 2017

...................................

...THE VICTORIA CLIMATE SUMMARY FOR AUGUST 23 2017...
VALID AS OF 400 PM LOCAL TIME.

CLIMATE NORMAL PERIOD 1981 TO 2010
CLIMATE RECORD PERIOD 1893 TO 2017


WEATHER ITEM   OBSERVED TIME   RECORD YEAR NORMAL DEPARTURE LAST
                VALUE   (LST)  VALUE       VALUE  FROM      YEAR
                                                  NORMAL
..................................................................
TEMPERATURE (F)
 TODAY
  MAXIMUM        101    255 PM 105    1917  95      6       94
  MINIMUM         71    450 AM  66    1949  74     -3       75
  AVERAGE         86                        84      2       85

PRECIPITATION (IN)
  TODAY            0.00          1.30 1986   0.09  -0.09     0.00
  MONTH TO DATE    3.56                      1.89   1.67     3.90
  SINCE JUN 1      7.44                     10.53  -3.09     7.74
  SINCE JAN 1     27.02                     25.91   1.11    27.96

SNOWFALL (IN)
  TODAY            0.0
  MONTH TO DATE    0.0
  SINCE JUN 1      0.0
  SINCE JUL 1      0.0
  SNOW DEPTH       0

DEGREE DAYS
 HEATING
  TODAY            0                         0      0        0
  MONTH TO DATE    0                         0      0        0
  SINCE JUN 1      0                         0      0        0
  SINCE JUL 1      0                         0      0        0

 COOLING
  TODAY           21                        19      2       20
  MONTH TO DATE  490                       455     35      457
  SINCE JUN 1   1709                      1549    160     1641
  SINCE JAN 1   2721                      2208    513     2354
..................................................................


WIND (MPH)
  HIGHEST WIND SPEED    14   HIGHEST WIND DIRECTION     E (70)
  HIGHEST GUST SPEED    17   HIGHEST GUST DIRECTION     E (80)


SKY COVER
  POSSIBLE SUNSHINE  MM
  AVERAGE SKY COVER 0.3


WEATHER CONDITIONS
 THE FOLLOWING WEATHER WAS RECORDED TODAY.
  FOG


RELATIVE HUMIDITY (PERCENT)
 HIGHEST    94           100 AM
 LOWEST     33           300 PM
 AVERAGE    64

..........................................................


THE VICTORIA CLIMATE NORMALS FOR TOMORROW
                         NORMAL    RECORD    YEAR
 MAXIMUM TEMPERATURE (F)   95       104      1924
 MINIMUM TEMPERATURE (F)   74        64      1961
                                             1949


SUNRISE AND SUNSET
AUGUST 23 2017........SUNRISE   701 AM CDT   SUNSET   759 PM CDT
AUGUST 24 2017........SUNRISE   702 AM CDT   SUNSET   758 PM CDT


-  INDICATES NEGATIVE NUMBERS.
R  INDICATES RECORD WAS SET OR TIED.
MM INDICATES DATA IS MISSING.
T  INDICATES TRACE AMOUNT.




$$
