000
CDUS45 KGJT 152331
CLIVEL


CLIMATE REPORT
NATIONAL WEATHER SERVICE GRAND JUNCTION CO
527 PM MDT TUE APR 15 2014


...................................

...THE VERNAL UT CLIMATE SUMMARY FOR APRIL 15 2014...
VALID TODAY AS OF 0500 PM LOCAL TIME.

CLIMATE NORMAL PERIOD 1981 TO 2010
CLIMATE RECORD PERIOD 9999 TO 9999


WEATHER ITEM   OBSERVED TIME   RECORD YEAR NORMAL DEPARTURE LAST
                VALUE   (LST)  VALUE       VALUE  FROM      YEAR
                                                  NORMAL
..................................................................
TEMPERATURE (F)
 TODAY
  MAXIMUM         61    352 PM  MM      MM  59      2       50
  MINIMUM         26    225 AM  MM      MM  34     -8       29
  AVERAGE         44                        46     -2       40

PRECIPITATION (IN)
  TODAY            0.00         MM      MM   0.03  -0.03     0.30
  MONTH TO DATE    0.31                      0.36  -0.05     0.77
  SINCE MAR 1      1.11                      1.04   0.07     1.41
  SINCE JAN 1      1.52                      2.06  -0.54     2.49

SNOWFALL (IN)
  TODAY           MM            MM      MM   0.0   MM       MM
  MONTH TO DATE   MM                         0.1   MM       MM
  SINCE MAR 1     MM                         1.5   MM       MM
  SINCE JUL 1     MM                        17.4   MM       MM
  SNOW DEPTH      MM

DEGREE DAYS
 HEATING
  TODAY           21                        19      2       25
  MONTH TO DATE  300                       308     -8      313
  SINCE MAR 1   1051                      1148    -97     1156
  SINCE JUL 1   6858                      6639    219     7043

 COOLING
  TODAY            0                         0      0        0
  MONTH TO DATE    0                         0      0        0
  SINCE MAR 1      0                         0      0        0
  SINCE JAN 1      0                         0      0        0
..................................................................


WIND (MPH)
  HIGHEST WIND SPEED    12   HIGHEST WIND DIRECTION     S (160)
  HIGHEST GUST SPEED    14   HIGHEST GUST DIRECTION    SW (210)
  AVERAGE WIND SPEED     4.0


SKY COVER
  POSSIBLE SUNSHINE  MM
  AVERAGE SKY COVER 0.0


WEATHER CONDITIONS
 THE FOLLOWING WEATHER WAS RECORDED TODAY.
  NO SIGNIFICANT WEATHER WAS OBSERVED.


RELATIVE HUMIDITY (PERCENT)
 HIGHEST    75           600 AM
 LOWEST     20           400 PM
 AVERAGE    48

..........................................................


THE VERNAL UT CLIMATE NORMALS FOR TOMORROW
                         NORMAL    RECORD    YEAR
 MAXIMUM TEMPERATURE (F)   59        MM        MM
 MINIMUM TEMPERATURE (F)   34        MM        MM


SUNRISE AND SUNSET
APRIL 15 2014.........SUNRISE   640 AM MDT   SUNSET   757 PM MDT
APRIL 16 2014.........SUNRISE   638 AM MDT   SUNSET   758 PM MDT


-  INDICATES NEGATIVE NUMBERS.
R  INDICATES RECORD WAS SET OR TIED.
MM INDICATES DATA IS MISSING.
T  INDICATES TRACE AMOUNT.




$$
