549
CDUS45 KGJT 080755
CLIVEL


CLIMATE REPORT
NATIONAL WEATHER SERVICE GRAND JUNCTION CO
1230 AM MST MON FEB 8 2016


...................................

...THE VERNAL UT CLIMATE SUMMARY FOR FEBRUARY 7 2016...

CLIMATE NORMAL PERIOD 1981 TO 2010
CLIMATE RECORD PERIOD 9999 TO 9999


WEATHER ITEM   OBSERVED TIME   RECORD YEAR NORMAL DEPARTURE LAST
                VALUE   (LST)  VALUE       VALUE  FROM      YEAR
                                                  NORMAL
..................................................................
TEMPERATURE (F)
 YESTERDAY
  MAXIMUM         25    428 PM  MM      MM  32     -7       59
  MINIMUM          4    730 AM  MM      MM  13     -9       30
  AVERAGE         15                        23     -8       45

PRECIPITATION (IN)
  YESTERDAY        0.00         MM      MM   0.02  -0.02     0.00
  MONTH TO DATE    0.04                      0.12  -0.08     0.00
  SINCE DEC 1      0.86                      1.26  -0.40     0.60
  SINCE JAN 1      0.40                      0.62  -0.22     0.25

SNOWFALL (IN)
  YESTERDAY       MM            MM      MM  MM     MM       MM
  MONTH TO DATE   MM                        MM     MM       MM
  SINCE DEC 1     MM                        MM     MM       MM
  SINCE JUL 1     MM                        MM     MM       MM
  SNOW DEPTH      MM

DEGREE DAYS
 HEATING
  YESTERDAY       50                        42      8       20
  MONTH TO DATE  354                       303     51      168
  SINCE DEC 1   3330                      3067    263     2451
  SINCE JUL 1   4622                      4698    -76     3934

 COOLING
  YESTERDAY        0                         0      0        0
  MONTH TO DATE    0                         0      0        0
  SINCE DEC 1      0                         0      0        0
  SINCE JAN 1      0                         0      0        0
..................................................................


WIND (MPH)
  HIGHEST WIND SPEED     9   HIGHEST WIND DIRECTION     W (280)
  HIGHEST GUST SPEED    10   HIGHEST GUST DIRECTION     E (70)
  AVERAGE WIND SPEED     2.6


SKY COVER
  POSSIBLE SUNSHINE  MM
  AVERAGE SKY COVER 0.0


WEATHER CONDITIONS
 THE FOLLOWING WEATHER WAS RECORDED YESTERDAY.
  FOG
  HAZE


RELATIVE HUMIDITY (PERCENT)
 HIGHEST    92           900 AM
 LOWEST     59           100 PM
 AVERAGE    76

..........................................................


THE VERNAL UT CLIMATE NORMALS FOR TODAY
                         NORMAL    RECORD    YEAR
 MAXIMUM TEMPERATURE (F)   33        MM        MM
 MINIMUM TEMPERATURE (F)   13        MM        MM


SUNRISE AND SUNSET
FEBRUARY  8 2016......SUNRISE   721 AM MST   SUNSET   544 PM MST
FEBRUARY  9 2016......SUNRISE   719 AM MST   SUNSET   546 PM MST


-  INDICATES NEGATIVE NUMBERS.
R  INDICATES RECORD WAS SET OR TIED.
MM INDICATES DATA IS MISSING.
T  INDICATES TRACE AMOUNT.




$$
