000
CDUS43 KSGF 260634
CLIVIH


CLIMATE REPORT
NATIONAL WEATHER SERVICE SPRINGFIELD MO
131 AM CDT SUN MAR 26 2017


...................................

...THE VICHY-ROLLA MO CLIMATE SUMMARY FOR MARCH 25 2017...

CLIMATE NORMAL PERIOD 1981 TO 2010
CLIMATE RECORD PERIOD 1888 TO 2017


WEATHER ITEM   OBSERVED TIME   RECORD YEAR NORMAL DEPARTURE LAST
                VALUE   (LST)  VALUE       VALUE  FROM      YEAR
                                                  NORMAL
..................................................................
TEMPERATURE (F)
 YESTERDAY
  MAXIMUM         62    259 PM  80    1959  60      2       54
  MINIMUM         48   1159 PM   5    1955  37     11       34
  AVERAGE         55                        48      7       44

PRECIPITATION (IN)
  YESTERDAY        0.36          1.95 1904   0.12   0.24     0.00
  MONTH TO DATE    2.46                      2.60  -0.14     1.69
  SINCE MAR 1      2.46                      2.60  -0.14     1.69
  SINCE JAN 1      4.52                      6.70  -2.18     3.81

DEGREE DAYS
 HEATING
  YESTERDAY       10                        17     -7       21
  MONTH TO DATE  440                       520    -80      365
  SINCE MAR 1    440                       520    -80      365
  SINCE JUL 1   3426                      4310   -884     3568

 COOLING
  YESTERDAY        0                         0      0        0
  MONTH TO DATE    3                         0      3        0
  SINCE MAR 1      3                         0      3        0
  SINCE JAN 1      4                         0      4        0
..................................................................


WIND (MPH)
  HIGHEST WIND SPEED    22   HIGHEST WIND DIRECTION    SW (240)
  HIGHEST GUST SPEED    28   HIGHEST GUST DIRECTION    SE (150)
  AVERAGE WIND SPEED    12.0


SKY COVER
  AVERAGE SKY COVER 0.8


WEATHER CONDITIONS
 THE FOLLOWING WEATHER WAS RECORDED YESTERDAY.
  HEAVY RAIN
  RAIN
  LIGHT RAIN
  FOG


RELATIVE HUMIDITY (PERCENT)
 HIGHEST   100           800 AM
 LOWEST     89           800 PM
 AVERAGE    95

..........................................................


THE VICHY-ROLLA MO CLIMATE NORMALS FOR TODAY
                         NORMAL    RECORD    YEAR
 MAXIMUM TEMPERATURE (F)   60        83      1991
 MINIMUM TEMPERATURE (F)   37         0      1955


SUNRISE AND SUNSET
MARCH 26 2017.........SUNRISE   701 AM CDT   SUNSET   725 PM CDT
MARCH 27 2017.........SUNRISE   659 AM CDT   SUNSET   726 PM CDT


-  INDICATES NEGATIVE NUMBERS.
R  INDICATES RECORD WAS SET OR TIED.
MM INDICATES DATA IS MISSING.
T  INDICATES TRACE AMOUNT.




$$
