975
CDUS42 KTAE 220633
CLIVLD


CLIMATE REPORT
NATIONAL WEATHER SERVICE TALLAHASSEE FL
133 AM EST SUN JAN 22 2017


...................................

...THE VALDOSTA CLIMATE SUMMARY FOR JANUARY 21 2017...

CLIMATE NORMAL PERIOD 1981 TO 2010
CLIMATE RECORD PERIOD 1948 TO 2017


WEATHER ITEM   OBSERVED TIME   NORMAL DEPARTURE LAST
                VALUE   (LST)  VALUE  FROM      YEAR
                                      NORMAL
......................................................
TEMPERATURE (F)
 YESTERDAY
  MAXIMUM         77    239 PM  62     15       64
  MINIMUM         60    542 PM  38     22       37
  AVERAGE         69            50     19       51

PRECIPITATION (IN)
  YESTERDAY        2.97          0.11   2.86      T
  MONTH TO DATE    5.74          3.15   2.59     3.13
  SINCE DEC 1      7.89          6.32   1.57     5.64
  SINCE JAN 1      5.74          3.15   2.59     3.13

DEGREE DAYS
 HEATING
  YESTERDAY        0            15    -15       14
  MONTH TO DATE  146           315   -169      313
  SINCE DEC 1    387           697   -310      430
  SINCE JUL 1    554           928   -374      506
......................................................


WIND (MPH)
  HIGHEST WIND SPEED    20   HIGHEST WIND DIRECTION     S (190)
  HIGHEST GUST SPEED    30   HIGHEST GUST DIRECTION     S (200)
  AVERAGE WIND SPEED     9.2




RELATIVE HUMIDITY (PERCENT)
 HIGHEST   100
 LOWEST     74
 AVERAGE    87

..........................................................




SUNRISE AND SUNSET
JANUARY 22 2017.......SUNRISE   729 AM EST   SUNSET   600 PM EST
JANUARY 23 2017.......SUNRISE   729 AM EST   SUNSET   601 PM EST


-  INDICATES NEGATIVE NUMBERS.
R  INDICATES RECORD WAS SET OR TIED.
MM INDICATES DATA IS MISSING.
T  INDICATES TRACE AMOUNT.




$$
