000
CDUS42 KTAE 230642
CLIVLD


CLIMATE REPORT
NATIONAL WEATHER SERVICE TALLAHASSEE FL
241 AM EDT SAT JUL 23 2016


...................................

...THE VALDOSTA CLIMATE SUMMARY FOR JULY 22 2016...

CLIMATE NORMAL PERIOD 1981 TO 2010
CLIMATE RECORD PERIOD 1948 TO 2016


WEATHER ITEM   OBSERVED TIME   NORMAL DEPARTURE LAST
                VALUE   (LST)  VALUE  FROM      YEAR
                                      NORMAL
......................................................
TEMPERATURE (F)
 YESTERDAY
  MAXIMUM         94    340 PM  92      2       96
  MINIMUM         71    503 AM  71      0       73
  AVERAGE         83            82      1       85

PRECIPITATION (IN)
  YESTERDAY        T             0.24  -0.24     1.24
  MONTH TO DATE    9.71          4.65   5.06     7.91
  SINCE JUN 1     18.11         10.71   7.40    11.04
  SINCE JAN 1     42.41         29.71  12.70    29.60

DEGREE DAYS
 COOLING
  YESTERDAY       18            17      1       20
  MONTH TO DATE  414           357     57      405
  SINCE JUN 1    899           789    110      906
  SINCE JAN 1   1409          1201    208     1553
......................................................


WIND (MPH)
  HIGHEST WIND SPEED    14   HIGHEST WIND DIRECTION     S (170)
  HIGHEST GUST SPEED    17   HIGHEST GUST DIRECTION     S (170)
  AVERAGE WIND SPEED     1.9




RELATIVE HUMIDITY (PERCENT)
 HIGHEST   100
 LOWEST     49
 AVERAGE    75

..........................................................




SUNRISE AND SUNSET
JULY 23 2016..........SUNRISE   646 AM EDT   SUNSET   833 PM EDT
JULY 24 2016..........SUNRISE   646 AM EDT   SUNSET   833 PM EDT


-  INDICATES NEGATIVE NUMBERS.
R  INDICATES RECORD WAS SET OR TIED.
MM INDICATES DATA IS MISSING.
T  INDICATES TRACE AMOUNT.




$$
