000
CDUS42 KTAE 160640
CLIVLD


CLIMATE REPORT
NATIONAL WEATHER SERVICE TALLAHASSEE FL
239 AM EDT WED APR 16 2014


...................................

...THE VALDOSTA CLIMATE SUMMARY FOR APRIL 15 2014...

CLIMATE NORMAL PERIOD 1981 TO 2010
CLIMATE RECORD PERIOD 1948 TO 2014


WEATHER ITEM   OBSERVED TIME   NORMAL DEPARTURE LAST
                VALUE   (LST)  VALUE  FROM      YEAR
                                      NORMAL
......................................................
TEMPERATURE (F)
 YESTERDAY
  MAXIMUM         74   1259 PM  79     -5       87
  MINIMUM         48   1159 PM  52     -4       57
  AVERAGE         61            66     -5       72

PRECIPITATION (IN)
  YESTERDAY        2.78          0.10   2.68     0.00
  MONTH TO DATE    5.40          1.70   3.70     3.87
  SINCE MAR 1      9.56          6.57   2.99     6.16
  SINCE JAN 1     15.70         15.30   0.40    12.31

DEGREE DAYS
 HEATING
  YESTERDAY        4             2      2        0
  MONTH TO DATE    4            47    -43       15
  SINCE MAR 1    163           233    -70      289
  SINCE JUL 1   1214          1613   -399     1158

 COOLING
  YESTERDAY        0             3     -3        7
  MONTH TO DATE   81            34     47       71
  SINCE MAR 1    114            67     47       97
  SINCE JAN 1    146            77     69      174
......................................................


WIND (MPH)
  HIGHEST WIND SPEED    14   HIGHEST WIND DIRECTION    NW (320)
  HIGHEST GUST SPEED    28   HIGHEST GUST DIRECTION    NW (330)
  AVERAGE WIND SPEED     6.7




RELATIVE HUMIDITY (PERCENT)
 HIGHEST    90
 LOWEST     66
 AVERAGE    78

..........................................................




SUNRISE AND SUNSET
APRIL 16 2014.........SUNRISE   704 AM EDT   SUNSET   802 PM EDT
APRIL 17 2014.........SUNRISE   703 AM EDT   SUNSET   802 PM EDT


-  INDICATES NEGATIVE NUMBERS.
R  INDICATES RECORD WAS SET OR TIED.
MM INDICATES DATA IS MISSING.
T  INDICATES TRACE AMOUNT.




$$
