000
CDUS42 KTAE 020632
CLIVLD


CLIMATE REPORT
NATIONAL WEATHER SERVICE TALLAHASSEE FL
232 AM EDT WED SEP 2 2015


...................................

...THE VALDOSTA CLIMATE SUMMARY FOR SEPTEMBER 1 2015...

CLIMATE NORMAL PERIOD 1981 TO 2010
CLIMATE RECORD PERIOD 1948 TO 2015


WEATHER ITEM   OBSERVED TIME   NORMAL DEPARTURE LAST
                VALUE   (LST)  VALUE  FROM      YEAR
                                      NORMAL
......................................................
TEMPERATURE (F)
 YESTERDAY
  MAXIMUM         86   1240 PM  90     -4       95
  MINIMUM         73    640 AM  70      3       72
  AVERAGE         80            80      0       84

PRECIPITATION (IN)
  YESTERDAY        0.18          0.16   0.02     0.11
  MONTH TO DATE    0.18          0.16   0.02     0.11
  SINCE SEP 1      0.18          0.16   0.02     0.11
  SINCE JAN 1     38.34         37.19   1.15    35.54

DEGREE DAYS
 COOLING
  YESTERDAY       15            15      0       19
  MONTH TO DATE   15            15      0       19
  SINCE SEP 1     15            15      0       19
  SINCE JAN 1   2282          1869    413     2380
......................................................


WIND (MPH)
  HIGHEST WIND SPEED    15   HIGHEST WIND DIRECTION     N (20)
  HIGHEST GUST SPEED    21   HIGHEST GUST DIRECTION    NE (30)
  AVERAGE WIND SPEED     4.3




RELATIVE HUMIDITY (PERCENT)
 HIGHEST   100
 LOWEST     74
 AVERAGE    87

..........................................................




SUNRISE AND SUNSET
SEPTEMBER  2 2015.....SUNRISE   710 AM EDT   SUNSET   755 PM EDT
SEPTEMBER  3 2015.....SUNRISE   710 AM EDT   SUNSET   754 PM EDT


-  INDICATES NEGATIVE NUMBERS.
R  INDICATES RECORD WAS SET OR TIED.
MM INDICATES DATA IS MISSING.
T  INDICATES TRACE AMOUNT.




$$
