000
CDUS42 KTAE 300633
CLIVLD


CLIMATE REPORT
NATIONAL WEATHER SERVICE TALLAHASSEE FL
233 AM EDT THU MAR 30 2017


...................................

...THE VALDOSTA CLIMATE SUMMARY FOR MARCH 29 2017...

CLIMATE NORMAL PERIOD 1981 TO 2010
CLIMATE RECORD PERIOD 1948 TO 2017


WEATHER ITEM   OBSERVED TIME   NORMAL DEPARTURE LAST
                VALUE   (LST)  VALUE  FROM      YEAR
                                      NORMAL
......................................................
TEMPERATURE (F)
 YESTERDAY
  MAXIMUM         88    331 PM  75     13       72
  MINIMUM         57    554 AM  49      8       53
  AVERAGE         73            62     11       63

PRECIPITATION (IN)
  YESTERDAY        T             0.15  -0.15     0.00
  MONTH TO DATE    1.20          4.56  -3.36     6.17
  SINCE MAR 1      1.20          4.56  -3.36     6.17
  SINCE JAN 1     11.51         13.29  -1.78    15.03

DEGREE DAYS
 HEATING
  YESTERDAY        0             4     -4        2
  MONTH TO DATE  174           178     -4       91
  SINCE MAR 1    174           178     -4       91
  SINCE JUL 1    960          1558   -598     1033

 COOLING
  YESTERDAY        8             1      7        0
  MONTH TO DATE   43            29     14       78
  SINCE MAR 1     43            29     14       78
  SINCE JAN 1     89            39     50       88
......................................................


WIND (MPH)
  HIGHEST WIND SPEED     8   HIGHEST WIND DIRECTION    SW (210)
  HIGHEST GUST SPEED    12   HIGHEST GUST DIRECTION     S (190)
  AVERAGE WIND SPEED     2.1




RELATIVE HUMIDITY (PERCENT)
 HIGHEST   100
 LOWEST     32
 AVERAGE    66

..........................................................




SUNRISE AND SUNSET
MARCH 30 2017.........SUNRISE   724 AM EDT   SUNSET   751 PM EDT
MARCH 31 2017.........SUNRISE   723 AM EDT   SUNSET   752 PM EDT


-  INDICATES NEGATIVE NUMBERS.
R  INDICATES RECORD WAS SET OR TIED.
MM INDICATES DATA IS MISSING.
T  INDICATES TRACE AMOUNT.




$$
