000
CDUS42 KTAE 270632
CLIVLD


CLIMATE REPORT
NATIONAL WEATHER SERVICE TALLAHASSEE FL
231 AM EDT SAT MAY 27 2017


...................................

...THE VALDOSTA CLIMATE SUMMARY FOR MAY 26 2017...

CLIMATE NORMAL PERIOD 1981 TO 2010
CLIMATE RECORD PERIOD 1948 TO 2017


WEATHER ITEM   OBSERVED TIME   NORMAL DEPARTURE LAST
                VALUE   (LST)  VALUE  FROM      YEAR
                                      NORMAL
......................................................
TEMPERATURE (F)
 YESTERDAY
  MAXIMUM         86    418 PM  88     -2       88
  MINIMUM         51    547 AM  64    -13       63
  AVERAGE         69            76     -7       76

PRECIPITATION (IN)
  YESTERDAY        0.00          0.10  -0.10     0.00
  MONTH TO DATE    1.83          1.80   0.03     3.45
  SINCE MAR 1      4.97          9.54  -4.57    15.44
  SINCE JAN 1     15.28         18.27  -2.99    24.30

DEGREE DAYS
 COOLING
  YESTERDAY        4            11     -7       11
  MONTH TO DATE  206           219    -13      222
  SINCE MAR 1    423           344     79      435
  SINCE JAN 1    469           354    115      445
......................................................


WIND (MPH)
  HIGHEST WIND SPEED     8   HIGHEST WIND DIRECTION     W (280)
  HIGHEST GUST SPEED    13   HIGHEST GUST DIRECTION     W (290)
  AVERAGE WIND SPEED     1.7




RELATIVE HUMIDITY (PERCENT)
 HIGHEST   100
 LOWEST     34
 AVERAGE    67

..........................................................




SUNRISE AND SUNSET
MAY 27 2017...........SUNRISE   632 AM EDT   SUNSET   829 PM EDT
MAY 28 2017...........SUNRISE   632 AM EDT   SUNSET   829 PM EDT


-  INDICATES NEGATIVE NUMBERS.
R  INDICATES RECORD WAS SET OR TIED.
MM INDICATES DATA IS MISSING.
T  INDICATES TRACE AMOUNT.




$$
