000
CDUS42 KTAE 030637
CLIVLD


CLIMATE REPORT
NATIONAL WEATHER SERVICE TALLAHASSEE FL
236 AM EDT MON AUG 3 2015


...................................

...THE VALDOSTA CLIMATE SUMMARY FOR AUGUST 2 2015...

CLIMATE NORMAL PERIOD 1981 TO 2010
CLIMATE RECORD PERIOD 1948 TO 2015


WEATHER ITEM   OBSERVED TIME   NORMAL DEPARTURE LAST
                VALUE   (LST)  VALUE  FROM      YEAR
                                      NORMAL
......................................................
TEMPERATURE (F)
 YESTERDAY
  MAXIMUM         84    459 PM  92     -8       98
  MINIMUM         76    853 AM  71      5       74
  AVERAGE         80            82     -2       86

PRECIPITATION (IN)
  YESTERDAY        0.12          0.21  -0.09     0.22
  MONTH TO DATE    0.86          0.43   0.43     1.01
  SINCE JUN 1     14.06         13.12   0.94     7.09
  SINCE JAN 1     32.62         32.12   0.50    30.36

DEGREE DAYS
 COOLING
  YESTERDAY       15            17     -2       21
  MONTH TO DATE   34            34      0       41
  SINCE JUN 1   1082           974    108     1205
  SINCE JAN 1   1729          1386    343     1808
......................................................


WIND (MPH)
  HIGHEST WIND SPEED    12   HIGHEST WIND DIRECTION     E (100)
  HIGHEST GUST SPEED    16   HIGHEST GUST DIRECTION     E (70)
  AVERAGE WIND SPEED     5.7




RELATIVE HUMIDITY (PERCENT)
 HIGHEST   100
 LOWEST     79
 AVERAGE    90

..........................................................




SUNRISE AND SUNSET
AUGUST  3 2015........SUNRISE   652 AM EDT   SUNSET   826 PM EDT
AUGUST  4 2015........SUNRISE   652 AM EDT   SUNSET   826 PM EDT


-  INDICATES NEGATIVE NUMBERS.
R  INDICATES RECORD WAS SET OR TIED.
MM INDICATES DATA IS MISSING.
T  INDICATES TRACE AMOUNT.




$$
