000
CDUS42 KFFC 010817
CLIVPC


CLIMATE REPORT
NATIONAL WEATHER SERVICE PEACHTREE CITY GA
417 AM EDT WED JUL 1 2015


...................................

...THE CARTERSVILLE CLIMATE SUMMARY FOR JUNE 30 2015...

CLIMATE NORMAL PERIOD 1981 TO 2010
CLIMATE RECORD PERIOD 9999 TO 9999


WEATHER ITEM   OBSERVED TIME   RECORD YEAR NORMAL DEPARTURE LAST
                VALUE   (LST)  VALUE       VALUE  FROM      YEAR
                                                  NORMAL
..................................................................
TEMPERATURE (F)
 YESTERDAY
  MAXIMUM         85    348 PM  MM      MM  89     -4       85
  MINIMUM         68   1147 PM  MM      MM  66      2       70
  AVERAGE         77                        77      0       78

PRECIPITATION (IN)
  YESTERDAY        T            MM      MM   0.17  -0.17     0.25
  MONTH TO DATE    2.47                      3.84  -1.37     4.24
  SINCE JUN 1      2.47                      3.84  -1.37     4.24
  SINCE JAN 1     20.57                     26.00  -5.43    25.01

DEGREE DAYS
 COOLING
  YESTERDAY       12                        12      0       13
  MONTH TO DATE  370                       295     75      342
  SINCE JUN 1    370                       295     75      342
  SINCE JAN 1    588                       444    144      524
..................................................................


WIND (MPH)
  RESULTANT WIND SPEED   2   RESULTANT WIND DIRECTION   E (110)
  HIGHEST WIND SPEED    16   HIGHEST WIND DIRECTION     N (10)
  HIGHEST GUST SPEED    24   HIGHEST GUST DIRECTION     N (350)
  AVERAGE WIND SPEED     2.2


SKY COVER
  AVERAGE SKY COVER 0.2


WEATHER CONDITIONS
 THE FOLLOWING WEATHER WAS RECORDED YESTERDAY.
  THUNDERSTORM
  HEAVY RAIN
  LIGHT RAIN
  FOG


RELATIVE HUMIDITY (PERCENT)
 HIGHEST    93           700 PM
 LOWEST     51           300 PM
 AVERAGE    72

..........................................................


THE CARTERSVILLE CLIMATE NORMALS FOR TODAY
                         NORMAL    RECORD    YEAR
 MAXIMUM TEMPERATURE (F)   89        MM        MM
 MINIMUM TEMPERATURE (F)   66        MM        MM


SUNRISE AND SUNSET
JULY  1 2015..........SUNRISE   631 AM EDT   SUNSET   855 PM EDT
JULY  2 2015..........SUNRISE   632 AM EDT   SUNSET   855 PM EDT


-  INDICATES NEGATIVE NUMBERS.
R  INDICATES RECORD WAS SET OR TIED.
MM INDICATES DATA IS MISSING.
T  INDICATES TRACE AMOUNT.




$$
