000
CDUS42 KFFC 250835
CLIVPC


CLIMATE REPORT
NATIONAL WEATHER SERVICE PEACHTREE CITY GA
435 AM EDT SAT MAR 25 2017


...................................

...THE CARTERSVILLE CLIMATE SUMMARY FOR MARCH 24 2017...

CLIMATE NORMAL PERIOD 1981 TO 2010
CLIMATE RECORD PERIOD 9999 TO 9999


WEATHER ITEM   OBSERVED TIME   RECORD YEAR NORMAL DEPARTURE LAST
                VALUE   (LST)  VALUE       VALUE  FROM      YEAR
                                                  NORMAL
..................................................................
TEMPERATURE (F)
 YESTERDAY
  MAXIMUM         74    308 PM  MM      MM  67      7       73
  MINIMUM         57    910 AM  MM      MM  40     17       49
  AVERAGE         66                        54     12       61

PRECIPITATION (IN)
  YESTERDAY        0.00         MM      MM   0.14  -0.14     0.28
  MONTH TO DATE    2.11                      3.69  -1.58     2.17
  SINCE MAR 1      2.11                      3.69  -1.58     2.17
  SINCE JAN 1     10.65                     13.19  -2.54    10.61

SNOWFALL (IN)
  YESTERDAY        0.0          MM      MM  MM     MM       MM
  MONTH TO DATE    0.0                      MM     MM        0.0
  SINCE MAR 1      0.0                      MM     MM        0.0
  SINCE JUL 1      T                        MM     MM         T
  SNOW DEPTH       0

DEGREE DAYS
 HEATING
  YESTERDAY        0                        11    -11        4
  MONTH TO DATE  314                       342    -28      232
  SINCE MAR 1    314                       342    -28      232
  SINCE JUL 1   2144                      2954   -810     2354

 COOLING
  YESTERDAY        1                         0      1        0
  MONTH TO DATE    6                         0      6        7
  SINCE MAR 1      6                         0      6        7
  SINCE JAN 1      6                         0      6        7
..................................................................


WIND (MPH)
  RESULTANT WIND SPEED   7   RESULTANT WIND DIRECTION  SE (130)
  HIGHEST WIND SPEED    15   HIGHEST WIND DIRECTION     S (170)
  HIGHEST GUST SPEED    21   HIGHEST GUST DIRECTION     S (180)
  AVERAGE WIND SPEED     7.2


SKY COVER
  AVERAGE SKY COVER 0.9


WEATHER CONDITIONS
 THE FOLLOWING WEATHER WAS RECORDED YESTERDAY.
  NO SIGNIFICANT WEATHER WAS OBSERVED.


RELATIVE HUMIDITY (PERCENT)
 HIGHEST    67           900 AM
 LOWEST     40           100 AM
 AVERAGE    54

..........................................................


THE CARTERSVILLE CLIMATE NORMALS FOR TODAY
                         NORMAL    RECORD    YEAR
 MAXIMUM TEMPERATURE (F)   67        MM        MM
 MINIMUM TEMPERATURE (F)   41        MM        MM


SUNRISE AND SUNSET
MARCH 25 2017.........SUNRISE   736 AM EDT   SUNSET   755 PM EDT
MARCH 26 2017.........SUNRISE   735 AM EDT   SUNSET   756 PM EDT


-  INDICATES NEGATIVE NUMBERS.
R  INDICATES RECORD WAS SET OR TIED.
MM INDICATES DATA IS MISSING.
T  INDICATES TRACE AMOUNT.




$$
