000
CDUS42 KFFC 290820
CLIVPC


CLIMATE REPORT
NATIONAL WEATHER SERVICE PEACHTREE CITY GA
419 AM EDT SAT AUG 29 2015


...................................

...THE CARTERSVILLE CLIMATE SUMMARY FOR AUGUST 28 2015...

CLIMATE NORMAL PERIOD 1981 TO 2010
CLIMATE RECORD PERIOD 9999 TO 9999


WEATHER ITEM   OBSERVED TIME   RECORD YEAR NORMAL DEPARTURE LAST
                VALUE   (LST)  VALUE       VALUE  FROM      YEAR
                                                  NORMAL
..................................................................
TEMPERATURE (F)
 YESTERDAY
  MAXIMUM         85    410 PM  MM      MM  89     -4       92
  MINIMUM         62    437 AM  MM      MM  66     -4       59
  AVERAGE         74                        77     -3       76

PRECIPITATION (IN)
  YESTERDAY        0.00         MM      MM   0.10  -0.10     0.00
  MONTH TO DATE    2.40                      3.64  -1.24     2.51
  SINCE JUN 1      8.44                     12.14  -3.70     7.71
  SINCE JAN 1     26.54                     34.30  -7.76    28.48

DEGREE DAYS
 COOLING
  YESTERDAY        9                        12     -3       11
  MONTH TO DATE  383                       377      6      354
  SINCE JUN 1   1202                      1084    118     1056
  SINCE JAN 1   1420                      1233    187     1238
..................................................................


WIND (MPH)
  RESULTANT WIND SPEED   3   RESULTANT WIND DIRECTION   E (100)
  HIGHEST WIND SPEED    13   HIGHEST WIND DIRECTION     E (90)
  HIGHEST GUST SPEED    17   HIGHEST GUST DIRECTION     E (70)
  AVERAGE WIND SPEED     3.4


SKY COVER
  AVERAGE SKY COVER 0.4


WEATHER CONDITIONS
 THE FOLLOWING WEATHER WAS RECORDED YESTERDAY.
  FOG


RELATIVE HUMIDITY (PERCENT)
 HIGHEST   100          1200 AM
 LOWEST     51           500 PM
 AVERAGE    76

..........................................................


THE CARTERSVILLE CLIMATE NORMALS FOR TODAY
                         NORMAL    RECORD    YEAR
 MAXIMUM TEMPERATURE (F)   89        MM        MM
 MINIMUM TEMPERATURE (F)   65        MM        MM


SUNRISE AND SUNSET
AUGUST 29 2015........SUNRISE   711 AM EDT   SUNSET   810 PM EDT
AUGUST 30 2015........SUNRISE   711 AM EDT   SUNSET   808 PM EDT


-  INDICATES NEGATIVE NUMBERS.
R  INDICATES RECORD WAS SET OR TIED.
MM INDICATES DATA IS MISSING.
T  INDICATES TRACE AMOUNT.




$$
