000
CDUS42 KFFC 220819
CLIVPC


CLIMATE REPORT
NATIONAL WEATHER SERVICE PEACHTREE CITY GA
418 AM EDT SAT JUL 22 2017


...................................

...THE CARTERSVILLE CLIMATE SUMMARY FOR JULY 21 2017...

CLIMATE NORMAL PERIOD 1981 TO 2010
CLIMATE RECORD PERIOD 9999 TO 9999


WEATHER ITEM   OBSERVED TIME   RECORD YEAR NORMAL DEPARTURE LAST
                VALUE   (LST)  VALUE       VALUE  FROM      YEAR
                                                  NORMAL
..................................................................
TEMPERATURE (F)
 YESTERDAY
  MAXIMUM         95    351 PM  MM      MM  89      6       97
  MINIMUM         71    536 AM  MM      MM  68      3       71
  AVERAGE         83                        79      4       84

PRECIPITATION (IN)
  YESTERDAY        0.00         MM      MM   0.13  -0.13     0.05
  MONTH TO DATE    4.32                      3.48   0.84     2.04
  SINCE JUN 1      9.91                      7.32   2.59     7.48
  SINCE JAN 1     35.88                     29.48   6.40    24.00

DEGREE DAYS
 COOLING
  YESTERDAY       18                        14      4       19
  MONTH TO DATE  295                       274     21      336
  SINCE JUN 1    600                       569     31      720
  SINCE JAN 1    845                       718    127      913
..................................................................


WIND (MPH)
  RESULTANT WIND SPEED   0   RESULTANT WIND DIRECTION  SE (140)
  HIGHEST WIND SPEED     7   HIGHEST WIND DIRECTION     S (180)
  HIGHEST GUST SPEED     9   HIGHEST GUST DIRECTION    SE (150)
  AVERAGE WIND SPEED     0.6


SKY COVER
  AVERAGE SKY COVER 0.1


WEATHER CONDITIONS
 THE FOLLOWING WEATHER WAS RECORDED YESTERDAY.
  FOG


RELATIVE HUMIDITY (PERCENT)
 HIGHEST   100          1200 AM
 LOWEST     46           400 PM
 AVERAGE    73

..........................................................


THE CARTERSVILLE CLIMATE NORMALS FOR TODAY
                         NORMAL    RECORD    YEAR
 MAXIMUM TEMPERATURE (F)   89        MM        MM
 MINIMUM TEMPERATURE (F)   68        MM        MM


SUNRISE AND SUNSET
JULY 22 2017..........SUNRISE   644 AM EDT   SUNSET   848 PM EDT
JULY 23 2017..........SUNRISE   644 AM EDT   SUNSET   847 PM EDT


-  INDICATES NEGATIVE NUMBERS.
R  INDICATES RECORD WAS SET OR TIED.
MM INDICATES DATA IS MISSING.
T  INDICATES TRACE AMOUNT.




$$
