871
CDUS43 KLOT 230637
CLIVPZ


CLIMATE REPORT
NATIONAL WEATHER SERVICE CHICAGO IL
1237 AM CST MON JAN 23 2017


...................................

...THE VALPARAISO CLIMATE SUMMARY FOR JANUARY 22 2017...

CLIMATE NORMAL PERIOD 1981 TO 2010
CLIMATE RECORD PERIOD 1998 TO 2017


WEATHER ITEM   OBSERVED TIME   RECORD YEAR NORMAL DEPARTURE LAST
                VALUE   (LST)  VALUE       VALUE  FROM      YEAR
                                                  NORMAL
..................................................................
TEMPERATURE (F)
 YESTERDAY
  MAXIMUM         47    104 PM  55    2002  31     16       31
  MINIMUM         34    247 AM  -7    2000  16     18       20
  AVERAGE         41                        23     18       26

PRECIPITATION (IN)
  YESTERDAY        0.00          0.35 2012   0.06  -0.06     0.00
  MONTH TO DATE    2.40                      1.21   1.19     0.41
  SINCE DEC 1      3.15                      3.39  -0.24     2.54
  SINCE JAN 1      2.40                      1.21   1.19     0.41

DEGREE DAYS
 HEATING
  YESTERDAY       24                        42    -18       39
  MONTH TO DATE  758                       915   -157      908
  SINCE DEC 1   1956                      2059   -103     1621
  SINCE JUL 1   2769                      3317   -548     2597

 COOLING
  YESTERDAY        0                         0      0        0
  MONTH TO DATE    0                         0      0        0
  SINCE DEC 1      0                         0      0        0
  SINCE JAN 1      0                         0      0        0
..................................................................


WIND (MPH)
  RESULTANT WIND SPEED   7   RESULTANT WIND DIRECTION   N (10)
  HIGHEST WIND SPEED    16   HIGHEST WIND DIRECTION     N (10)
  HIGHEST GUST SPEED    21   HIGHEST GUST DIRECTION     N (20)
  AVERAGE WIND SPEED     7.4



WEATHER CONDITIONS
 THE FOLLOWING WEATHER WAS RECORDED YESTERDAY.
  FOG
  FOG W/VISIBILITY <= 1/4 MILE


..........................................................


THE VALPARAISO CLIMATE NORMALS FOR TODAY
                         NORMAL    RECORD    YEAR
 MAXIMUM TEMPERATURE (F)   31        51      2002
 MINIMUM TEMPERATURE (F)   16        -6      2014


SUNRISE AND SUNSET
JANUARY 23 2017.......SUNRISE   707 AM CST   SUNSET   453 PM CST
JANUARY 24 2017.......SUNRISE   706 AM CST   SUNSET   454 PM CST


-  INDICATES NEGATIVE NUMBERS.
R  INDICATES RECORD WAS SET OR TIED.
MM INDICATES DATA IS MISSING.
T  INDICATES TRACE AMOUNT.




$$
