000
CDUS43 KLOT 270636
CLIVPZ


CLIMATE REPORT
NATIONAL WEATHER SERVICE CHICAGO IL
134 AM CDT WED JUL 27 2016


...................................

...THE VALPARAISO CLIMATE SUMMARY FOR JULY 26 2016...

CLIMATE NORMAL PERIOD 1981 TO 2010
CLIMATE RECORD PERIOD 1998 TO 2016


WEATHER ITEM   OBSERVED TIME   RECORD YEAR NORMAL DEPARTURE LAST
                VALUE   (LST)  VALUE       VALUE  FROM      YEAR
                                                  NORMAL
..................................................................
TEMPERATURE (F)
 YESTERDAY
  MAXIMUM         87    240 PM  88    2005  82      5       83
  MINIMUM         65    444 AM  53    1998  62      3       62
  AVERAGE         76                        72      4       73

PRECIPITATION (IN)
  YESTERDAY        0.00          0.99 2005   0.12  -0.12     0.00
  MONTH TO DATE    3.87                      3.68   0.19     4.92
  SINCE JUN 1      4.12                      7.59  -3.47    10.53
  SINCE JAN 1     13.52                     20.57  -7.05    19.32

DEGREE DAYS
 HEATING
  YESTERDAY        0                         0      0        0
  MONTH TO DATE    8                         0      8        6
  SINCE JUN 1     28                        41    -13       33
  SINCE JUL 1      8                         0      8        6

 COOLING
  YESTERDAY       11                         7      4        8
  MONTH TO DATE  234                       205     29      147
  SINCE JUN 1    434                       369     65      279
  SINCE JAN 1    511                       416     95      355
..................................................................


WIND (MPH)
  RESULTANT WIND SPEED   2   RESULTANT WIND DIRECTION  NE (60)
  HIGHEST WIND SPEED     9   HIGHEST WIND DIRECTION     E (110)
  HIGHEST GUST SPEED    11   HIGHEST GUST DIRECTION    SE (120)
  AVERAGE WIND SPEED     2.8



WEATHER CONDITIONS
 THE FOLLOWING WEATHER WAS RECORDED YESTERDAY.
  NO SIGNIFICANT WEATHER WAS OBSERVED.


..........................................................


THE VALPARAISO CLIMATE NORMALS FOR TODAY
                         NORMAL    RECORD    YEAR
 MAXIMUM TEMPERATURE (F)   82        90      2011
 MINIMUM TEMPERATURE (F)   62        54      2005


SUNRISE AND SUNSET
JULY 27 2016..........SUNRISE   539 AM CDT   SUNSET   810 PM CDT
JULY 28 2016..........SUNRISE   539 AM CDT   SUNSET   809 PM CDT


-  INDICATES NEGATIVE NUMBERS.
R  INDICATES RECORD WAS SET OR TIED.
MM INDICATES DATA IS MISSING.
T  INDICATES TRACE AMOUNT.




$$
