000
CDUS43 KLOT 230635
CLIVPZ


CLIMATE REPORT
NATIONAL WEATHER SERVICE CHICAGO IL
133 AM CDT WED APR 23 2014


...................................

...THE VALPARAISO CLIMATE SUMMARY FOR APRIL 22 2014...

CLIMATE NORMAL PERIOD 1981 TO 2010
CLIMATE RECORD PERIOD 1998 TO 2014


WEATHER ITEM   OBSERVED TIME   RECORD YEAR NORMAL DEPARTURE LAST
                VALUE   (LST)  VALUE       VALUE  FROM      YEAR
                                                  NORMAL
..................................................................
TEMPERATURE (F)
 YESTERDAY
  MAXIMUM         59    124 AM  82    2007  62     -3       66
  MINIMUM         35   1141 PM  31    2003  41     -6       32
  AVERAGE         47                        52     -5       49

PRECIPITATION (IN)
  YESTERDAY        0.00          1.05 1999   0.10  -0.10     0.00
  MONTH TO DATE    1.90                      2.44  -0.54     5.69
  SINCE MAR 1      2.69                      4.92  -2.23     6.23
  SINCE JAN 1      5.32                      8.09  -2.77     9.78

DEGREE DAYS
 HEATING
  YESTERDAY       18                        14      4       16
  MONTH TO DATE  407                       384     23      425
  SINCE MAR 1   1407                      1229    178     1403
  SINCE JUL 1   6856                      5961    895     5794

 COOLING
  YESTERDAY        0                         0      0        0
  MONTH TO DATE    0                         0      0        0
  SINCE MAR 1      0                         0      0        0
  SINCE JAN 1      0                         0      0        0
..................................................................


WIND (MPH)
  RESULTANT WIND SPEED  11   RESULTANT WIND DIRECTION   N (350)
  HIGHEST WIND SPEED    25   HIGHEST WIND DIRECTION     N (340)
  HIGHEST GUST SPEED    37   HIGHEST GUST DIRECTION     N (10)
  AVERAGE WIND SPEED    12.1



WEATHER CONDITIONS
 THE FOLLOWING WEATHER WAS RECORDED YESTERDAY.
  FOG


..........................................................


THE VALPARAISO CLIMATE NORMALS FOR TODAY
                         NORMAL    RECORD    YEAR
 MAXIMUM TEMPERATURE (F)   63        78      2008
 MINIMUM TEMPERATURE (F)   41        30      2009


SUNRISE AND SUNSET
APRIL 23 2014.........SUNRISE   556 AM CDT   SUNSET   737 PM CDT
APRIL 24 2014.........SUNRISE   555 AM CDT   SUNSET   738 PM CDT


-  INDICATES NEGATIVE NUMBERS.
R  INDICATES RECORD WAS SET OR TIED.
MM INDICATES DATA IS MISSING.
T  INDICATES TRACE AMOUNT.




$$
