000
CDUS43 KLOT 120632
CLIVPZ


CLIMATE REPORT
NATIONAL WEATHER SERVICE CHICAGO IL
131 AM CDT SAT JUL 12 2014


...................................

...THE VALPARAISO CLIMATE SUMMARY FOR JULY 11 2014...

CLIMATE NORMAL PERIOD 1981 TO 2010
CLIMATE RECORD PERIOD 1998 TO 2014


WEATHER ITEM   OBSERVED TIME   RECORD YEAR NORMAL DEPARTURE LAST
                VALUE   (LST)  VALUE       VALUE  FROM      YEAR
                                                  NORMAL
..................................................................
TEMPERATURE (F)
 YESTERDAY
  MAXIMUM         80    154 PM  89    2012  83     -3       78
                                      2005
  MINIMUM         52R   424 AM  54    1999  63    -11       59
  AVERAGE         66                        73     -7       69

PRECIPITATION (IN)
  YESTERDAY        T             0.48 2008   0.16  -0.16     0.00
  MONTH TO DATE    0.49                      1.43  -0.94     0.96
  SINCE JUN 1      8.70                      5.34   3.36     7.88
  SINCE JAN 1     17.63                     18.32  -0.69    21.51

DEGREE DAYS
 HEATING
  YESTERDAY        0                         0      0        0
  MONTH TO DATE    1                         0      1        2
  SINCE JUN 1     21                        41    -20       39
  SINCE JUL 1      1                         0      1        2

 COOLING
  YESTERDAY        1                         8     -7        4
  MONTH TO DATE   43                        88    -45       67
  SINCE JUN 1    202                       252    -50      234
  SINCE JAN 1    275                       299    -24      335
..................................................................


WIND (MPH)
  RESULTANT WIND SPEED   3   RESULTANT WIND DIRECTION  SE (150)
  HIGHEST WIND SPEED    12   HIGHEST WIND DIRECTION     S (200)
  HIGHEST GUST SPEED    16   HIGHEST GUST DIRECTION    SW (210)
  AVERAGE WIND SPEED     4.1



WEATHER CONDITIONS
 THE FOLLOWING WEATHER WAS RECORDED YESTERDAY.
  LIGHT RAIN


..........................................................


THE VALPARAISO CLIMATE NORMALS FOR TODAY
                         NORMAL    RECORD    YEAR
 MAXIMUM TEMPERATURE (F)   83        93      2012
 MINIMUM TEMPERATURE (F)   63        52      1999


SUNRISE AND SUNSET
JULY 12 2014..........SUNRISE   525 AM CDT   SUNSET   822 PM CDT
JULY 13 2014..........SUNRISE   526 AM CDT   SUNSET   821 PM CDT


-  INDICATES NEGATIVE NUMBERS.
R  INDICATES RECORD WAS SET OR TIED.
MM INDICATES DATA IS MISSING.
T  INDICATES TRACE AMOUNT.




$$
