000
CDUS43 KLOT 220635
CLIVPZ


CLIMATE REPORT
NATIONAL WEATHER SERVICE CHICAGO IL
1234 AM CST THU FEB 22 2018


...................................

...THE VALPARAISO CLIMATE SUMMARY FOR FEBRUARY 21 2018...

CLIMATE NORMAL PERIOD 1981 TO 2010
CLIMATE RECORD PERIOD 1998 TO 2018


WEATHER ITEM   OBSERVED TIME   RECORD YEAR NORMAL DEPARTURE LAST
                VALUE   (LST)  VALUE       VALUE  FROM      YEAR
                                                  NORMAL
..................................................................
TEMPERATURE (F)
 YESTERDAY
  MAXIMUM         37   1242 AM  66    2017  37      0       66
  MINIMUM         30    816 PM   4    2008  22      8       52
  AVERAGE         34                        29      5       59

PRECIPITATION (IN)
  YESTERDAY        0.35R         0.33 2010   0.05   0.30     0.05
  MONTH TO DATE    5.20                      1.05   4.15     0.53
  SINCE DEC 1      6.05                      4.98   1.07     3.69
  SINCE JAN 1      5.89                      2.80   3.09     2.94

DEGREE DAYS
 HEATING
  YESTERDAY       31                        36     -5        6
  MONTH TO DATE  832                       809     23      527
  SINCE DEC 1   3211                      3236    -25     2768
  SINCE JUL 1   4210                      4494   -284     3581

 COOLING
  YESTERDAY        0                         0      0        0
  MONTH TO DATE    0                         0      0        0
  SINCE DEC 1      0                         0      0        0
  SINCE JAN 1      0                         0      0        0
..................................................................


WIND (MPH)
  RESULTANT WIND SPEED  10   RESULTANT WIND DIRECTION   N (0)
  HIGHEST WIND SPEED    17   HIGHEST WIND DIRECTION     N (340)
  HIGHEST GUST SPEED    26   HIGHEST GUST DIRECTION     N (340)
  AVERAGE WIND SPEED    10.9



WEATHER CONDITIONS
 THE FOLLOWING WEATHER WAS RECORDED YESTERDAY.
  RAIN
  LIGHT RAIN
  LT FREEZING RAIN
  FOG
  HAZE


..........................................................


THE VALPARAISO CLIMATE NORMALS FOR TODAY
                         NORMAL    RECORD    YEAR
 MAXIMUM TEMPERATURE (F)   38        67      2017
 MINIMUM TEMPERATURE (F)   22         8      2015


SUNRISE AND SUNSET
FEBRUARY 22 2018......SUNRISE   633 AM CST   SUNSET   530 PM CST
FEBRUARY 23 2018......SUNRISE   632 AM CST   SUNSET   532 PM CST


-  INDICATES NEGATIVE NUMBERS.
R  INDICATES RECORD WAS SET OR TIED.
MM INDICATES DATA IS MISSING.
T  INDICATES TRACE AMOUNT.




$$
