000
CDUS43 KLOT 250640
CLIVPZ


CLIMATE REPORT
NATIONAL WEATHER SERVICE CHICAGO IL
140 AM CDT FRI JUL 25 2014


...................................

...THE VALPARAISO CLIMATE SUMMARY FOR JULY 24 2014...

CLIMATE NORMAL PERIOD 1981 TO 2010
CLIMATE RECORD PERIOD 1998 TO 2014


WEATHER ITEM   OBSERVED TIME   RECORD YEAR NORMAL DEPARTURE LAST
                VALUE   (LST)  VALUE       VALUE  FROM      YEAR
                                                  NORMAL
..................................................................
TEMPERATURE (F)
 YESTERDAY
  MAXIMUM         74    249 PM  98    2005  82     -8       71
  MINIMUM         50R  1157 PM  50    2013  62    -12       50
  AVERAGE         62                        72    -10       61

PRECIPITATION (IN)
  YESTERDAY        0.00          1.06 2010   0.12  -0.12     0.00
  MONTH TO DATE    1.73                      3.44  -1.71     0.99
  SINCE JUN 1      9.94                      7.35   2.59     7.91
  SINCE JAN 1     18.87                     20.33  -1.46    21.54

DEGREE DAYS
 HEATING
  YESTERDAY        3                         0      3        4
  MONTH TO DATE   16                         0     16        6
  SINCE JUN 1     36                        41     -5       43
  SINCE JUL 1     16                         0     16        6

 COOLING
  YESTERDAY        0                         7     -7        0
  MONTH TO DATE   90                       191   -101      201
  SINCE JUN 1    249                       355   -106      368
  SINCE JAN 1    322                       402    -80      469
..................................................................


WIND (MPH)
  RESULTANT WIND SPEED   4   RESULTANT WIND DIRECTION  NE (30)
  HIGHEST WIND SPEED    12   HIGHEST WIND DIRECTION     N (350)
  HIGHEST GUST SPEED    15   HIGHEST GUST DIRECTION    NW (330)
  AVERAGE WIND SPEED     4.9



WEATHER CONDITIONS
 THE FOLLOWING WEATHER WAS RECORDED YESTERDAY.
  NO SIGNIFICANT WEATHER WAS OBSERVED.


..........................................................


THE VALPARAISO CLIMATE NORMALS FOR TODAY
                         NORMAL    RECORD    YEAR
 MAXIMUM TEMPERATURE (F)   82        96      2012
 MINIMUM TEMPERATURE (F)   62        52      2013


SUNRISE AND SUNSET
JULY 25 2014..........SUNRISE   536 AM CDT   SUNSET   812 PM CDT
JULY 26 2014..........SUNRISE   537 AM CDT   SUNSET   811 PM CDT


-  INDICATES NEGATIVE NUMBERS.
R  INDICATES RECORD WAS SET OR TIED.
MM INDICATES DATA IS MISSING.
T  INDICATES TRACE AMOUNT.




$$
