000
CDUS43 KLOT 290644
CLIVPZ


CLIMATE REPORT
NATIONAL WEATHER SERVICE CHICAGO IL
143 AM CDT TUE JUL 29 2014


...................................

...THE VALPARAISO CLIMATE SUMMARY FOR JULY 28 2014...

CLIMATE NORMAL PERIOD 1981 TO 2010
CLIMATE RECORD PERIOD 1998 TO 2014


WEATHER ITEM   OBSERVED TIME   RECORD YEAR NORMAL DEPARTURE LAST
                VALUE   (LST)  VALUE       VALUE  FROM      YEAR
                                                  NORMAL
..................................................................
TEMPERATURE (F)
 YESTERDAY
  MAXIMUM         64    555 PM  91    2010  82    -18       71
  MINIMUM         54   1013 PM  49    2005  62     -8       50
  AVERAGE         59                        72    -13       61

PRECIPITATION (IN)
  YESTERDAY        0.00          0.34 2011   0.13  -0.13     0.03
  MONTH TO DATE    1.73                      3.93  -2.20     1.03
  SINCE JUN 1      9.94                      7.84   2.10     7.95
  SINCE JAN 1     18.87                     20.82  -1.95    21.58

DEGREE DAYS
 HEATING
  YESTERDAY        6                         0      6        4
  MONTH TO DATE   25                         0     25       13
  SINCE JUN 1     45                        41      4       50
  SINCE JUL 1     25                         0     25       13

 COOLING
  YESTERDAY        0                         7     -7        0
  MONTH TO DATE  106                       219   -113      205
  SINCE JUN 1    265                       383   -118      372
  SINCE JAN 1    338                       430    -92      473
..................................................................


WIND (MPH)
  RESULTANT WIND SPEED  10   RESULTANT WIND DIRECTION   N (340)
  HIGHEST WIND SPEED    22   HIGHEST WIND DIRECTION     N (340)
  HIGHEST GUST SPEED    32   HIGHEST GUST DIRECTION     N (340)
  AVERAGE WIND SPEED     9.8



WEATHER CONDITIONS
 THE FOLLOWING WEATHER WAS RECORDED YESTERDAY.
  NO SIGNIFICANT WEATHER WAS OBSERVED.


..........................................................


THE VALPARAISO CLIMATE NORMALS FOR TODAY
                         NORMAL    RECORD    YEAR
 MAXIMUM TEMPERATURE (F)   82        96      1998
 MINIMUM TEMPERATURE (F)   62        51      2003


SUNRISE AND SUNSET
JULY 29 2014..........SUNRISE   540 AM CDT   SUNSET   808 PM CDT
JULY 30 2014..........SUNRISE   541 AM CDT   SUNSET   807 PM CDT


-  INDICATES NEGATIVE NUMBERS.
R  INDICATES RECORD WAS SET OR TIED.
MM INDICATES DATA IS MISSING.
T  INDICATES TRACE AMOUNT.




$$
