000
CDUS43 KLOT 250641
CLIVPZ


CLIMATE REPORT
NATIONAL WEATHER SERVICE CHICAGO IL
135 AM CDT MON SEP 25 2017


...................................

...THE VALPARAISO CLIMATE SUMMARY FOR SEPTEMBER 24 2017...

CLIMATE NORMAL PERIOD 1981 TO 2010
CLIMATE RECORD PERIOD 1998 TO 2017


WEATHER ITEM   OBSERVED TIME   RECORD YEAR NORMAL DEPARTURE LAST
                VALUE   (LST)  VALUE       VALUE  FROM      YEAR
                                                  NORMAL
..................................................................
TEMPERATURE (F)
 YESTERDAY
  MAXIMUM         93R   255 PM  92    2007  71     22       80
  MINIMUM         64    615 AM  36    2012  49     15       63
  AVERAGE         79                        60     19       72

PRECIPITATION (IN)
  YESTERDAY        0.00          0.19 2000   0.10  -0.10     0.00
  MONTH TO DATE    1.39                      2.56  -1.17     0.72
  SINCE SEP 1      1.39                      2.56  -1.17     0.72
  SINCE JAN 1     25.44                     28.10  -2.66    23.56

DEGREE DAYS
 HEATING
  YESTERDAY        0                         6     -6        0
  MONTH TO DATE   46                        70    -24        0
  SINCE SEP 1     46                        70    -24        0
  SINCE JUL 1     52                        87    -35        8

 COOLING
  YESTERDAY       14                         1     13        7
  MONTH TO DATE  130                        59     71      134
  SINCE SEP 1    130                        59     71      134
  SINCE JAN 1    894                       695    199      983
..................................................................


WIND (MPH)
  RESULTANT WIND SPEED   4   RESULTANT WIND DIRECTION  SE (120)
  HIGHEST WIND SPEED    15   HIGHEST WIND DIRECTION    SE (130)
  HIGHEST GUST SPEED    19   HIGHEST GUST DIRECTION    SE (130)
  AVERAGE WIND SPEED     5.2



WEATHER CONDITIONS
 THE FOLLOWING WEATHER WAS RECORDED YESTERDAY.
  FOG


..........................................................


THE VALPARAISO CLIMATE NORMALS FOR TODAY
                         NORMAL    RECORD    YEAR
 MAXIMUM TEMPERATURE (F)   71        86      2016
                                             1999
 MINIMUM TEMPERATURE (F)   49        38      2000


SUNRISE AND SUNSET
SEPTEMBER 25 2017.....SUNRISE   639 AM CDT   SUNSET   640 PM CDT
SEPTEMBER 26 2017.....SUNRISE   640 AM CDT   SUNSET   638 PM CDT


-  INDICATES NEGATIVE NUMBERS.
R  INDICATES RECORD WAS SET OR TIED.
MM INDICATES DATA IS MISSING.
T  INDICATES TRACE AMOUNT.




$$
