000
CDUS43 KLOT 280632
CLIVPZ


CLIMATE REPORT
NATIONAL WEATHER SERVICE CHICAGO IL
131 AM CDT SAT MAY 28 2016


...................................

...THE VALPARAISO CLIMATE SUMMARY FOR MAY 27 2016...

CLIMATE NORMAL PERIOD 1981 TO 2010
CLIMATE RECORD PERIOD 1998 TO 2016


WEATHER ITEM   OBSERVED TIME   RECORD YEAR NORMAL DEPARTURE LAST
                VALUE   (LST)  VALUE       VALUE  FROM      YEAR
                                                  NORMAL
..................................................................
TEMPERATURE (F)
 YESTERDAY
  MAXIMUM         85    201 PM  97    2012  74     11       79
  MINIMUM         65    533 AM  42    2008  52     13       57
  AVERAGE         75                        63     12       68

PRECIPITATION (IN)
  YESTERDAY        0.20          0.50 2013   0.10   0.10     0.00
  MONTH TO DATE    1.90                      3.39  -1.49     2.47
  SINCE MAR 1      7.63                      9.40  -1.77     5.24
  SINCE JAN 1      8.96                     12.57  -3.61     6.85

DEGREE DAYS
 HEATING
  YESTERDAY        0                         4     -4        0
  MONTH TO DATE  237                       204     33      133
  SINCE MAR 1   1380                      1531   -151     1543
  SINCE JUL 1   5238                      6263  -1025     6801

 COOLING
  YESTERDAY       10                         2      8        3
  MONTH TO DATE   34                        32      2       65
  SINCE MAR 1     40                        37      3       65
  SINCE JAN 1     40                        37      3       65
..................................................................


WIND (MPH)
  RESULTANT WIND SPEED  10   RESULTANT WIND DIRECTION   S (190)
  HIGHEST WIND SPEED    22   HIGHEST WIND DIRECTION    SW (240)
  HIGHEST GUST SPEED    30   HIGHEST GUST DIRECTION     S (180)
  AVERAGE WIND SPEED    10.4



WEATHER CONDITIONS
 THE FOLLOWING WEATHER WAS RECORDED YESTERDAY.
  HEAVY RAIN
  RAIN
  LIGHT RAIN
  FOG
  HAZE


..........................................................


THE VALPARAISO CLIMATE NORMALS FOR TODAY
                         NORMAL    RECORD    YEAR
 MAXIMUM TEMPERATURE (F)   74        93      2012
 MINIMUM TEMPERATURE (F)   52        40      2008


SUNRISE AND SUNSET
MAY 28 2016...........SUNRISE   519 AM CDT   SUNSET   813 PM CDT
MAY 29 2016...........SUNRISE   518 AM CDT   SUNSET   813 PM CDT


-  INDICATES NEGATIVE NUMBERS.
R  INDICATES RECORD WAS SET OR TIED.
MM INDICATES DATA IS MISSING.
T  INDICATES TRACE AMOUNT.




$$
