000
CDUS43 KLOT 220640
CLIVPZ


CLIMATE REPORT
NATIONAL WEATHER SERVICE CHICAGO IL
1240 AM CST SAT NOV 22 2014


...................................

...THE VALPARAISO CLIMATE SUMMARY FOR NOVEMBER 21 2014...

CLIMATE NORMAL PERIOD 1981 TO 2010
CLIMATE RECORD PERIOD 1998 TO 2014


WEATHER ITEM   OBSERVED TIME   RECORD YEAR NORMAL DEPARTURE LAST
                VALUE   (LST)  VALUE       VALUE  FROM      YEAR
                                                  NORMAL
..................................................................
TEMPERATURE (F)
 YESTERDAY
  MAXIMUM         33    153 PM  62    2010  46    -13       47
  MINIMUM         11R   713 AM  16    2008  31    -20       39
                                      2000
  AVERAGE         22                        38    -16       43

PRECIPITATION (IN)
  YESTERDAY        0.00          0.44 2007   0.09  -0.09     0.36
  MONTH TO DATE    0.24                      2.42  -2.18     2.07
  SINCE SEP 1      6.84                      8.88  -2.04     8.86
  SINCE JAN 1     36.20                     34.42   1.78    34.54

DEGREE DAYS
 HEATING
  YESTERDAY       43                        27     16       22
  MONTH TO DATE  654                       464    190      504
  SINCE SEP 1   1188                       977    211     1015
  SINCE JUL 1   1228                       994    234     1043

 COOLING
  YESTERDAY        0                         0      0        0
  MONTH TO DATE    0                         0      0        0
  SINCE SEP 1     64                        77    -13      143
  SINCE JAN 1    611                       713   -102      810
..................................................................


WIND (MPH)
  RESULTANT WIND SPEED   6   RESULTANT WIND DIRECTION   S (190)
  HIGHEST WIND SPEED    16   HIGHEST WIND DIRECTION     S (170)
  HIGHEST GUST SPEED    21   HIGHEST GUST DIRECTION     S (190)
  AVERAGE WIND SPEED     8.3



WEATHER CONDITIONS
 THE FOLLOWING WEATHER WAS RECORDED YESTERDAY.
  NO SIGNIFICANT WEATHER WAS OBSERVED.


..........................................................


THE VALPARAISO CLIMATE NORMALS FOR TODAY
                         NORMAL    RECORD    YEAR
 MAXIMUM TEMPERATURE (F)   45        66      2010
 MINIMUM TEMPERATURE (F)   30        13      2000


SUNRISE AND SUNSET
NOVEMBER 22 2014......SUNRISE   645 AM CST   SUNSET   423 PM CST
NOVEMBER 23 2014......SUNRISE   646 AM CST   SUNSET   423 PM CST


-  INDICATES NEGATIVE NUMBERS.
R  INDICATES RECORD WAS SET OR TIED.
MM INDICATES DATA IS MISSING.
T  INDICATES TRACE AMOUNT.




$$
