000
CDUS43 KLOT 220636
CLIVPZ


CLIMATE REPORT
NATIONAL WEATHER SERVICE CHICAGO IL
1236 AM CST WED NOV 22 2017


...................................

...THE VALPARAISO CLIMATE SUMMARY FOR NOVEMBER 21 2017...

CLIMATE NORMAL PERIOD 1981 TO 2010
CLIMATE RECORD PERIOD 1998 TO 2017


WEATHER ITEM   OBSERVED TIME   RECORD YEAR NORMAL DEPARTURE LAST
                VALUE   (LST)  VALUE       VALUE  FROM      YEAR
                                                  NORMAL
..................................................................
TEMPERATURE (F)
 YESTERDAY
  MAXIMUM         46   1133 AM  62    2010  46      0       42
  MINIMUM         33   1159 PM  11    2014  31      2       28
  AVERAGE         40                        38      2       35

PRECIPITATION (IN)
  YESTERDAY        0.01          0.44 2007   0.09  -0.08     0.00
  MONTH TO DATE    2.53                      2.42   0.11     1.36
  SINCE SEP 1     10.44                      8.88   1.56     7.25
  SINCE JAN 1     34.49                     34.42   0.07    30.09

DEGREE DAYS
 HEATING
  YESTERDAY       25                        27     -2       30
  MONTH TO DATE  500                       464     36      309
  SINCE SEP 1    804                       977   -173      591
  SINCE JUL 1    810                       994   -184      599

 COOLING
  YESTERDAY        0                         0      0        0
  MONTH TO DATE    0                         0      0        4
  SINCE SEP 1    204                        77    127      168
  SINCE JAN 1    968                       713    255     1017
..................................................................


WIND (MPH)
  RESULTANT WIND SPEED  11   RESULTANT WIND DIRECTION  SW (240)
  HIGHEST WIND SPEED    23   HIGHEST WIND DIRECTION    SW (240)
  HIGHEST GUST SPEED    32   HIGHEST GUST DIRECTION    SW (210)
  AVERAGE WIND SPEED    13.8



WEATHER CONDITIONS
 THE FOLLOWING WEATHER WAS RECORDED YESTERDAY.
  LIGHT RAIN


..........................................................


THE VALPARAISO CLIMATE NORMALS FOR TODAY
                         NORMAL    RECORD    YEAR
 MAXIMUM TEMPERATURE (F)   45        66      2010
 MINIMUM TEMPERATURE (F)   30        10      2015


SUNRISE AND SUNSET
NOVEMBER 22 2017......SUNRISE   645 AM CST   SUNSET   423 PM CST
NOVEMBER 23 2017......SUNRISE   646 AM CST   SUNSET   422 PM CST


-  INDICATES NEGATIVE NUMBERS.
R  INDICATES RECORD WAS SET OR TIED.
MM INDICATES DATA IS MISSING.
T  INDICATES TRACE AMOUNT.




$$
