000
CDUS43 KLOT 310643
CLIVPZ


CLIMATE REPORT
NATIONAL WEATHER SERVICE CHICAGO IL
142 AM CDT FRI JUL 31 2015


...................................

...THE VALPARAISO CLIMATE SUMMARY FOR JULY 30 2015...

CLIMATE NORMAL PERIOD 1981 TO 2010
CLIMATE RECORD PERIOD 1998 TO 2015


WEATHER ITEM   OBSERVED TIME   RECORD YEAR NORMAL DEPARTURE LAST
                VALUE   (LST)  VALUE       VALUE  FROM      YEAR
                                                  NORMAL
..................................................................
TEMPERATURE (F)
 YESTERDAY
  MAXIMUM         87    405 PM  97    1999  82      5       80
  MINIMUM         61    418 AM  52    2013  62     -1       56
  AVERAGE         74                        72      2       68

PRECIPITATION (IN)
  YESTERDAY        0.00          0.30 2004   0.14  -0.14     0.00
  MONTH TO DATE    4.92                      4.20   0.72     1.73
  SINCE JUN 1     10.53                      8.11   2.42     9.94
  SINCE JAN 1     19.32                     21.09  -1.77    18.87

DEGREE DAYS
 HEATING
  YESTERDAY        0                         0      0        0
  MONTH TO DATE    6                         0      6       25
  SINCE JUN 1     33                        41     -8       45
  SINCE JUL 1      6                         0      6       25

 COOLING
  YESTERDAY        9                         7      2        3
  MONTH TO DATE  192                       233    -41      109
  SINCE JUN 1    324                       397    -73      268
  SINCE JAN 1    400                       444    -44      341
..................................................................


WIND (MPH)
  RESULTANT WIND SPEED   6   RESULTANT WIND DIRECTION   W (290)
  HIGHEST WIND SPEED    16   HIGHEST WIND DIRECTION    NW (320)
  HIGHEST GUST SPEED    24   HIGHEST GUST DIRECTION     N (350)
  AVERAGE WIND SPEED     7.4



WEATHER CONDITIONS
 THE FOLLOWING WEATHER WAS RECORDED YESTERDAY.
  NO SIGNIFICANT WEATHER WAS OBSERVED.


..........................................................


THE VALPARAISO CLIMATE NORMALS FOR TODAY
                         NORMAL    RECORD    YEAR
 MAXIMUM TEMPERATURE (F)   82        93      2006
 MINIMUM TEMPERATURE (F)   62        53      2014


SUNRISE AND SUNSET
JULY 31 2015..........SUNRISE   542 AM CDT   SUNSET   807 PM CDT
AUGUST  1 2015........SUNRISE   543 AM CDT   SUNSET   805 PM CDT


-  INDICATES NEGATIVE NUMBERS.
R  INDICATES RECORD WAS SET OR TIED.
MM INDICATES DATA IS MISSING.
T  INDICATES TRACE AMOUNT.




$$
