000
CDUS42 KMLB 150648
CLIVRB


CLIMATE REPORT
NATIONAL WEATHER SERVICE MELBOURNE FL
138 AM EST FRI DEC 15 2017


...................................

...THE VERO BEACH CLIMATE SUMMARY FOR DECEMBER 14 2017...

CLIMATE NORMAL PERIOD 1981 TO 2010
CLIMATE RECORD PERIOD 1942 TO 2017


WEATHER ITEM   OBSERVED TIME   RECORD YEAR NORMAL DEPARTURE LAST
                VALUE   (LST)  VALUE       VALUE  FROM      YEAR
                                                  NORMAL
..................................................................
TEMPERATURE (F)
 YESTERDAY
  MAXIMUM         73    258 PM  85    2015  74     -1       82
                                      1991
  MINIMUM         37    441 AM  26    2010  55    -18       62
  AVERAGE         55                        65    -10       72

PRECIPITATION (IN)
  YESTERDAY        0.00          1.51 1977   0.06  -0.06     0.00
  MONTH TO DATE    2.23                      0.99   1.24     1.21
  SINCE DEC 1      2.23                      0.99   1.24     1.21
  SINCE JAN 1     58.42                     50.67   7.75    64.37

SNOWFALL (IN)
  YESTERDAY        0.0
  MONTH TO DATE    0.0
  SINCE JUL 1      0.0

DEGREE DAYS
 HEATING
  YESTERDAY       10                         3      7        0
  MONTH TO DATE   61                        35     26        1
  SINCE DEC 1     61                        35     26        1
  SINCE JUL 1     81                        65     16       20

 COOLING
  YESTERDAY        0                         3     -3        7
  MONTH TO DATE   53                        49      4       91
  SINCE DEC 1     53                        49      4       91
  SINCE JAN 1   3865                      3360    505     3771
..................................................................


WIND (MPH)
  HIGHEST WIND SPEED    14   HIGHEST WIND DIRECTION     S (200)
  HIGHEST GUST SPEED    16   HIGHEST GUST DIRECTION    SW (220)
  AVERAGE WIND SPEED     5.2


SKY COVER
  AVERAGE SKY COVER 0.0


WEATHER CONDITIONS
 THE FOLLOWING WEATHER WAS RECORDED YESTERDAY.
  NO SIGNIFICANT WEATHER WAS OBSERVED.


RELATIVE HUMIDITY (PERCENT)
 HIGHEST   100           500 AM
 LOWEST     46           200 PM
 AVERAGE    73

..........................................................


THE VERO BEACH CLIMATE NORMALS FOR TODAY
                         NORMAL    RECORD    YEAR
 MAXIMUM TEMPERATURE (F)   74        86      2015
 MINIMUM TEMPERATURE (F)   55        29      2010


SUNRISE AND SUNSET
DECEMBER 15 2017......SUNRISE   705 AM EST   SUNSET   529 PM EST
DECEMBER 16 2017......SUNRISE   705 AM EST   SUNSET   529 PM EST


-  INDICATES NEGATIVE NUMBERS.
R  INDICATES RECORD WAS SET OR TIED.
MM INDICATES DATA IS MISSING.
T  INDICATES TRACE AMOUNT.




$$
