000
CDUS42 KMLB 222036
CLIVRB


CLIMATE REPORT
NATIONAL WEATHER SERVICE MELBOURNE FL
435 PM EDT TUE JUL 22 2014


...................................

...THE VERO BEACH CLIMATE SUMMARY FOR JULY 22 2014...
VALID TODAY AS OF 0400 PM LOCAL TIME.

CLIMATE NORMAL PERIOD 1981 TO 2010
CLIMATE RECORD PERIOD 1942 TO 2014


WEATHER ITEM   OBSERVED TIME   RECORD YEAR NORMAL DEPARTURE LAST
                VALUE   (LST)  VALUE       VALUE  FROM      YEAR
                                                  NORMAL
..................................................................
TEMPERATURE (F)
 TODAY
  MAXIMUM         88   1205 PM  96    1993  90     -2       91
                                      1981
  MINIMUM         72    549 AM  69    2007  74     -2       72
                                      1965
  AVERAGE         80                        82     -2       82

PRECIPITATION (IN)
  TODAY            0.36          1.32 1986   0.18   0.18     0.00
  MONTH TO DATE    5.07                      4.03   1.04     3.47
  SINCE JUN 1     12.77                     10.70   2.07     8.96
  SINCE JAN 1     25.95                     26.07  -0.12    24.18

SNOWFALL (IN)
  TODAY            0.0
  MONTH TO DATE    0.0
  SINCE JUL 1      0.0

DEGREE DAYS
 HEATING
  TODAY            0                         0      0        0
  MONTH TO DATE    0                         0      0        0
  SINCE JUN 1      0                         0      0        0
  SINCE JUL 1      0                         0      0        0

 COOLING
  TODAY           15                        17     -2       17
  MONTH TO DATE  334                       365    -31      333
  SINCE JUN 1    768                       821    -53      838
  SINCE JAN 1   1694                      1627     67     1745
..................................................................


WIND (MPH)
  HIGHEST WIND SPEED    14   HIGHEST WIND DIRECTION     E (90)
  HIGHEST GUST SPEED    17   HIGHEST GUST DIRECTION     E (90)
  AVERAGE WIND SPEED     5.1


SKY COVER
  AVERAGE SKY COVER 0.4


WEATHER CONDITIONS
 THE FOLLOWING WEATHER WAS RECORDED TODAY.
  THUNDERSTORM
  HEAVY RAIN
  RAIN
  LIGHT RAIN
  FOG


RELATIVE HUMIDITY (PERCENT)
 HIGHEST   100          1200 AM
 LOWEST     68          1200 PM
 AVERAGE    84

..........................................................


THE VERO BEACH CLIMATE NORMALS FOR TOMORROW
                         NORMAL    RECORD    YEAR
 MAXIMUM TEMPERATURE (F)   90        97      2005
 MINIMUM TEMPERATURE (F)   74        67      1976
                                             1974


SUNRISE AND SUNSET
JULY 22 2014..........SUNRISE   639 AM EDT   SUNSET   816 PM EDT
JULY 23 2014..........SUNRISE   640 AM EDT   SUNSET   816 PM EDT


-  INDICATES NEGATIVE NUMBERS.
R  INDICATES RECORD WAS SET OR TIED.
MM INDICATES DATA IS MISSING.
T  INDICATES TRACE AMOUNT.




$$
