455
CDUS42 KMLB 080627
CLIVRB


CLIMATE REPORT
NATIONAL WEATHER SERVICE MELBOURNE FL
127 AM EST MON FEB 8 2016


...................................

...THE VERO BEACH CLIMATE SUMMARY FOR FEBRUARY 7 2016...

CLIMATE NORMAL PERIOD 1981 TO 2010
CLIMATE RECORD PERIOD 1942 TO 2016


WEATHER ITEM   OBSERVED TIME   RECORD YEAR NORMAL DEPARTURE LAST
                VALUE   (LST)  VALUE       VALUE  FROM      YEAR
                                                  NORMAL
..................................................................
TEMPERATURE (F)
 YESTERDAY
  MAXIMUM         59    444 PM  88    1986  74    -15       72
  MINIMUM         43   1159 PM  32    1978  53    -10       46
  AVERAGE         51                        64    -13       59

PRECIPITATION (IN)
  YESTERDAY        T             0.95 1983   0.09  -0.09     0.00
  MONTH TO DATE    1.66                      0.64   1.02     0.90
  SINCE DEC 1     15.62                      5.33  10.29     5.26
  SINCE JAN 1     11.05                      3.14   7.91     2.05

SNOWFALL (IN)
  YESTERDAY       MM
  MONTH TO DATE    0.0
  SINCE JUL 1      0.0

DEGREE DAYS
 HEATING
  YESTERDAY       14                         4     10        6
  MONTH TO DATE   20                        28     -8       19
  SINCE DEC 1    160                       285   -125      190
  SINCE JUL 1    161                       315   -154      269

 COOLING
  YESTERDAY        0                         2     -2        0
  MONTH TO DATE   31                        14     17        3
  SINCE DEC 1    360                       168    192      207
  SINCE JAN 1     68                        75     -7       86
..................................................................


WIND (MPH)
  HIGHEST WIND SPEED    28   HIGHEST WIND DIRECTION     W (280)
  HIGHEST GUST SPEED    33   HIGHEST GUST DIRECTION     W (270)
  AVERAGE WIND SPEED    15.5


SKY COVER
  AVERAGE SKY COVER 0.6


WEATHER CONDITIONS
 THE FOLLOWING WEATHER WAS RECORDED YESTERDAY.
  LIGHT RAIN


RELATIVE HUMIDITY (PERCENT)
 HIGHEST   100          1200 AM
 LOWEST     43           500 PM
 AVERAGE    72

..........................................................


THE VERO BEACH CLIMATE NORMALS FOR TODAY
                         NORMAL    RECORD    YEAR
 MAXIMUM TEMPERATURE (F)   74        88      1997
 MINIMUM TEMPERATURE (F)   53        36      1978


SUNRISE AND SUNSET
FEBRUARY  8 2016......SUNRISE   704 AM EST   SUNSET   608 PM EST
FEBRUARY  9 2016......SUNRISE   704 AM EST   SUNSET   608 PM EST


-  INDICATES NEGATIVE NUMBERS.
R  INDICATES RECORD WAS SET OR TIED.
MM INDICATES DATA IS MISSING.
T  INDICATES TRACE AMOUNT.




$$
