000
CDUS42 KMLB 042022
CLIVRB


CLIMATE REPORT
NATIONAL WEATHER SERVICE MELBOURNE FL
421 PM EDT TUE AUG 4 2015


...................................

...THE VERO BEACH CLIMATE SUMMARY FOR AUGUST 4 2015...
VALID TODAY AS OF 0400 PM LOCAL TIME.

CLIMATE NORMAL PERIOD 1981 TO 2010
CLIMATE RECORD PERIOD 1942 TO 2015


WEATHER ITEM   OBSERVED TIME   RECORD YEAR NORMAL DEPARTURE LAST
                VALUE   (LST)  VALUE       VALUE  FROM      YEAR
                                                  NORMAL
..................................................................
TEMPERATURE (F)
 TODAY
  MAXIMUM         92    226 PM  96    1997  90      2       87
  MINIMUM         74    604 AM  68    1992  74      0       73
  AVERAGE         83                        82      1       80

PRECIPITATION (IN)
  TODAY            0.00          1.34 1969   0.20  -0.20     0.19
  MONTH TO DATE    0.97                      0.80   0.17     0.55
  SINCE JUN 1     11.78                     13.10  -1.32    14.39
  SINCE JAN 1     23.50                     28.47  -4.97    27.57

SNOWFALL (IN)
  TODAY            0.0
  MONTH TO DATE    0.0
  SINCE JUL 1      0.0

DEGREE DAYS
 HEATING
  TODAY            0                         0      0        0
  MONTH TO DATE    0                         0      0        0
  SINCE JUN 1      0                         0      0        0
  SINCE JUL 1      0                         0      0        0

 COOLING
  TODAY           18                        17      1       15
  MONTH TO DATE   67                        68     -1       65
  SINCE JUN 1   1147                      1042    105      987
  SINCE JAN 1   2299                      1848    451     1913
..................................................................


WIND (MPH)
  HIGHEST WIND SPEED    12   HIGHEST WIND DIRECTION     E (90)
  HIGHEST GUST SPEED    15   HIGHEST GUST DIRECTION     E (110)
  AVERAGE WIND SPEED     5.3


SKY COVER
  AVERAGE SKY COVER 0.1


WEATHER CONDITIONS
 THE FOLLOWING WEATHER WAS RECORDED TODAY.
  NO SIGNIFICANT WEATHER WAS OBSERVED.


RELATIVE HUMIDITY (PERCENT)
 HIGHEST    87           200 AM
 LOWEST     44          1100 AM
 AVERAGE    66

..........................................................


THE VERO BEACH CLIMATE NORMALS FOR TOMORROW
                         NORMAL    RECORD    YEAR
 MAXIMUM TEMPERATURE (F)   90        96      1961
 MINIMUM TEMPERATURE (F)   74        69      1998
                                             1979
                                             1971


SUNRISE AND SUNSET
AUGUST  4 2015........SUNRISE   646 AM EDT   SUNSET   809 PM EDT
AUGUST  5 2015........SUNRISE   647 AM EDT   SUNSET   808 PM EDT


-  INDICATES NEGATIVE NUMBERS.
R  INDICATES RECORD WAS SET OR TIED.
MM INDICATES DATA IS MISSING.
T  INDICATES TRACE AMOUNT.




$$
