000
CDUS42 KMLB 160635
CLIVRB


CLIMATE REPORT
NATIONAL WEATHER SERVICE MELBOURNE
235 AM EDT WED APR 16 2014


...................................

...THE VERO BEACH CLIMATE SUMMARY FOR APRIL 15 2014...

CLIMATE NORMAL PERIOD 1981 TO 2010
CLIMATE RECORD PERIOD 1942 TO 2014


WEATHER ITEM   OBSERVED TIME   RECORD YEAR NORMAL DEPARTURE LAST
                VALUE   (LST)  VALUE       VALUE  FROM      YEAR
                                                  NORMAL
..................................................................
TEMPERATURE (F)
 YESTERDAY
  MAXIMUM         91    315 PM  93    1999  80     11       85
  MINIMUM         70    521 AM  44    2004  61      9       65
                                      1950
  AVERAGE         81                        71     10       75

PRECIPITATION (IN)
  YESTERDAY        0.00          1.87 1958   0.08  -0.08     0.23
  MONTH TO DATE    0.68                      1.44  -0.76     2.12
  SINCE MAR 1      2.63                      5.56  -2.93     3.22
  SINCE JAN 1      9.18                     10.73  -1.55     5.77

SNOWFALL (IN)
  YESTERDAY        0.0
  MONTH TO DATE    0.0
  SINCE JUL 1      0.0

DEGREE DAYS
 HEATING
  YESTERDAY        0                         0      0        0
  MONTH TO DATE    5                        13     -8        0
  SINCE MAR 1     33                        68    -35      170
  SINCE JUL 1    268                       453   -185      398

 COOLING
  YESTERDAY       16                         6     10       10
  MONTH TO DATE  102                        83     19      144
  SINCE MAR 1    222                       212     10      206
  SINCE JAN 1    430                       351     79      441
..................................................................


WIND (MPH)
  HIGHEST WIND SPEED    23   HIGHEST WIND DIRECTION    SW (230)
  HIGHEST GUST SPEED    29   HIGHEST GUST DIRECTION    SW (230)
  AVERAGE WIND SPEED    10.9


SKY COVER
  AVERAGE SKY COVER 0.3


WEATHER CONDITIONS
 THE FOLLOWING WEATHER WAS RECORDED YESTERDAY.
  THUNDERSTORM


RELATIVE HUMIDITY (PERCENT)
 HIGHEST   100           300 AM
 LOWEST     44           200 PM
 AVERAGE    72

..........................................................


THE VERO BEACH CLIMATE NORMALS FOR TODAY
                         NORMAL    RECORD    YEAR
 MAXIMUM TEMPERATURE (F)   81        92      2011
                                             1944
 MINIMUM TEMPERATURE (F)   61        47      2007
                                             1950


SUNRISE AND SUNSET
APRIL 16 2014.........SUNRISE   656 AM EDT   SUNSET   747 PM EDT
APRIL 17 2014.........SUNRISE   655 AM EDT   SUNSET   748 PM EDT


-  INDICATES NEGATIVE NUMBERS.
R  INDICATES RECORD WAS SET OR TIED.
MM INDICATES DATA IS MISSING.
T  INDICATES TRACE AMOUNT.




$$
