000
CDUS41 KBTV 240539
CLIVSF


CLIMATE REPORT
NATIONAL WEATHER SERVICE BURLINGTON VT
137 AM EDT TUE OCT 24 2017


...................................

...THE SPRINGFIELD VT CLIMATE SUMMARY FOR OCTOBER 23 2017...

CLIMATE NORMAL PERIOD 1981 TO 2010
CLIMATE RECORD PERIOD 9999 TO 9999


WEATHER ITEM   OBSERVED TIME   NORMAL DEPARTURE LAST
                VALUE   (LST)  VALUE  FROM      YEAR
                                      NORMAL
......................................................
TEMPERATURE (F)
 YESTERDAY
  MAXIMUM         62    437 PM  56      6       54
  MINIMUM         37    705 AM  34      3       38
  AVERAGE         50            45      5       46

PRECIPITATION (IN)
  YESTERDAY        T             0.13  -0.13     0.02
  MONTH TO DATE    0.97          3.51  -2.54     1.52
  SINCE SEP 1      3.40          7.27  -3.87     2.58
  SINCE JAN 1     31.69         35.64  -3.95    21.46

DEGREE DAYS
 HEATING
  YESTERDAY       15            20     -5       19
  MONTH TO DATE  221           385   -164      292
  SINCE SEP 1    341           582   -241      433
  SINCE JUL 1    406           637   -231      455

 COOLING
  YESTERDAY        0             0      0        0
  MONTH TO DATE    5             0      5        0
  SINCE SEP 1     86            23     63       44
  SINCE JAN 1    386           344     42      481
......................................................


WIND (MPH)
  HIGHEST WIND SPEED    17   HIGHEST WIND DIRECTION    SE (140)
  HIGHEST GUST SPEED    25   HIGHEST GUST DIRECTION    SE (130)
  AVERAGE WIND SPEED     2.8


SKY COVER
  AVERAGE SKY COVER 0.5


WEATHER CONDITIONS
 THE FOLLOWING WEATHER WAS RECORDED YESTERDAY.
  LIGHT RAIN


RELATIVE HUMIDITY (PERCENT)
 HIGHEST   100          1200 AM
 LOWEST     78           300 PM
 AVERAGE    89

..........................................................


THE SPRINGFIELD VT CLIMATE NORMALS FOR TODAY
                         NORMAL    RECORD    YEAR
 MAXIMUM TEMPERATURE (F)   55        71      1998
 MINIMUM TEMPERATURE (F)   33        21      2002


SUNRISE AND SUNSET
OCTOBER 24 2017.......SUNRISE   715 AM EDT   SUNSET   553 PM EDT
OCTOBER 25 2017.......SUNRISE   717 AM EDT   SUNSET   551 PM EDT


-  INDICATES NEGATIVE NUMBERS.
R  INDICATES RECORD WAS SET OR TIED.
MM INDICATES DATA IS MISSING.
T  INDICATES TRACE AMOUNT.




$$
