000
CDUS41 KBTV 180530
CLIVSF


CLIMATE REPORT
NATIONAL WEATHER SERVICE BURLINGTON VT
128 AM EDT FRI AUG 18 2017


...................................

...THE SPRINGFIELD VT CLIMATE SUMMARY FOR AUGUST 17 2017...

CLIMATE NORMAL PERIOD 1981 TO 2010
CLIMATE RECORD PERIOD 9999 TO 9999


WEATHER ITEM   OBSERVED TIME   NORMAL DEPARTURE LAST
                VALUE   (LST)  VALUE  FROM      YEAR
                                      NORMAL
......................................................
TEMPERATURE (F)
 YESTERDAY
  MAXIMUM         79    136 PM  79      0       78
  MINIMUM         46    532 AM  55     -9       58
  AVERAGE         63            67     -4       68

PRECIPITATION (IN)
  YESTERDAY        T             0.13  -0.13      T
  MONTH TO DATE    2.02          2.13  -0.11     1.05
  SINCE JUN 1      9.73         10.45  -0.72     6.91
  SINCE JAN 1     27.32         26.72   0.60    17.33

DEGREE DAYS
 HEATING
  YESTERDAY        2             1      1        0
  MONTH TO DATE    4            17    -13        0
  SINCE JUN 1    121           130     -9       86
  SINCE JUL 1     23            34    -11       14

 COOLING
  YESTERDAY        0             3     -3        3
  MONTH TO DATE   52            67    -15      115
  SINCE JUN 1    263           270     -7      338
  SINCE JAN 1    277           282     -5      379
......................................................


WIND (MPH)
  HIGHEST WIND SPEED    12   HIGHEST WIND DIRECTION     W (280)
  HIGHEST GUST SPEED    18   HIGHEST GUST DIRECTION     W (250)
  AVERAGE WIND SPEED     2.1


SKY COVER
  AVERAGE SKY COVER 0.1


WEATHER CONDITIONS
 THE FOLLOWING WEATHER WAS RECORDED YESTERDAY.
  LIGHT RAIN
  FOG
  FOG W/VISIBILITY <= 1/4 MILE


RELATIVE HUMIDITY (PERCENT)
 HIGHEST   100           600 AM
 LOWEST     33           100 PM
 AVERAGE    67

..........................................................


THE SPRINGFIELD VT CLIMATE NORMALS FOR TODAY
                         NORMAL    RECORD    YEAR
 MAXIMUM TEMPERATURE (F)   79        94      2002
 MINIMUM TEMPERATURE (F)   55        45      2000


SUNRISE AND SUNSET
AUGUST 18 2017........SUNRISE   559 AM EDT   SUNSET   748 PM EDT
AUGUST 19 2017........SUNRISE   600 AM EDT   SUNSET   746 PM EDT


-  INDICATES NEGATIVE NUMBERS.
R  INDICATES RECORD WAS SET OR TIED.
MM INDICATES DATA IS MISSING.
T  INDICATES TRACE AMOUNT.




$$
