000
CDUS41 KBTV 300546
CLIVSF


CLIMATE REPORT
NATIONAL WEATHER SERVICE BURLINGTON VT
144 AM EDT MON MAY 30 2016


...................................

...THE SPRINGFIELD VT CLIMATE SUMMARY FOR MAY 29 2016...

CLIMATE NORMAL PERIOD 1981 TO 2010
CLIMATE RECORD PERIOD 9999 TO 9999


WEATHER ITEM   OBSERVED TIME   NORMAL DEPARTURE LAST
                VALUE   (LST)  VALUE  FROM      YEAR
                                      NORMAL
......................................................
TEMPERATURE (F)
 YESTERDAY
  MAXIMUM         76   1206 PM  71      5       83
  MINIMUM         60   1159 PM  46     14       53
  AVERAGE         68            59      9       68

PRECIPITATION (IN)
  YESTERDAY        T             0.16  -0.16     0.00
  MONTH TO DATE    2.04          3.40  -1.36     0.64
  SINCE MAR 1      5.15         10.32  -5.17     3.73
  SINCE JAN 1     10.37         15.93  -5.56     7.88

DEGREE DAYS
 HEATING
  YESTERDAY        0             7     -7        0
  MONTH TO DATE  292           303    -11      170
  SINCE MAR 1   1791          1964   -173     2029
  SINCE JUL 1   6447          7409   -962     7581

 COOLING
  YESTERDAY        3             1      2        3
  MONTH TO DATE   31             3     28       42
  SINCE MAR 1     31             5     26       42
  SINCE JAN 1     31             5     26       42
......................................................


WIND (MPH)
  HIGHEST WIND SPEED    12   HIGHEST WIND DIRECTION    SE (150)
  HIGHEST GUST SPEED    15   HIGHEST GUST DIRECTION    SE (150)
  AVERAGE WIND SPEED     4.3


SKY COVER
  AVERAGE SKY COVER  MM


WEATHER CONDITIONS
 THE FOLLOWING WEATHER WAS RECORDED YESTERDAY.
  FOG


RELATIVE HUMIDITY (PERCENT)
 HIGHEST    MM
 LOWEST     MM
 AVERAGE    MM

..........................................................


THE SPRINGFIELD VT CLIMATE NORMALS FOR TODAY
                         NORMAL    RECORD    YEAR
 MAXIMUM TEMPERATURE (F)   71        89      2015
 MINIMUM TEMPERATURE (F)   47        38      2004


SUNRISE AND SUNSET
MAY 30 2016...........SUNRISE   513 AM EDT   SUNSET   822 PM EDT
MAY 31 2016...........SUNRISE   513 AM EDT   SUNSET   823 PM EDT


-  INDICATES NEGATIVE NUMBERS.
R  INDICATES RECORD WAS SET OR TIED.
MM INDICATES DATA IS MISSING.
T  INDICATES TRACE AMOUNT.




$$
