000
CDUS41 KBTV 290527
CLIVSF


CLIMATE REPORT
NATIONAL WEATHER SERVICE BURLINGTON VT
123 AM EDT SUN MAR 29 2015


...................................

...THE SPRINGFIELD VT CLIMATE SUMMARY FOR MARCH 28 2015...

CLIMATE NORMAL PERIOD 1981 TO 2010
CLIMATE RECORD PERIOD 9999 TO 9999


WEATHER ITEM   OBSERVED TIME   NORMAL DEPARTURE LAST
                VALUE   (LST)  VALUE  FROM      YEAR
                                      NORMAL
......................................................
TEMPERATURE (F)
 YESTERDAY
  MAXIMUM         34    122 AM  47    -13       39
  MINIMUM         21   1159 PM  25     -4       31
  AVERAGE         28            36     -8       35

PRECIPITATION (IN)
  YESTERDAY        T             0.13  -0.13     0.18
  MONTH TO DATE    0.85          2.89  -2.04     0.90
  SINCE MAR 1      0.85          2.89  -2.04     0.90
  SINCE JAN 1      5.00          8.50  -3.50     4.59

DEGREE DAYS
 HEATING
  YESTERDAY       37            29      8       30
  MONTH TO DATE 1099           951    148     1194
  SINCE MAR 1   1099           951    148     1194
  SINCE JUL 1   6651          6396    255     6905

 COOLING
  YESTERDAY        0             0      0        0
  MONTH TO DATE    0             0      0        0
  SINCE MAR 1      0             0      0        0
  SINCE JAN 1      0             0      0        0
......................................................


WIND (MPH)
  HIGHEST WIND SPEED    16   HIGHEST WIND DIRECTION     W (280)
  HIGHEST GUST SPEED    24   HIGHEST GUST DIRECTION     N (350)
  AVERAGE WIND SPEED     8.6


SKY COVER
  AVERAGE SKY COVER 0.9


WEATHER CONDITIONS
 THE FOLLOWING WEATHER WAS RECORDED YESTERDAY.
  LIGHT SNOW
  HAZE


RELATIVE HUMIDITY (PERCENT)
 HIGHEST    75          1200 AM
 LOWEST     36          1000 PM
 AVERAGE    56

..........................................................


THE SPRINGFIELD VT CLIMATE NORMALS FOR TODAY
                         NORMAL    RECORD    YEAR
 MAXIMUM TEMPERATURE (F)   47        66      1998
 MINIMUM TEMPERATURE (F)   25        17      2008


SUNRISE AND SUNSET
MARCH 29 2015.........SUNRISE   638 AM EDT   SUNSET   713 PM EDT
MARCH 30 2015.........SUNRISE   636 AM EDT   SUNSET   714 PM EDT


-  INDICATES NEGATIVE NUMBERS.
R  INDICATES RECORD WAS SET OR TIED.
MM INDICATES DATA IS MISSING.
T  INDICATES TRACE AMOUNT.




$$
