000
CDUS41 KBTV 240534
CLIVSF


CLIMATE REPORT
NATIONAL WEATHER SERVICE BURLINGTON VT
1232 AM EST WED JAN 24 2018


...................................

...THE SPRINGFIELD VT CLIMATE SUMMARY FOR JANUARY 23 2018...

CLIMATE NORMAL PERIOD 1981 TO 2010
CLIMATE RECORD PERIOD 9999 TO 9999


WEATHER ITEM   OBSERVED TIME   NORMAL DEPARTURE LAST
                VALUE   (LST)  VALUE  FROM      YEAR
                                      NORMAL
......................................................
TEMPERATURE (F)
 YESTERDAY
  MAXIMUM         39   1129 PM  29     10       33
  MINIMUM         29    619 AM   9     20       29
  AVERAGE         34            19     15       31

PRECIPITATION (IN)
  YESTERDAY        0.92          0.07   0.85     0.05
  MONTH TO DATE    3.01          2.27   0.74     0.99
  SINCE DEC 1      6.42          5.54   0.88     3.39
  SINCE JAN 1      3.01          2.27   0.74     0.99

DEGREE DAYS
 HEATING
  YESTERDAY       31            46    -15       34
  MONTH TO DATE 1089          1047     42      901
  SINCE DEC 1   2461          2267    194     2116
  SINCE JUL 1   3853          3910    -57     3572

 COOLING
  YESTERDAY        0             0      0        0
  MONTH TO DATE    0             0      0        0
  SINCE DEC 1      0             0      0        0
  SINCE JAN 1      0             0      0        0
......................................................


WIND (MPH)
  HIGHEST WIND SPEED    14   HIGHEST WIND DIRECTION     W (260)
  HIGHEST GUST SPEED    19   HIGHEST GUST DIRECTION     W (250)
  AVERAGE WIND SPEED     2.2


SKY COVER
  AVERAGE SKY COVER 0.9


WEATHER CONDITIONS
 THE FOLLOWING WEATHER WAS RECORDED YESTERDAY.
  LIGHT RAIN
  FREEZING RAIN
  LT FREEZING RAIN
  FOG
  FOG W/VISIBILITY <= 1/4 MILE


RELATIVE HUMIDITY (PERCENT)
 HIGHEST   100          1200 AM
 LOWEST     76          1100 PM
 AVERAGE    88

..........................................................


THE SPRINGFIELD VT CLIMATE NORMALS FOR TODAY
                         NORMAL    RECORD    YEAR
 MAXIMUM TEMPERATURE (F)   29        51      1999
 MINIMUM TEMPERATURE (F)    9       -21      2011


SUNRISE AND SUNSET
JANUARY 24 2018.......SUNRISE   713 AM EST   SUNSET   451 PM EST
JANUARY 25 2018.......SUNRISE   713 AM EST   SUNSET   453 PM EST


-  INDICATES NEGATIVE NUMBERS.
R  INDICATES RECORD WAS SET OR TIED.
MM INDICATES DATA IS MISSING.
T  INDICATES TRACE AMOUNT.




$$
