000
CDUS43 KLBF 212257
CLIVTN


CLIMATE REPORT
NATIONAL WEATHER SERVICE NORTH PLATTE
456 PM CST WED FEB 21 2018


...................................

...THE VALENTINE NE CLIMATE SUMMARY FOR FEBRUARY 21 2018...
VALID TODAY AS OF 0400 PM LOCAL TIME.

CLIMATE NORMAL PERIOD 1981 TO 2010
CLIMATE RECORD PERIOD 1885 TO 2018


WEATHER ITEM   OBSERVED TIME   RECORD YEAR NORMAL DEPARTURE LAST
                VALUE   (LST)  VALUE       VALUE  FROM      YEAR
                                                  NORMAL
..................................................................
TEMPERATURE (F)
 TODAY
  MAXIMUM         27    433 PM  76    1995  42    -15       75
  MINIMUM        -16R   739 AM -15    1894  16    -32       34
  AVERAGE          6                        29    -23       55

PRECIPITATION (IN)
  TODAY            0.00          0.30 2013   0.02  -0.02     0.00
  MONTH TO DATE    0.54                      0.32   0.22     0.52
  SINCE DEC 1      1.42                      0.95   0.47     2.37
  SINCE JAN 1      1.08                      0.58   0.50     1.43

SNOWFALL (IN)
  TODAY            0.0           4.8  1993   0.2   -0.2      0.0
  MONTH TO DATE    6.5                       4.0    2.5      6.4
  SINCE DEC 1     16.6                      12.9    3.7     23.3
  SINCE JUL 1     17.9                      20.5   -2.6     29.6
  SNOW DEPTH       3

DEGREE DAYS
 HEATING
  TODAY           59                        36     23       10
  MONTH TO DATE 1014                       811    203      650
  SINCE DEC 1   3511                      3371    140     3368
  SINCE JUL 1   4810                      4989   -179     4474

 COOLING
  TODAY            0                         0      0        0
  MONTH TO DATE    0                         0      0        0
  SINCE DEC 1      0                         0      0        0
  SINCE JAN 1      0                         0      0        0
..................................................................


WIND (MPH)
  HIGHEST WIND SPEED    18   HIGHEST WIND DIRECTION     S (180)
  HIGHEST GUST SPEED    21   HIGHEST GUST DIRECTION     S (190)
  AVERAGE WIND SPEED     6.8


SKY COVER
  POSSIBLE SUNSHINE  MM
  AVERAGE SKY COVER 0.0


WEATHER CONDITIONS
 THE FOLLOWING WEATHER WAS RECORDED TODAY.
  NO SIGNIFICANT WEATHER WAS OBSERVED.


RELATIVE HUMIDITY (PERCENT)
 HIGHEST    79           900 AM
 LOWEST     55           200 PM
 AVERAGE    67

..........................................................


THE VALENTINE NE CLIMATE NORMALS FOR TOMORROW
                         NORMAL    RECORD    YEAR
 MAXIMUM TEMPERATURE (F)   42        78      1982
 MINIMUM TEMPERATURE (F)   16       -16      1993


SUNRISE AND SUNSET
FEBRUARY 21 2018......SUNRISE   731 AM CST   SUNSET   622 PM CST
FEBRUARY 22 2018......SUNRISE   729 AM CST   SUNSET   623 PM CST


-  INDICATES NEGATIVE NUMBERS.
R  INDICATES RECORD WAS SET OR TIED.
MM INDICATES DATA IS MISSING.
T  INDICATES TRACE AMOUNT.




$$
