000
CDUS43 KLBF 202242
CLIVTN


CLIMATE REPORT
NATIONAL WEATHER SERVICE NORTH PLATTE
537 PM CDT THU JUL 20 2017


...................................

...THE VALENTINE NE CLIMATE SUMMARY FOR JULY 20 2017...
VALID TODAY AS OF 0500 PM LOCAL TIME.

CLIMATE NORMAL PERIOD 1981 TO 2010
CLIMATE RECORD PERIOD 1885 TO 2017


WEATHER ITEM   OBSERVED TIME   RECORD YEAR NORMAL DEPARTURE LAST
                VALUE   (LST)  VALUE       VALUE  FROM      YEAR
                                                  NORMAL
..................................................................
TEMPERATURE (F)
 TODAY
  MAXIMUM        100    222 PM 110    1934  89     11      102
  MINIMUM         72    626 AM  45    1915  61     11       69
  AVERAGE         86                        75     11       86

PRECIPITATION (IN)
  TODAY            0.01          1.45 1957   0.11  -0.10     0.00
  MONTH TO DATE    0.11                      2.10  -1.99     1.36
  SINCE JUN 1      0.64                      5.66  -5.02     5.52
  SINCE JAN 1     10.24                     12.82  -2.58    18.84

SNOWFALL (IN)
  TODAY            0.0           0.0    MM   0.0    0.0      0.0
  MONTH TO DATE    0.0                       0.0    0.0      0.0
  SINCE JUN 1      0.0                       0.0    0.0      0.0
  SINCE JUL 1      0.0                       0.0    0.0      0.0
  SNOW DEPTH       0

DEGREE DAYS
 HEATING
  TODAY            0                         0      0        0
  MONTH TO DATE    0                         2     -2        5
  SINCE JUN 1     16                        63    -47       16
  SINCE JUL 1      0                         2     -2        5

 COOLING
  TODAY           21                        10     11       21
  MONTH TO DATE  343                       188    155      172
  SINCE JUN 1    539                       325    214      409
  SINCE JAN 1    562                       359    203      427
..................................................................


WIND (MPH)
  HIGHEST WIND SPEED    28   HIGHEST WIND DIRECTION     W (250)
  HIGHEST GUST SPEED    35   HIGHEST GUST DIRECTION     W (250)
  AVERAGE WIND SPEED     7.1


SKY COVER
  POSSIBLE SUNSHINE  MM
  AVERAGE SKY COVER 0.3


WEATHER CONDITIONS
 THE FOLLOWING WEATHER WAS RECORDED TODAY.
  THUNDERSTORM
  LIGHT RAIN


RELATIVE HUMIDITY (PERCENT)
 HIGHEST    79           600 AM
 LOWEST     24           100 PM
 AVERAGE    52

..........................................................


THE VALENTINE NE CLIMATE NORMALS FOR TOMORROW
                         NORMAL    RECORD    YEAR
 MAXIMUM TEMPERATURE (F)   89       110      2012
 MINIMUM TEMPERATURE (F)   61        46      1988


SUNRISE AND SUNSET
JULY 20 2017..........SUNRISE   622 AM CDT   SUNSET   915 PM CDT
JULY 21 2017..........SUNRISE   623 AM CDT   SUNSET   914 PM CDT


-  INDICATES NEGATIVE NUMBERS.
R  INDICATES RECORD WAS SET OR TIED.
MM INDICATES DATA IS MISSING.
T  INDICATES TRACE AMOUNT.




$$
