000
CDUS43 KLBF 250936
CLIVTN


CLIMATE REPORT
NATIONAL WEATHER SERVICE NORTH PLATTE
435 AM CDT THU MAY 25 2017


...................................

...THE VALENTINE NE CLIMATE SUMMARY FOR MAY 24 2017...

CLIMATE NORMAL PERIOD 1981 TO 2010
CLIMATE RECORD PERIOD 1885 TO 2017


WEATHER ITEM   OBSERVED TIME   RECORD YEAR NORMAL DEPARTURE LAST
                VALUE   (LST)  VALUE       VALUE  FROM      YEAR
                                                  NORMAL
..................................................................
TEMPERATURE (F)
 YESTERDAY
  MAXIMUM         73    604 PM  96    1967  73      0       82
                                      1926
  MINIMUM         31    507 AM  25    2002  47    -16       43
  AVERAGE         52                        60     -8       63

PRECIPITATION (IN)
  YESTERDAY        0.00          1.56 1916   0.11  -0.11     0.48
  MONTH TO DATE    4.98                      2.35   2.63     5.81
  SINCE MAR 1      7.10                      5.64   1.46    11.36
  SINCE JAN 1      9.17                      6.38   2.79    12.04

SNOWFALL (IN)
  YESTERDAY        0.0           0.0    MM   0.0    0.0      0.0
  MONTH TO DATE    0.0                       0.1   -0.1      0.0
  SINCE MAR 1      2.7                      11.2   -8.5      7.0
  SINCE JUL 1     44.5                      33.3   11.2     38.2
  SNOW DEPTH       0

DEGREE DAYS
 HEATING
  YESTERDAY       13                         6      7        2
  MONTH TO DATE  216                       225     -9      239
  SINCE MAR 1   1436                      1672   -236     1451
  SINCE JUL 1   6195                      6908   -713     6137

 COOLING
  YESTERDAY        0                         1     -1        0
  MONTH TO DATE   21                        21      0       11
  SINCE MAR 1     23                        25     -2       14
  SINCE JAN 1     23                        25     -2       14
..................................................................


WIND (MPH)
  HIGHEST WIND SPEED    23   HIGHEST WIND DIRECTION     S (170)
  HIGHEST GUST SPEED    31   HIGHEST GUST DIRECTION     S (170)
  AVERAGE WIND SPEED    11.0


SKY COVER
  POSSIBLE SUNSHINE  MM
  AVERAGE SKY COVER 0.0


WEATHER CONDITIONS
 THE FOLLOWING WEATHER WAS RECORDED YESTERDAY.
  NO SIGNIFICANT WEATHER WAS OBSERVED.


RELATIVE HUMIDITY (PERCENT)
 HIGHEST    92           500 AM
 LOWEST     23           500 PM
 AVERAGE    58

..........................................................


THE VALENTINE NE CLIMATE NORMALS FOR TODAY
                         NORMAL    RECORD    YEAR
 MAXIMUM TEMPERATURE (F)   74        97      1985
 MINIMUM TEMPERATURE (F)   47        32      1910


SUNRISE AND SUNSET
MAY 25 2017...........SUNRISE   610 AM CDT   SUNSET   909 PM CDT
MAY 26 2017...........SUNRISE   610 AM CDT   SUNSET   909 PM CDT


-  INDICATES NEGATIVE NUMBERS.
R  INDICATES RECORD WAS SET OR TIED.
MM INDICATES DATA IS MISSING.
T  INDICATES TRACE AMOUNT.




$$
