000
CDUS43 KLBF 221031
CLIVTN


CLIMATE REPORT
NATIONAL WEATHER SERVICE NORTH PLATTE
430 AM CST WED NOV 22 2017


...................................

...THE VALENTINE NE CLIMATE SUMMARY FOR NOVEMBER 21 2017...

CLIMATE NORMAL PERIOD 1981 TO 2010
CLIMATE RECORD PERIOD 1885 TO 2017


WEATHER ITEM   OBSERVED TIME   RECORD YEAR NORMAL DEPARTURE LAST
                VALUE   (LST)  VALUE       VALUE  FROM      YEAR
                                                  NORMAL
..................................................................
TEMPERATURE (F)
 YESTERDAY
  MAXIMUM         45   1256 AM  76    2012  45      0       50
  MINIMUM         15    830 PM -10    1898  19     -4       24
  AVERAGE         30                        32     -2       37

PRECIPITATION (IN)
  YESTERDAY        0.01          0.49 1909   0.01   0.00     0.00
  MONTH TO DATE    0.56                      0.50   0.06     0.27
  SINCE SEP 1      4.48                      3.39   1.09     3.69
  SINCE JAN 1     17.66                     19.50  -1.84    25.62

SNOWFALL (IN)
  YESTERDAY        0.0           5.2  1909   0.2   -0.2      0.0
  MONTH TO DATE    1.3                       3.8   -2.5      3.0
  SINCE SEP 1      1.3                       6.0   -4.7      6.0
  SINCE JUL 1      1.3                       6.0   -4.7      6.0
  SNOW DEPTH       0

DEGREE DAYS
 HEATING
  YESTERDAY       35                        33      2       28
  MONTH TO DATE  546                       593    -47      402
  SINCE SEP 1   1125                      1270   -145      801
  SINCE JUL 1   1132                      1295   -163      829

 COOLING
  YESTERDAY        0                         0      0        0
  MONTH TO DATE    0                         0      0        0
  SINCE SEP 1    126                        85     41       83
  SINCE JAN 1   1060                       821    239      880
..................................................................


WIND (MPH)
  HIGHEST WIND SPEED    28   HIGHEST WIND DIRECTION     N (20)
  HIGHEST GUST SPEED    36   HIGHEST GUST DIRECTION     N (20)
  AVERAGE WIND SPEED    11.8


SKY COVER
  POSSIBLE SUNSHINE  MM
  AVERAGE SKY COVER 0.3


WEATHER CONDITIONS
 THE FOLLOWING WEATHER WAS RECORDED YESTERDAY.
  LIGHT SNOW
  FOG


RELATIVE HUMIDITY (PERCENT)
 HIGHEST    85           500 AM
 LOWEST     39           300 PM
 AVERAGE    62

..........................................................


THE VALENTINE NE CLIMATE NORMALS FOR TODAY
                         NORMAL    RECORD    YEAR
 MAXIMUM TEMPERATURE (F)   44        74      2006
                                             1998
 MINIMUM TEMPERATURE (F)   18       -15      1898


SUNRISE AND SUNSET
NOVEMBER 22 2017......SUNRISE   743 AM CST   SUNSET   513 PM CST
NOVEMBER 23 2017......SUNRISE   744 AM CST   SUNSET   513 PM CST


-  INDICATES NEGATIVE NUMBERS.
R  INDICATES RECORD WAS SET OR TIED.
MM INDICATES DATA IS MISSING.
T  INDICATES TRACE AMOUNT.




$$
