000
CDUS43 KLBF 012323
CLIVTN

CLIMATE REPORT
NATIONAL WEATHER SERVICE NORTH PLATTE
520 PM CST SUN MAR 1 2015


...................................

...THE VALENTINE NE CLIMATE SUMMARY FOR MARCH 1 2015...
VALID TODAY AS OF 0500 PM LOCAL TIME.

CLIMATE NORMAL PERIOD 1981 TO 2010
CLIMATE RECORD PERIOD 1885 TO 2015


WEATHER ITEM   OBSERVED TIME   RECORD YEAR NORMAL DEPARTURE LAST
                VALUE   (LST)  VALUE       VALUE  FROM      YEAR
                                                  NORMAL
..................................................................
TEMPERATURE (F)
 TODAY
  MAXIMUM         36    317 PM  74    1992  44     -8        9
  MINIMUM         15    737 AM -29    1980  18     -3      -10
  AVERAGE         26                        31     -5        0

PRECIPITATION (IN)
  TODAY            0.01          0.38 1953   0.02  -0.01     0.31
                                      1891
  MONTH TO DATE    0.01                      0.02  -0.01     0.31
  SINCE MAR 1      0.01                      0.02  -0.01     0.31
  SINCE JAN 1      0.63                      0.76  -0.13     0.97

SNOWFALL (IN)
  TODAY            T             3.8  1891   0.2   -0.2      3.5
  MONTH TO DATE    T                         0.2   -0.2      3.5
  SINCE MAR 1      T                         0.2   -0.2      3.5
  SINCE JUL 1     21.7                      22.3   -0.6     30.0
  SNOW DEPTH       0

DEGREE DAYS
 HEATING
  TODAY           39                        34      5       65
  MONTH TO DATE   39                        34      5       65
  SINCE MAR 1     39                        34      5       65
  SINCE JUL 1   5165                      5270   -105     5543

 COOLING
  TODAY            0                         0      0        0
  MONTH TO DATE    0                         0      0        0
  SINCE MAR 1      0                         0      0        0
  SINCE JAN 1      0                         0      0        0
..................................................................


WIND (MPH)
  HIGHEST WIND SPEED    22   HIGHEST WIND DIRECTION    NW (300)
  HIGHEST GUST SPEED    28   HIGHEST GUST DIRECTION     N (340)
  AVERAGE WIND SPEED     9.0


SKY COVER
  POSSIBLE SUNSHINE  MM
  AVERAGE SKY COVER 0.8


WEATHER CONDITIONS
 THE FOLLOWING WEATHER WAS RECORDED TODAY.
  LIGHT SNOW
  FOG


RELATIVE HUMIDITY (PERCENT)
 HIGHEST    80           700 AM
 LOWEST     29           400 PM
 AVERAGE    55

..........................................................


THE VALENTINE NE CLIMATE NORMALS FOR TOMORROW
                         NORMAL    RECORD    YEAR
 MAXIMUM TEMPERATURE (F)   45        76      1974
 MINIMUM TEMPERATURE (F)   19       -21      2014


SUNRISE AND SUNSET
MARCH  1 2015.........SUNRISE   718 AM CST   SUNSET   631 PM CST
MARCH  2 2015.........SUNRISE   717 AM CST   SUNSET   633 PM CST


-  INDICATES NEGATIVE NUMBERS.
R  INDICATES RECORD WAS SET OR TIED.
MM INDICATES DATA IS MISSING.
T  INDICATES TRACE AMOUNT.




$$
