046
CDUS43 KLBF 250825
CLIVTN


CLIMATE REPORT
NATIONAL WEATHER SERVICE NORTH PLATTE
324 AM CDT MON SEP 25 2017


...................................

...THE VALENTINE NE CLIMATE SUMMARY FOR SEPTEMBER 24 2017...

CLIMATE NORMAL PERIOD 1981 TO 2010
CLIMATE RECORD PERIOD 1885 TO 2017


WEATHER ITEM   OBSERVED TIME   RECORD YEAR NORMAL DEPARTURE LAST
                VALUE   (LST)  VALUE       VALUE  FROM      YEAR
                                                  NORMAL
..................................................................
TEMPERATURE (F)
 YESTERDAY
  MAXIMUM         57    244 PM  92    1990  73    -16       76
  MINIMUM         50   1159 PM  21    1926  43      7       53
  AVERAGE         54                        58     -4       65

PRECIPITATION (IN)
  YESTERDAY        0.51          1.33 2005   0.06   0.45      T
  MONTH TO DATE    2.44                      1.31   1.13     1.52
  SINCE SEP 1      2.44                      1.31   1.13     1.52
  SINCE JAN 1     15.62                     17.42  -1.80    23.45

SNOWFALL (IN)
  YESTERDAY        0.0           T    1984   0.0    0.0      0.0
                                      1912
  MONTH TO DATE    0.0                       0.4   -0.4      0.0
  SINCE SEP 1      0.0                       0.4   -0.4      0.0
  SINCE JUL 1      0.0                       0.4   -0.4      0.0
  SNOW DEPTH       0

DEGREE DAYS
 HEATING
  YESTERDAY       11                         8      3        0
  MONTH TO DATE   73                       105    -32       56
  SINCE SEP 1     73                       105    -32       56
  SINCE JUL 1     80                       130    -50       84

 COOLING
  YESTERDAY        0                         1     -1        0
  MONTH TO DATE  124                        76     48       67
  SINCE SEP 1    124                        76     48       67
  SINCE JAN 1   1058                       812    246      864
..................................................................


WIND (MPH)
  HIGHEST WIND SPEED    18   HIGHEST WIND DIRECTION    NW (320)
  HIGHEST GUST SPEED    25   HIGHEST GUST DIRECTION    NW (320)
  AVERAGE WIND SPEED     9.6


SKY COVER
  POSSIBLE SUNSHINE  MM
  AVERAGE SKY COVER 1.0


WEATHER CONDITIONS
 THE FOLLOWING WEATHER WAS RECORDED YESTERDAY.
  RAIN
  LIGHT RAIN
  FOG


RELATIVE HUMIDITY (PERCENT)
 HIGHEST    96           100 AM
 LOWEST     72           500 PM
 AVERAGE    84

..........................................................


THE VALENTINE NE CLIMATE NORMALS FOR TODAY
                         NORMAL    RECORD    YEAR
 MAXIMUM TEMPERATURE (F)   73        94      1967
 MINIMUM TEMPERATURE (F)   43        12      1926


SUNRISE AND SUNSET
SEPTEMBER 25 2017.....SUNRISE   733 AM CDT   SUNSET   734 PM CDT
SEPTEMBER 26 2017.....SUNRISE   734 AM CDT   SUNSET   732 PM CDT


-  INDICATES NEGATIVE NUMBERS.
R  INDICATES RECORD WAS SET OR TIED.
MM INDICATES DATA IS MISSING.
T  INDICATES TRACE AMOUNT.




$$
