000
CDUS43 KLBF 271022
CLIVTN

CLIMATE REPORT
NATIONAL WEATHER SERVICE NORTH PLATTE
420 AM CST TUE JAN 27 2015


...................................

...THE VALENTINE NE CLIMATE SUMMARY FOR JANUARY 26 2015...

CLIMATE NORMAL PERIOD 1981 TO 2010
CLIMATE RECORD PERIOD 1885 TO 2015


WEATHER ITEM   OBSERVED TIME   RECORD YEAR NORMAL DEPARTURE LAST
                VALUE   (LST)  VALUE       VALUE  FROM      YEAR
                                                  NORMAL
..................................................................
TEMPERATURE (F)
 YESTERDAY
  MAXIMUM         62    423 PM  71    2002  37     25       51
  MINIMUM         30    159 AM -29    1950  11     19        4
  AVERAGE         46                        24     22       28

PRECIPITATION (IN)
  YESTERDAY        0.00          0.66 1944   0.01  -0.01      T
  MONTH TO DATE    0.08                      0.21  -0.13     0.04
  SINCE DEC 1      0.98                      0.58   0.40     0.75
  SINCE JAN 1      0.08                      0.21  -0.13     0.04

SNOWFALL (IN)
  YESTERDAY        0.0           5.8  1944   0.1   -0.1       T
  MONTH TO DATE    1.5                       3.2   -1.7      0.5
  SINCE DEC 1     10.2                       8.3    1.9     12.7
  SINCE JUL 1     16.6                      15.9    0.7     19.5
  SNOW DEPTH       T

DEGREE DAYS
 HEATING
  YESTERDAY       19                        41    -22       37
  MONTH TO DATE 1094                      1079     15      977
  SINCE DEC 1   2296                      2356    -60     2410
  SINCE JUL 1   3900                      3974    -74     3969

 COOLING
  YESTERDAY        0                         0      0        0
  MONTH TO DATE    0                         0      0        0
  SINCE DEC 1      0                         0      0        0
  SINCE JAN 1      0                         0      0        0
..................................................................


WIND (MPH)
  HIGHEST WIND SPEED    21   HIGHEST WIND DIRECTION    NW (320)
  HIGHEST GUST SPEED    27   HIGHEST GUST DIRECTION    NW (330)
  AVERAGE WIND SPEED     9.2


SKY COVER
  POSSIBLE SUNSHINE  MM
  AVERAGE SKY COVER 0.0


WEATHER CONDITIONS
 THE FOLLOWING WEATHER WAS RECORDED YESTERDAY.
  NO SIGNIFICANT WEATHER WAS OBSERVED.


RELATIVE HUMIDITY (PERCENT)
 HIGHEST    92           200 AM
 LOWEST     32           200 PM
 AVERAGE    62

..........................................................


THE VALENTINE NE CLIMATE NORMALS FOR TODAY
                         NORMAL    RECORD    YEAR
 MAXIMUM TEMPERATURE (F)   37        68      1989
 MINIMUM TEMPERATURE (F)   11       -27      1963


SUNRISE AND SUNSET
JANUARY 27 2015.......SUNRISE   802 AM CST   SUNSET   548 PM CST
JANUARY 28 2015.......SUNRISE   801 AM CST   SUNSET   550 PM CST


-  INDICATES NEGATIVE NUMBERS.
R  INDICATES RECORD WAS SET OR TIED.
MM INDICATES DATA IS MISSING.
T  INDICATES TRACE AMOUNT.

$$
