000
CDUS43 KLBF 110935
CLIVTN

CLIMATE REPORT
NATIONAL WEATHER SERVICE NORTH PLATTE
435 AM CDT FRI JUL 11 2014


...................................

...THE VALENTINE NE CLIMATE SUMMARY FOR JULY 10 2014...

CLIMATE NORMAL PERIOD 1981 TO 2010
CLIMATE RECORD PERIOD 1885 TO 2014


WEATHER ITEM   OBSERVED TIME   RECORD YEAR NORMAL DEPARTURE LAST
                VALUE   (LST)  VALUE       VALUE  FROM      YEAR
                                                  NORMAL
..................................................................
TEMPERATURE (F)
 YESTERDAY
  MAXIMUM         93    408 PM 108    1966  89      4       88
  MINIMUM         59    211 AM  42    1895  60     -1       57
  AVERAGE         76                        74      2       73

PRECIPITATION (IN)
  YESTERDAY        0.05          1.54 1942   0.10  -0.05     0.00
  MONTH TO DATE    0.39                      1.07  -0.68     0.13
  SINCE JUN 1      9.02                      4.63   4.39     2.58
  SINCE JAN 1     16.23                     11.79   4.44    11.98

SNOWFALL (IN)
  YESTERDAY        0.0           0.0    MM   0.0    0.0      0.0
  MONTH TO DATE    0.0                       0.0    0.0      0.0
  SINCE JUN 1      0.0                       0.0    0.0      0.0
  SINCE JUL 1      0.0                       0.0    0.0      0.0
  SNOW DEPTH       0

DEGREE DAYS
 HEATING
  YESTERDAY        0                         0      0        0
  MONTH TO DATE    7                         2      5        0
  SINCE JUN 1     61                        63     -2       54
  SINCE JUL 1      7                         2      5        0

 COOLING
  YESTERDAY       11                        10      1        8
  MONTH TO DATE   66                        88    -22       87
  SINCE JUN 1    177                       225    -48      233
  SINCE JAN 1    238                       259    -21      272
..................................................................


WIND (MPH)
  HIGHEST WIND SPEED    23   HIGHEST WIND DIRECTION     S (170)
  HIGHEST GUST SPEED    28   HIGHEST GUST DIRECTION     S (200)
  AVERAGE WIND SPEED    12.3


SKY COVER
  POSSIBLE SUNSHINE  MM
  AVERAGE SKY COVER 0.3


WEATHER CONDITIONS
 THE FOLLOWING WEATHER WAS RECORDED YESTERDAY.
  THUNDERSTORM
  LIGHT RAIN
  FOG


RELATIVE HUMIDITY (PERCENT)
 HIGHEST   100           200 AM
 LOWEST     38           400 PM
 AVERAGE    69

..........................................................


THE VALENTINE NE CLIMATE NORMALS FOR TODAY
                         NORMAL    RECORD    YEAR
 MAXIMUM TEMPERATURE (F)   89       108      1939
 MINIMUM TEMPERATURE (F)   60        45      1975


SUNRISE AND SUNSET
JULY 11 2014..........SUNRISE   614 AM CDT   SUNSET   921 PM CDT
JULY 12 2014..........SUNRISE   615 AM CDT   SUNSET   921 PM CDT


-  INDICATES NEGATIVE NUMBERS.
R  INDICATES RECORD WAS SET OR TIED.
MM INDICATES DATA IS MISSING.
T  INDICATES TRACE AMOUNT.

$$
