000
CDUS43 KLBF 042240
CLIVTN

CLIMATE REPORT
NATIONAL WEATHER SERVICE NORTH PLATTE
539 PM CDT SAT JUL 4 2015


...................................

...THE VALENTINE NE CLIMATE SUMMARY FOR JULY 4 2015...
VALID TODAY AS OF 0500 PM LOCAL TIME.

CLIMATE NORMAL PERIOD 1981 TO 2010
CLIMATE RECORD PERIOD 1885 TO 2015


WEATHER ITEM   OBSERVED TIME   RECORD YEAR NORMAL DEPARTURE LAST
                VALUE   (LST)  VALUE       VALUE  FROM      YEAR
                                                  NORMAL
..................................................................
TEMPERATURE (F)
 TODAY
  MAXIMUM         92    427 PM 107    1936  88      4       89
  MINIMUM         61    359 AM  41    1997  59      2       67
                                      1915
  AVERAGE         77                        73      4       78

PRECIPITATION (IN)
  TODAY            0.00          1.81 1900   0.11  -0.11     0.00
  MONTH TO DATE    0.03                      0.43  -0.40     0.00
  SINCE JUN 1      3.45                      3.99  -0.54     8.63
  SINCE JAN 1     12.84                     11.15   1.69    15.84

SNOWFALL (IN)
  TODAY            0.0           0.0    MM   0.0    0.0      0.0
  MONTH TO DATE    0.0                       0.0    0.0      0.0
  SINCE JUN 1      0.0                       0.0    0.0      0.0
  SINCE JUL 1      0.0                       0.0    0.0      0.0
  SNOW DEPTH       0

DEGREE DAYS
 HEATING
  TODAY            0                         0      0        0
  MONTH TO DATE    0                         2     -2        6
  SINCE JUN 1      8                        63    -55       60
  SINCE JUL 1      0                         2     -2        6

 COOLING
  TODAY           12                         9      3       13
  MONTH TO DATE   32                        33     -1       19
  SINCE JUN 1    172                       170      2      130
  SINCE JAN 1    178                       204    -26      191
..................................................................


WIND (MPH)
  HIGHEST WIND SPEED    24   HIGHEST WIND DIRECTION     S (170)
  HIGHEST GUST SPEED    32   HIGHEST GUST DIRECTION     S (180)
  AVERAGE WIND SPEED    12.4


SKY COVER
  POSSIBLE SUNSHINE  MM
  AVERAGE SKY COVER 0.0


WEATHER CONDITIONS
 THE FOLLOWING WEATHER WAS RECORDED TODAY.
  NO SIGNIFICANT WEATHER WAS OBSERVED.


RELATIVE HUMIDITY (PERCENT)
 HIGHEST    97           400 AM
 LOWEST     41           300 PM
 AVERAGE    69

..........................................................


THE VALENTINE NE CLIMATE NORMALS FOR TOMORROW
                         NORMAL    RECORD    YEAR
 MAXIMUM TEMPERATURE (F)   88       108      1936
 MINIMUM TEMPERATURE (F)   59        39      1915


SUNRISE AND SUNSET
JULY  4 2015..........SUNRISE   609 AM CDT   SUNSET   924 PM CDT
JULY  5 2015..........SUNRISE   610 AM CDT   SUNSET   924 PM CDT


-  INDICATES NEGATIVE NUMBERS.
R  INDICATES RECORD WAS SET OR TIED.
MM INDICATES DATA IS MISSING.
T  INDICATES TRACE AMOUNT.




$$
