907
CDUS43 KLBF 260941
CLIVTN


CLIMATE REPORT
NATIONAL WEATHER SERVICE NORTH PLATTE
439 AM CDT MON SEP 26 2016


...................................

...THE VALENTINE NE CLIMATE SUMMARY FOR SEPTEMBER 25 2016...

CLIMATE NORMAL PERIOD 1981 TO 2010
CLIMATE RECORD PERIOD 1885 TO 2016


WEATHER ITEM   OBSERVED TIME   RECORD YEAR NORMAL DEPARTURE LAST
                VALUE   (LST)  VALUE       VALUE  FROM      YEAR
                                                  NORMAL
..................................................................
TEMPERATURE (F)
 YESTERDAY
  MAXIMUM         67    334 PM  94    1967  73     -6       69
  MINIMUM         37   1159 PM  12    1926  43     -6       55
  AVERAGE         52                        58     -6       62

PRECIPITATION (IN)
  YESTERDAY        0.00          1.48 1976   0.05  -0.05     0.00
  MONTH TO DATE    1.52                      1.36   0.16     4.61
  SINCE SEP 1      1.52                      1.36   0.16     4.61
  SINCE JAN 1     23.45                     17.47   5.98    22.56

SNOWFALL (IN)
  YESTERDAY        0.0           0.5  1939   0.1   -0.1      0.0
  MONTH TO DATE    0.0                       0.5   -0.5      0.0
  SINCE SEP 1      0.0                       0.5   -0.5      0.0
  SINCE JUL 1      0.0                       0.5   -0.5      0.0
  SNOW DEPTH       0

DEGREE DAYS
 HEATING
  YESTERDAY       13                         8      5        3
  MONTH TO DATE   69                       113    -44       44
  SINCE SEP 1     69                       113    -44       44
  SINCE JUL 1     97                       138    -41       75

 COOLING
  YESTERDAY        0                         1     -1        0
  MONTH TO DATE   67                        77    -10      126
  SINCE SEP 1     67                        77    -10      126
  SINCE JAN 1    864                       813     51      786
..................................................................


WIND (MPH)
  HIGHEST WIND SPEED    31   HIGHEST WIND DIRECTION    NW (320)
  HIGHEST GUST SPEED    42   HIGHEST GUST DIRECTION    NW (310)
  AVERAGE WIND SPEED    16.6


SKY COVER
  POSSIBLE SUNSHINE  MM
  AVERAGE SKY COVER 0.1


WEATHER CONDITIONS
 THE FOLLOWING WEATHER WAS RECORDED YESTERDAY.
  NO SIGNIFICANT WEATHER WAS OBSERVED.


RELATIVE HUMIDITY (PERCENT)
 HIGHEST    68           600 AM
 LOWEST     18           400 PM
 AVERAGE    43

..........................................................


THE VALENTINE NE CLIMATE NORMALS FOR TODAY
                         NORMAL    RECORD    YEAR
 MAXIMUM TEMPERATURE (F)   72        95      1956
 MINIMUM TEMPERATURE (F)   42        23      1934


SUNRISE AND SUNSET
SEPTEMBER 26 2016.....SUNRISE   734 AM CDT   SUNSET   731 PM CDT
SEPTEMBER 27 2016.....SUNRISE   736 AM CDT   SUNSET   730 PM CDT


-  INDICATES NEGATIVE NUMBERS.
R  INDICATES RECORD WAS SET OR TIED.
MM INDICATES DATA IS MISSING.
T  INDICATES TRACE AMOUNT.

$$
