000
CDUS43 KLBF 012232
CLIVTN

CLIMATE REPORT
NATIONAL WEATHER SERVICE NORTH PLATTE
530 PM CDT MON JUN 1 2015


...................................

...THE VALENTINE NE CLIMATE SUMMARY FOR JUNE 1 2015...
VALID TODAY AS OF 0500 PM LOCAL TIME.

CLIMATE NORMAL PERIOD 1981 TO 2010
CLIMATE RECORD PERIOD 1885 TO 2015


WEATHER ITEM   OBSERVED TIME   RECORD YEAR NORMAL DEPARTURE LAST
                VALUE   (LST)  VALUE       VALUE  FROM      YEAR
                                                  NORMAL
..................................................................
TEMPERATURE (F)
 TODAY
  MAXIMUM         83    425 PM 102    1940  76      7       76
  MINIMUM         53   1224 AM  33    1982  50      3       58
  AVERAGE         68                        63      5       67

PRECIPITATION (IN)
  TODAY            0.00          1.71 1939   0.12  -0.12     0.43
  MONTH TO DATE    0.00                      0.12  -0.12     0.43
  SINCE JUN 1      0.00                      0.12  -0.12     0.43
  SINCE JAN 1      9.39                      7.28   2.11     7.64

SNOWFALL (IN)
  TODAY            0.0           0.0    MM   0.0    0.0      0.0
  MONTH TO DATE    0.0                       0.0    0.0      0.0
  SINCE JUN 1      0.0                       0.0    0.0      0.0
  SINCE JUL 1     22.5                      33.3  -10.8     35.8
  SNOW DEPTH       0

DEGREE DAYS
 HEATING
  TODAY            0                         4     -4        0
  MONTH TO DATE    0                         4     -4        0
  SINCE JUN 1      0                         4     -4        0
  SINCE JUL 1   6570                      6946   -376     7244

 COOLING
  TODAY            3                         2      1        2
  MONTH TO DATE    3                         2      1        2
  SINCE JUN 1      3                         2      1        2
  SINCE JAN 1      9                        36    -27       63
..................................................................


WIND (MPH)
  HIGHEST WIND SPEED    24   HIGHEST WIND DIRECTION     S (170)
  HIGHEST GUST SPEED    33   HIGHEST GUST DIRECTION    SE (150)
  AVERAGE WIND SPEED    12.3


SKY COVER
  POSSIBLE SUNSHINE  MM
  AVERAGE SKY COVER 0.1


WEATHER CONDITIONS
 THE FOLLOWING WEATHER WAS RECORDED TODAY.
  NO SIGNIFICANT WEATHER WAS OBSERVED.


RELATIVE HUMIDITY (PERCENT)
 HIGHEST    93           600 AM
 LOWEST     45           200 PM
 AVERAGE    69

..........................................................


THE VALENTINE NE CLIMATE NORMALS FOR TOMORROW
                         NORMAL    RECORD    YEAR
 MAXIMUM TEMPERATURE (F)   76        95      1940
 MINIMUM TEMPERATURE (F)   50        31      1969


SUNRISE AND SUNSET
JUNE  1 2015..........SUNRISE   606 AM CDT   SUNSET   914 PM CDT
JUNE  2 2015..........SUNRISE   606 AM CDT   SUNSET   915 PM CDT


-  INDICATES NEGATIVE NUMBERS.
R  INDICATES RECORD WAS SET OR TIED.
MM INDICATES DATA IS MISSING.
T  INDICATES TRACE AMOUNT.

$$
