000
CDUS46 KPQR 221148
CLIVUO


CLIMATE REPORT
NATIONAL WEATHER SERVICE PORTLAND OREGON
448 AM PDT FRI SEP 22 2017


...................................

...THE VANCOUVER WA CLIMATE SUMMARY FOR SEPTEMBER 21 2017...

CLIMATE NORMAL PERIOD 1981 TO 2010
CLIMATE RECORD PERIOD 1891 TO 2017


WEATHER ITEM   OBSERVED TIME   RECORD YEAR NORMAL DEPARTURE LAST
                VALUE   (LST)  VALUE       VALUE  FROM      YEAR
                                                  NORMAL
..................................................................
TEMPERATURE (F)
 YESTERDAY
  MAXIMUM         64    435 PM  95    1952  74    -10       74
  MINIMUM         48   1155 PM  32    1993  50     -2       49
  AVERAGE         56                        62     -6       62

PRECIPITATION (IN)
  YESTERDAY        0.01                      0.07  -0.06     0.00
  MONTH TO DATE    2.34                      0.84   1.50     1.11
  SINCE OCT 1     51.32                     38.42  12.90    46.54
  SINCE JAN 1     31.46                     22.67   8.79    22.69

DEGREE DAYS
 HEATING
  YESTERDAY        9                                         3
  MONTH TO DATE   41                                        63
  SINCE JUL 1     44                                        85

 COOLING
  YESTERDAY        0                                         0
  MONTH TO DATE  110                                         9
  SINCE JAN 1    629                                       398
..................................................................


WIND (MPH)
  HIGHEST WIND SPEED     9   HIGHEST WIND DIRECTION    NW (300)
  HIGHEST GUST SPEED    12   HIGHEST GUST DIRECTION    NW (310)
  AVERAGE WIND SPEED     3.2


SKY COVER
  POSSIBLE SUNSHINE  MM
  AVERAGE SKY COVER 0.7


WEATHER CONDITIONS
 THE FOLLOWING WEATHER WAS RECORDED YESTERDAY.
  LIGHT RAIN
  FOG


RELATIVE HUMIDITY (PERCENT)
 HIGHEST   100          1200 AM
 LOWEST     55           600 PM
 AVERAGE    78

..........................................................




SUNRISE AND SUNSET
SEPTEMBER 22 2017.....SUNRISE   658 AM PDT   SUNSET   707 PM PDT
SEPTEMBER 23 2017.....SUNRISE   659 AM PDT   SUNSET   705 PM PDT


-  INDICATES NEGATIVE NUMBERS.
R  INDICATES RECORD WAS SET OR TIED.
MM INDICATES DATA IS MISSING.
T  INDICATES TRACE AMOUNT.




$$
