000
CDUS46 KPQR 190023
CLIVUO


CLIMATE REPORT
NATIONAL WEATHER SERVICE PORTLAND OREGON
423 PM PST THU JAN 18 2018


...................................

...THE VANCOUVER WA CLIMATE SUMMARY FOR JANUARY 18 2018...
VALID TODAY AS OF 0400 PM LOCAL TIME.

CLIMATE NORMAL PERIOD 1981 TO 2010
CLIMATE RECORD PERIOD 1891 TO 2018


WEATHER ITEM   OBSERVED TIME   RECORD YEAR NORMAL DEPARTURE LAST
                VALUE   (LST)  VALUE       VALUE  FROM      YEAR
                                                  NORMAL
..................................................................
TEMPERATURE (F)
 TODAY
  MAXIMUM         52   1215 AM  66    2005  48      4       48
  MINIMUM         45    337 PM   8    1943  36      9       33
  AVERAGE         49                        42      7       41

PRECIPITATION (IN)
  TODAY            0.12                      0.17  -0.05     1.06
  MONTH TO DATE    2.70                      3.40  -0.70     3.51
  SINCE OCT 1     16.89                     19.15  -2.26    23.37
  SINCE JAN 1      2.70                      3.40  -0.70     3.51

DEGREE DAYS
 HEATING
  TODAY           16                                        24
  MONTH TO DATE  372                                       648
  SINCE DEC 1   1179                                      1515
  SINCE JUL 1   2140                                      2303

 COOLING
  TODAY            0                                         0
  MONTH TO DATE    0                                         0
  SINCE DEC 1      0                                         0
  SINCE JAN 1      0                                         0
..................................................................


WIND (MPH)
  HIGHEST WIND SPEED    13   HIGHEST WIND DIRECTION    SE (120)
  HIGHEST GUST SPEED    20   HIGHEST GUST DIRECTION    SE (150)
  AVERAGE WIND SPEED     7.4


SKY COVER
  POSSIBLE SUNSHINE  MM
  AVERAGE SKY COVER 0.8


WEATHER CONDITIONS
 THE FOLLOWING WEATHER WAS RECORDED TODAY.
  LIGHT RAIN
  FOG


RELATIVE HUMIDITY (PERCENT)
 HIGHEST   100           300 PM
 LOWEST     71          1000 AM
 AVERAGE    86

..........................................................


THE VANCOUVER WA CLIMATE NORMALS FOR TOMORROW
                         NORMAL    RECORD    YEAR
 MAXIMUM TEMPERATURE (F)   48        60      2010
 MINIMUM TEMPERATURE (F)   36         6      1916


SUNRISE AND SUNSET
JANUARY 18 2018.......SUNRISE   745 AM PST   SUNSET   457 PM PST
JANUARY 19 2018.......SUNRISE   744 AM PST   SUNSET   459 PM PST


-  INDICATES NEGATIVE NUMBERS.
R  INDICATES RECORD WAS SET OR TIED.
MM INDICATES DATA IS MISSING.
T  INDICATES TRACE AMOUNT.




$$
