000
CDUS46 KPQR 072321
CLIVUO


CLIMATE REPORT
NATIONAL WEATHER SERVICE PORTLAND OREGON
421 PM PDT TUE JUL 7 2015


...................................

...THE VANCOUVER WA CLIMATE SUMMARY FOR JULY 7 2015...
VALID TODAY AS OF 0400 PM LOCAL TIME.

CLIMATE NORMAL PERIOD 1981 TO 2010
CLIMATE RECORD PERIOD 1891 TO 2015


WEATHER ITEM   OBSERVED TIME   RECORD YEAR NORMAL DEPARTURE LAST
                VALUE   (LST)  VALUE       VALUE  FROM      YEAR
                                                  NORMAL
..................................................................
TEMPERATURE (F)
 TODAY
  MAXIMUM         85    259 PM  97    1931  78      7       85
  MINIMUM         59    440 AM  39    1971  56      3       64
  AVERAGE         72                        67      5       75

PRECIPITATION (IN)
  TODAY            0.00                      0.03  -0.03     0.00
  MONTH TO DATE    0.00                      0.26  -0.26     0.00
  SINCE OCT 1     29.95                     36.38  -6.43    26.90
  SINCE JAN 1     15.06                     20.63  -5.57    21.43

DEGREE DAYS
 HEATING
  TODAY            0                                         0
  MONTH TO DATE    0                                         0
  SINCE JUN 1     24                                        78
  SINCE JUL 1      0                                         0

 COOLING
  TODAY            7                                        10
  MONTH TO DATE   86                                        50
  SINCE JUN 1    248                                        66
  SINCE JAN 1    264                                        81
..................................................................


WIND (MPH)
  HIGHEST WIND SPEED    12   HIGHEST WIND DIRECTION     W (270)
  HIGHEST GUST SPEED    14   HIGHEST GUST DIRECTION    NW (330)
  AVERAGE WIND SPEED     5.7


SKY COVER
  POSSIBLE SUNSHINE  MM
  AVERAGE SKY COVER 0.2


WEATHER CONDITIONS
 THE FOLLOWING WEATHER WAS RECORDED TODAY.
  NO SIGNIFICANT WEATHER WAS OBSERVED.


RELATIVE HUMIDITY (PERCENT)
 HIGHEST    78           100 AM
 LOWEST     34           300 PM
 AVERAGE    56

..........................................................


THE VANCOUVER WA CLIMATE NORMALS FOR TOMORROW
                         NORMAL    RECORD    YEAR
 MAXIMUM TEMPERATURE (F)   79       100      1905
                                             1926
 MINIMUM TEMPERATURE (F)   56        37      1981


SUNRISE AND SUNSET
JULY  7 2015..........SUNRISE   529 AM PDT   SUNSET   902 PM PDT
JULY  8 2015..........SUNRISE   530 AM PDT   SUNSET   901 PM PDT


-  INDICATES NEGATIVE NUMBERS.
R  INDICATES RECORD WAS SET OR TIED.
MM INDICATES DATA IS MISSING.
T  INDICATES TRACE AMOUNT.




$$
