079
CDUS46 KPQR 010222
CLIVUO


CLIMATE REPORT
NATIONAL WEATHER SERVICE PORTLAND OREGON
722 PM PDT SUN APR 30 2017


...................................

...THE VANCOUVER WA CLIMATE SUMMARY FOR APRIL 30 2017...
VALID TODAY AS OF 0700 PM LOCAL TIME.

CLIMATE NORMAL PERIOD 1981 TO 2010
CLIMATE RECORD PERIOD 1891 TO 2017


WEATHER ITEM   OBSERVED TIME   RECORD YEAR NORMAL DEPARTURE LAST
                VALUE   (LST)  VALUE       VALUE  FROM      YEAR
                                                  NORMAL
..................................................................
TEMPERATURE (F)
 TODAY
  MAXIMUM         60    414 PM  90    1998  65     -5       69
  MINIMUM         50    713 AM  29    1972  44      6       39
  AVERAGE         55                        54      1       54

PRECIPITATION (IN)
  TODAY            0.01                      0.08  -0.07     0.00
  MONTH TO DATE    4.25                      3.01   1.24     1.77
  SINCE OCT 1     45.85                     31.86  13.99    41.72
  SINCE JAN 1     25.99                     16.11   9.88    17.87

DEGREE DAYS
 HEATING
  TODAY           10                                        11
  MONTH TO DATE  405                                       273
  SINCE MAR 1    928                                       761
  SINCE JUL 1   4228                                      3591

 COOLING
  TODAY            0                                         0
  MONTH TO DATE    0                                         6
  SINCE MAR 1      0                                         6
  SINCE JAN 1      0                                         6
..................................................................


WIND (MPH)
  HIGHEST WIND SPEED    14   HIGHEST WIND DIRECTION    NW (300)
  HIGHEST GUST SPEED    21   HIGHEST GUST DIRECTION    NW (310)
  AVERAGE WIND SPEED     7.8


SKY COVER
  POSSIBLE SUNSHINE  MM
  AVERAGE SKY COVER 0.7


WEATHER CONDITIONS
 THE FOLLOWING WEATHER WAS RECORDED TODAY.
  LIGHT RAIN
  FOG


RELATIVE HUMIDITY (PERCENT)
 HIGHEST    96           300 AM
 LOWEST     40           400 PM
 AVERAGE    68

..........................................................


THE VANCOUVER WA CLIMATE NORMALS FOR TOMORROW
                         NORMAL    RECORD    YEAR
 MAXIMUM TEMPERATURE (F)   65        88      2014
 MINIMUM TEMPERATURE (F)   45        30      1954


SUNRISE AND SUNSET
APRIL 30 2017.........SUNRISE   559 AM PDT   SUNSET   817 PM PDT
MAY  1 2017...........SUNRISE   558 AM PDT   SUNSET   818 PM PDT


-  INDICATES NEGATIVE NUMBERS.
R  INDICATES RECORD WAS SET OR TIED.
MM INDICATES DATA IS MISSING.
T  INDICATES TRACE AMOUNT.




$$
