000
CDUS46 KPQR 230228
CLIVUO


CLIMATE REPORT
NATIONAL WEATHER SERVICE PORTLAND OREGON
728 PM PDT THU JUN 22 2017


...................................

...THE VANCOUVER WA CLIMATE SUMMARY FOR JUNE 22 2017...
VALID TODAY AS OF 0700 PM LOCAL TIME.

CLIMATE NORMAL PERIOD 1981 TO 2010
CLIMATE RECORD PERIOD 1891 TO 2017


WEATHER ITEM   OBSERVED TIME   RECORD YEAR NORMAL DEPARTURE LAST
                VALUE   (LST)  VALUE       VALUE  FROM      YEAR
                                                  NORMAL
..................................................................
TEMPERATURE (F)
 TODAY
  MAXIMUM         85   1252 PM 103    1992  75     10       78
  MINIMUM         52    355 AM  41    1899  54     -2       52
  AVERAGE         69                        64      5       65

PRECIPITATION (IN)
  TODAY            0.00                      0.05  -0.05     0.00
  MONTH TO DATE    1.24                      1.45  -0.21     0.75
  SINCE OCT 1     48.88                     35.78  13.10    44.10
  SINCE JAN 1     29.02                     20.03   8.99    20.25

DEGREE DAYS
 HEATING
  TODAY            0                                         0
  MONTH TO DATE   69                                        75
  SINCE JUN 1     69                                        75
  SINCE JUL 1   4499                                      3811

 COOLING
  TODAY            4                                         0
  MONTH TO DATE   25                                        60
  SINCE JUN 1     25                                        60
  SINCE JAN 1     65                                        84
..................................................................


WIND (MPH)
  HIGHEST WIND SPEED    16   HIGHEST WIND DIRECTION    NW (320)
  HIGHEST GUST SPEED    25   HIGHEST GUST DIRECTION    NW (310)
  AVERAGE WIND SPEED     7.4


SKY COVER
  POSSIBLE SUNSHINE  MM
  AVERAGE SKY COVER 0.0


WEATHER CONDITIONS
 THE FOLLOWING WEATHER WAS RECORDED TODAY.
  NO SIGNIFICANT WEATHER WAS OBSERVED.


RELATIVE HUMIDITY (PERCENT)
 HIGHEST    89           400 AM
 LOWEST     26           400 PM
 AVERAGE    58

..........................................................


THE VANCOUVER WA CLIMATE NORMALS FOR TOMORROW
                         NORMAL    RECORD    YEAR
 MAXIMUM TEMPERATURE (F)   75        96      1992
 MINIMUM TEMPERATURE (F)   54        36      1985


SUNRISE AND SUNSET
JUNE 22 2017..........SUNRISE   522 AM PDT   SUNSET   904 PM PDT
JUNE 23 2017..........SUNRISE   522 AM PDT   SUNSET   904 PM PDT


-  INDICATES NEGATIVE NUMBERS.
R  INDICATES RECORD WAS SET OR TIED.
MM INDICATES DATA IS MISSING.
T  INDICATES TRACE AMOUNT.




$$
