000
CDUS46 KPQR 281145
CLIVUO


CLIMATE REPORT
NATIONAL WEATHER SERVICE PORTLAND OREGON
444 AM PDT THU AUG 28 2014


...................................

...THE VANCOUVER WA CLIMATE SUMMARY FOR AUGUST 27 2014...

CLIMATE NORMAL PERIOD 1981 TO 2010
CLIMATE RECORD PERIOD 1891 TO 2014


WEATHER ITEM   OBSERVED TIME   RECORD YEAR NORMAL DEPARTURE LAST
                VALUE   (LST)  VALUE       VALUE  FROM      YEAR
                                                  NORMAL
..................................................................
TEMPERATURE (F)
 YESTERDAY
  MAXIMUM         90    355 PM  98    1935  81      9       81
  MINIMUM         60    448 AM  44    1925  56      4       62
  AVERAGE         75                        68      7       72

PRECIPITATION (IN)
  YESTERDAY        0.00                      0.04  -0.04     0.01
  MONTH TO DATE    0.02                      0.61  -0.59     0.60
  SINCE OCT 1     27.74                     37.42  -9.68    34.84
  SINCE JAN 1     22.27                     21.67   0.60    15.58

DEGREE DAYS
 HEATING
  YESTERDAY        0                                         0
  MONTH TO DATE    0                                         4
  SINCE JUL 1      3                                        13

 COOLING
  YESTERDAY       10                                         7
  MONTH TO DATE  207                                       143
  SINCE JAN 1    439                                       347
..................................................................


WIND (MPH)
  HIGHEST WIND SPEED    14   HIGHEST WIND DIRECTION    NW (330)
  HIGHEST GUST SPEED    22   HIGHEST GUST DIRECTION    NW (320)
  AVERAGE WIND SPEED     4.9


SKY COVER
  POSSIBLE SUNSHINE  MM
  AVERAGE SKY COVER 0.0


WEATHER CONDITIONS
 THE FOLLOWING WEATHER WAS RECORDED YESTERDAY.
  NO SIGNIFICANT WEATHER WAS OBSERVED.


RELATIVE HUMIDITY (PERCENT)
 HIGHEST    84           500 AM
 LOWEST     34           400 PM
 AVERAGE    59

..........................................................




SUNRISE AND SUNSET
AUGUST 28 2014........SUNRISE   627 AM PDT   SUNSET   756 PM PDT
AUGUST 29 2014........SUNRISE   628 AM PDT   SUNSET   754 PM PDT


-  INDICATES NEGATIVE NUMBERS.
R  INDICATES RECORD WAS SET OR TIED.
MM INDICATES DATA IS MISSING.
T  INDICATES TRACE AMOUNT.




$$
