000
CDUS46 KPQR 010226
CLIVUO


CLIMATE REPORT
NATIONAL WEATHER SERVICE PORTLAND OREGON
725 PM PDT FRI OCT 31 2014


...................................

...THE VANCOUVER WA CLIMATE SUMMARY FOR OCTOBER 31 2014...
VALID TODAY AS OF 0700 PM LOCAL TIME.

CLIMATE NORMAL PERIOD 1981 TO 2010
CLIMATE RECORD PERIOD 1891 TO 2014


WEATHER ITEM   OBSERVED TIME   RECORD YEAR NORMAL DEPARTURE LAST
                VALUE   (LST)  VALUE       VALUE  FROM      YEAR
                                                  NORMAL
..................................................................
TEMPERATURE (F)
 TODAY
  MAXIMUM         59    207 PM  72    1954  58      1       60
  MINIMUM         51    847 AM  24    2006  42      9       48
  AVERAGE         55                        50      5       54

PRECIPITATION (IN)
  TODAY            1.10                      0.12   0.98     0.03
  MONTH TO DATE    6.03                      3.07   2.96     1.12
  SINCE OCT 1      6.03                      3.07   2.96     1.12
  SINCE JAN 1     29.47                     26.46   3.01    22.19

DEGREE DAYS
 HEATING
  TODAY           10                                        11
  MONTH TO DATE  185                                       391
  SINCE SEP 1    211                                       481
  SINCE JUL 1    214                                       494

 COOLING
  TODAY            0                                         0
  MONTH TO DATE   10                                         0
  SINCE SEP 1     79                                        74
  SINCE JAN 1    531                                       450
..................................................................


WIND (MPH)
  HIGHEST WIND SPEED    13   HIGHEST WIND DIRECTION    NW (300)
  HIGHEST GUST SPEED    18   HIGHEST GUST DIRECTION    NW (300)
  AVERAGE WIND SPEED     4.2


SKY COVER
  POSSIBLE SUNSHINE  MM
  AVERAGE SKY COVER 0.7


WEATHER CONDITIONS
 THE FOLLOWING WEATHER WAS RECORDED TODAY.
  HEAVY RAIN
  RAIN
  LIGHT RAIN
  FOG


RELATIVE HUMIDITY (PERCENT)
 HIGHEST    93          1200 AM
 LOWEST     67           300 PM
 AVERAGE    80

..........................................................


THE VANCOUVER WA CLIMATE NORMALS FOR TOMORROW
                         NORMAL    RECORD    YEAR
 MAXIMUM TEMPERATURE (F)   57        70      1954
 MINIMUM TEMPERATURE (F)   42        23      2003


SUNRISE AND SUNSET
OCTOBER 31 2014.......SUNRISE   749 AM PDT   SUNSET   559 PM PDT
NOVEMBER  1 2014......SUNRISE   750 AM PDT   SUNSET   557 PM PDT


-  INDICATES NEGATIVE NUMBERS.
R  INDICATES RECORD WAS SET OR TIED.
MM INDICATES DATA IS MISSING.
T  INDICATES TRACE AMOUNT.




$$
