000
CDUS46 KPQR 301149
CLIVUO


CLIMATE REPORT
NATIONAL WEATHER SERVICE PORTLAND OREGON
449 AM PDT THU JUL 30 2015


...................................

...THE VANCOUVER WA CLIMATE SUMMARY FOR JULY 29 2015...

CLIMATE NORMAL PERIOD 1981 TO 2010
CLIMATE RECORD PERIOD 1891 TO 2015


WEATHER ITEM   OBSERVED TIME   RECORD YEAR NORMAL DEPARTURE LAST
                VALUE   (LST)  VALUE       VALUE  FROM      YEAR
                                                  NORMAL
..................................................................
TEMPERATURE (F)
 YESTERDAY
  MAXIMUM         96    402 PM 108    2009  82     14       89
  MINIMUM         57    420 AM  42    1980  58     -1       61
  AVERAGE         77                        70      7       75

PRECIPITATION (IN)
  YESTERDAY        0.00                      0.02  -0.02     0.00
  MONTH TO DATE    0.27                      0.67  -0.40     0.82
  SINCE OCT 1     30.22                     36.79  -6.57    27.72
  SINCE JAN 1     15.33                     21.04  -5.71    22.25

DEGREE DAYS
 HEATING
  YESTERDAY        0                                         0
  MONTH TO DATE    4                                         3
  SINCE JUL 1      4                                         3

 COOLING
  YESTERDAY       12                                        10
  MONTH TO DATE  218                                       180
  SINCE JAN 1    396                                       211
..................................................................


WIND (MPH)
  HIGHEST WIND SPEED    15   HIGHEST WIND DIRECTION    NW (330)
  HIGHEST GUST SPEED    22   HIGHEST GUST DIRECTION    NW (300)
  AVERAGE WIND SPEED     6.4


SKY COVER
  POSSIBLE SUNSHINE  MM
  AVERAGE SKY COVER 0.0


WEATHER CONDITIONS
 THE FOLLOWING WEATHER WAS RECORDED YESTERDAY.
  NO SIGNIFICANT WEATHER WAS OBSERVED.


RELATIVE HUMIDITY (PERCENT)
 HIGHEST    77           500 AM
 LOWEST     17           500 PM
 AVERAGE    47

..........................................................




SUNRISE AND SUNSET
JULY 30 2015..........SUNRISE   552 AM PDT   SUNSET   842 PM PDT
JULY 31 2015..........SUNRISE   553 AM PDT   SUNSET   840 PM PDT


-  INDICATES NEGATIVE NUMBERS.
R  INDICATES RECORD WAS SET OR TIED.
MM INDICATES DATA IS MISSING.
T  INDICATES TRACE AMOUNT.




$$
