000
CDUS46 KPQR 130221
CLIVUO


CLIMATE REPORT
NATIONAL WEATHER SERVICE PORTLAND OREGON
720 PM PDT SAT JUL 12 2014


...................................

...THE VANCOUVER WA CLIMATE SUMMARY FOR JULY 12 2014...
VALID TODAY AS OF 0700 PM LOCAL TIME.

CLIMATE NORMAL PERIOD 1981 TO 2010
CLIMATE RECORD PERIOD 1891 TO 2014


WEATHER ITEM   OBSERVED TIME   RECORD YEAR NORMAL DEPARTURE LAST
                VALUE   (LST)  VALUE       VALUE  FROM      YEAR
                                                  NORMAL
..................................................................
TEMPERATURE (F)
 TODAY
  MAXIMUM         93    425 PM 103    1961  80     13       72
  MINIMUM         60    400 AM  44    1900  57      3       49
  AVERAGE         77                        68      9       61

PRECIPITATION (IN)
  TODAY            0.00                      0.02  -0.02     0.00
  MONTH TO DATE    0.00                      0.40  -0.40     0.00
  SINCE OCT 1     26.90                     36.52  -9.62    34.24
  SINCE JAN 1     21.43                     20.77   0.66    14.98

DEGREE DAYS
 HEATING
  TODAY            0                                         4
  MONTH TO DATE    0                                         6
  SINCE JUN 1     78                                        62
  SINCE JUL 1      0                                         6

 COOLING
  TODAY           12                                         0
  MONTH TO DATE   93                                        49
  SINCE JUN 1    109                                       104
  SINCE JAN 1    124                                       116
..................................................................


WIND (MPH)
  HIGHEST WIND SPEED    13   HIGHEST WIND DIRECTION    NW (310)
  HIGHEST GUST SPEED    18   HIGHEST GUST DIRECTION    NW (300)
  AVERAGE WIND SPEED     5.0


SKY COVER
  POSSIBLE SUNSHINE  MM
  AVERAGE SKY COVER 0.0


WEATHER CONDITIONS
 THE FOLLOWING WEATHER WAS RECORDED TODAY.
  NO SIGNIFICANT WEATHER WAS OBSERVED.


RELATIVE HUMIDITY (PERCENT)
 HIGHEST    90           500 AM
 LOWEST     28           400 PM
 AVERAGE    59

..........................................................


THE VANCOUVER WA CLIMATE NORMALS FOR TOMORROW
                         NORMAL    RECORD    YEAR
 MAXIMUM TEMPERATURE (F)   80       103      1935
 MINIMUM TEMPERATURE (F)   57        44      1904


SUNRISE AND SUNSET
JULY 12 2014..........SUNRISE   533 AM PDT   SUNSET   859 PM PDT
JULY 13 2014..........SUNRISE   534 AM PDT   SUNSET   858 PM PDT


-  INDICATES NEGATIVE NUMBERS.
R  INDICATES RECORD WAS SET OR TIED.
MM INDICATES DATA IS MISSING.
T  INDICATES TRACE AMOUNT.




$$
