000
CDUS41 KAKQ 260545
CLIWAL


CLIMATE REPORT
NATIONAL WEATHER SERVICE WAKEFIELD, VA
145 AM EDT WED APR 26 2017


...................................

...THE WALLOPS ISLAND VA CLIMATE SUMMARY FOR APRIL 25 2017...

CLIMATE NORMAL PERIOD 1981 TO 2010
CLIMATE RECORD PERIOD 1963 TO 2017


WEATHER ITEM   OBSERVED TIME   RECORD YEAR NORMAL DEPARTURE
                VALUE   (LST)  VALUE       VALUE  FROM
                                                  NORMAL
...............................................................
TEMPERATURE (F)
 YESTERDAY
  MAXIMUM         66    237 PM  85    2009  66      0
  MINIMUM         55    414 AM  37    1999  48      7
  AVERAGE         61                        57      4

PRECIPITATION (IN)
  YESTERDAY        0.40          1.00        0.09   0.31
  MONTH TO DATE    2.18                      2.63  -0.45
  SINCE MAR 1      5.56                      6.63  -1.07
  SINCE JAN 1     11.76                     12.43  -0.67

SNOWFALL (IN)
  YESTERDAY        0.0           0.0    MM   0.0    0.0
  MONTH TO DATE    0.0                       0.1   -0.1
  SINCE NOV 1     10.1                       7.9    2.2
  SINCE JUL 1     10.1                       7.9    2.2

DEGREE DAYS
 HEATING
  YESTERDAY        4                               -5
  MONTH TO DATE  173                             -130
  SINCE MAR 1    787                             -135
  SINCE JUL 1   3363                             -639

 COOLING
  YESTERDAY        0                               -1
  MONTH TO DATE   22                               19
  SINCE MAR 1     24                               20
  SINCE JAN 1     24                               20
...............................................................


WIND (MPH)
  HIGHEST WIND SPEED    28   HIGHEST WIND DIRECTION     E (80)
  HIGHEST GUST SPEED    36   HIGHEST GUST DIRECTION     E (70)
  AVERAGE WIND SPEED    12.2




RELATIVE HUMIDITY (PERCENT)
 HIGHEST   100
 LOWEST     93
 AVERAGE    97

..........................................................


THE WALLOPS ISLAND VA CLIMATE NORMALS FOR TODAY
                         NORMAL    RECORD    YEAR
 MAXIMUM TEMPERATURE (F)   66        93      1990
 MINIMUM TEMPERATURE (F)   48        38      2001


SUNRISE AND SUNSET
APRIL 26 2017.........SUNRISE   612 AM EDT   SUNSET   748 PM EDT
APRIL 27 2017.........SUNRISE   610 AM EDT   SUNSET   749 PM EDT


-  INDICATES NEGATIVE NUMBERS.
R  INDICATES RECORD WAS SET OR TIED.
MM INDICATES DATA IS MISSING.
T  INDICATES TRACE AMOUNT.




$$
