000
CDUS41 KAKQ 300826
CLIWAL


CLIMATE REPORT
NATIONAL WEATHER SERVICE WAKEFIELD, VA
326 AM EST FRI JAN 30 2015


...................................

...THE WALLOPS ISLAND VA CLIMATE SUMMARY FOR JANUARY 29 2015...

CLIMATE NORMAL PERIOD 1981 TO 2010
CLIMATE RECORD PERIOD 1963 TO 2015


WEATHER ITEM   OBSERVED TIME   RECORD YEAR NORMAL DEPARTURE
                VALUE   (LST)  VALUE       VALUE  FROM
                                                  NORMAL
...............................................................
TEMPERATURE (F)
 YESTERDAY
  MAXIMUM         39   1152 PM  72    2002  45     -6
  MINIMUM         20    634 AM   8    2014  29     -9
  AVERAGE         30                        37     -7

PRECIPITATION (IN)
  YESTERDAY        T             0.89        0.10  -0.10
  MONTH TO DATE    4.71                      2.84   1.87
  SINCE DEC 1      7.93                      6.27   1.66
  SINCE JAN 1      4.71                      2.84   1.87

SNOWFALL (IN)
  YESTERDAY        0.0           7.9  1966   0.0    0.0
  MONTH TO DATE    T                         1.8   -1.8
  SINCE NOV 1      T                         3.8   -3.8
  SINCE JUL 1      T                         3.8   -3.8

DEGREE DAYS
 HEATING
  YESTERDAY       35                                7
  MONTH TO DATE  845                               17
  SINCE DEC 1   1523                              -63
  SINCE JUL 1   2217                              -73

 COOLING
  YESTERDAY        0                                0
  MONTH TO DATE    0                                0
  SINCE DEC 1      0                                0
  SINCE JAN 1      0                                0
...............................................................


WIND (MPH)
  HIGHEST WIND SPEED    17   HIGHEST WIND DIRECTION    SW (220)
  HIGHEST GUST SPEED    24   HIGHEST GUST DIRECTION    SW (210)
  AVERAGE WIND SPEED     8.5




RELATIVE HUMIDITY (PERCENT)
 HIGHEST    70
 LOWEST     50
 AVERAGE    60

..........................................................


THE WALLOPS ISLAND VA CLIMATE NORMALS FOR TODAY
                         NORMAL    RECORD    YEAR
 MAXIMUM TEMPERATURE (F)   45        79      2002
 MINIMUM TEMPERATURE (F)   29         3      2014


SUNRISE AND SUNSET
JANUARY 30 2015.......SUNRISE   708 AM EST   SUNSET   523 PM EST
JANUARY 31 2015.......SUNRISE   707 AM EST   SUNSET   524 PM EST


-  INDICATES NEGATIVE NUMBERS.
R  INDICATES RECORD WAS SET OR TIED.
MM INDICATES DATA IS MISSING.
T  INDICATES TRACE AMOUNT.




$$
