000
CDUS41 KAKQ 270857
CLIWAL


CLIMATE REPORT
NATIONAL WEATHER SERVICE WAKEFIELD, VA
456 AM EDT FRI MAR 27 2015


...................................

...THE WALLOPS ISLAND VA CLIMATE SUMMARY FOR MARCH 26 2015...

CLIMATE NORMAL PERIOD 1981 TO 2010
CLIMATE RECORD PERIOD 1963 TO 2015


WEATHER ITEM   OBSERVED TIME   RECORD YEAR NORMAL DEPARTURE
                VALUE   (LST)  VALUE       VALUE  FROM
                                                  NORMAL
...............................................................
TEMPERATURE (F)
 YESTERDAY
  MAXIMUM         59   1023 AM  70    2004  57      2
  MINIMUM         49    855 AM  27    2001  39     10
                                      1983
  AVERAGE         54                        48      6

PRECIPITATION (IN)
  YESTERDAY        0.17          1.11        0.13   0.04
  MONTH TO DATE    2.98                      3.34  -0.36
  SINCE MAR 1      2.98                      3.34  -0.36
  SINCE JAN 1     10.77                      9.14   1.63

SNOWFALL (IN)
  YESTERDAY        0.0           5.5  1971   0.0    0.0
  MONTH TO DATE    0.3                       0.4   -0.1
  SINCE NOV 1     11.3                       7.8    3.5
  SINCE JUL 1     11.3                       7.8    3.5

DEGREE DAYS
 HEATING
  YESTERDAY       11                               -6
  MONTH TO DATE  592                               54
  SINCE MAR 1    592                               54
  SINCE JUL 1   3922                              304

 COOLING
  YESTERDAY        0                                0
  MONTH TO DATE    0                                0
  SINCE MAR 1      0                                0
  SINCE JAN 1      0                                0
...............................................................


WIND (MPH)
  HIGHEST WIND SPEED    23   HIGHEST WIND DIRECTION    SW (210)
  HIGHEST GUST SPEED    28   HIGHEST GUST DIRECTION    SW (220)
  AVERAGE WIND SPEED    12.3




RELATIVE HUMIDITY (PERCENT)
 HIGHEST   100
 LOWEST     86
 AVERAGE    93

..........................................................


THE WALLOPS ISLAND VA CLIMATE NORMALS FOR TODAY
                         NORMAL    RECORD    YEAR
 MAXIMUM TEMPERATURE (F)   57        82      2007
 MINIMUM TEMPERATURE (F)   39        23      2014


SUNRISE AND SUNSET
MARCH 27 2015.........SUNRISE   655 AM EDT   SUNSET   720 PM EDT
MARCH 28 2015.........SUNRISE   654 AM EDT   SUNSET   721 PM EDT


-  INDICATES NEGATIVE NUMBERS.
R  INDICATES RECORD WAS SET OR TIED.
MM INDICATES DATA IS MISSING.
T  INDICATES TRACE AMOUNT.




$$
