000
CDUS41 KAKQ 282226
CLIWAL


CLIMATE REPORT
NATIONAL WEATHER SERVICE WAKEFIELD, VA
525 PM EST SUN DEC 28 2014


...................................

...THE WALLOPS ISLAND VA CLIMATE SUMMARY FOR DECEMBER 28 2014...
VALID TODAY AS OF 0500 PM LOCAL TIME.

CLIMATE NORMAL PERIOD 1981 TO 2010
CLIMATE RECORD PERIOD 1963 TO 2014


WEATHER ITEM   OBSERVED TIME   RECORD YEAR NORMAL DEPARTURE
                VALUE   (LST)  VALUE       VALUE  FROM
                                                  NORMAL
...............................................................
TEMPERATURE (F)
 TODAY
  MAXIMUM         62   1026 AM  73    2008  46     16
  MINIMUM         42    719 AM  11    2004  29     13
  AVERAGE         52

PRECIPITATION (IN)
  TODAY            T             0.41 1990   0.10  -0.10
  MONTH TO DATE    2.93                      3.15  -0.22
  SINCE DEC 1      2.93                      3.15  -0.22
  SINCE JAN 1     37.69                     40.56  -2.87

SNOWFALL (IN)
  TODAY           MM             1.8  1993
  MONTH TO DATE    0.0
  SINCE NOV 1      0.0
  SINCE JUL 1      0.0
  SNOW DEPTH       0

DEGREE DAYS
 HEATING
  TODAY           13

 COOLING
  TODAY            0
...............................................................


WIND (MPH)
  HIGHEST WIND SPEED    22   HIGHEST WIND DIRECTION     W (260)
  HIGHEST GUST SPEED    32   HIGHEST GUST DIRECTION     W (270)




RELATIVE HUMIDITY (PERCENT)
 HIGHEST    96
 LOWEST     55
 AVERAGE    76

..........................................................


THE WALLOPS ISLAND VA CLIMATE NORMALS FOR TOMORROW
                         NORMAL    RECORD    YEAR
 MAXIMUM TEMPERATURE (F)   46        72      1984
 MINIMUM TEMPERATURE (F)   29        17      1977


SUNRISE AND SUNSET
DECEMBER 28 2014......SUNRISE   717 AM EST   SUNSET   450 PM EST
DECEMBER 29 2014......SUNRISE   717 AM EST   SUNSET   451 PM EST


-  INDICATES NEGATIVE NUMBERS.
R  INDICATES RECORD WAS SET OR TIED.
MM INDICATES DATA IS MISSING.
T  INDICATES TRACE AMOUNT.




$$
