000
CDUS41 KAKQ 230833
CLIWAL


CLIMATE REPORT
NATIONAL WEATHER SERVICE WAKEFIELD, VA
433 AM EDT WED APR 23 2014


...................................

...THE WALLOPS ISLAND VA CLIMATE SUMMARY FOR APRIL 22 2014...

CLIMATE NORMAL PERIOD 1981 TO 2010
CLIMATE RECORD PERIOD 1963 TO 2014


WEATHER ITEM   OBSERVED TIME   RECORD YEAR NORMAL DEPARTURE
                VALUE   (LST)  VALUE       VALUE  FROM
                                                  NORMAL
...............................................................
TEMPERATURE (F)
 YESTERDAY
  MAXIMUM         69    223 PM  90    1985  65      4
  MINIMUM         42    346 AM  36    1994  47     -5
  AVERAGE         56                        56      0

PRECIPITATION (IN)
  YESTERDAY        T             2.48        0.09  -0.09
  MONTH TO DATE    2.20                      2.35  -0.15
  SINCE MAR 1      5.35                      6.35  -1.00
  SINCE JAN 1     10.92                     12.15  -1.23

SNOWFALL (IN)
  YESTERDAY        0.0           0.0    MM   0.0    0.0
  MONTH TO DATE    0.0                       0.1   -0.1
  SINCE NOV 1     13.1                       7.9    5.2
  SINCE JUL 1     13.1                       7.9    5.2

DEGREE DAYS
 HEATING
  YESTERDAY        9                               -1
  MONTH TO DATE  247                              -29
  SINCE MAR 1    917                               22
  SINCE JUL 1   3910                              -65

 COOLING
  YESTERDAY        0                                0
  MONTH TO DATE    0                                0
  SINCE MAR 1      0                               -1
  SINCE JAN 1      0                               -1
...............................................................


WIND (MPH)
  HIGHEST WIND SPEED    18   HIGHEST WIND DIRECTION     S (190)
  HIGHEST GUST SPEED    23   HIGHEST GUST DIRECTION    SW (210)
  AVERAGE WIND SPEED     6.3




RELATIVE HUMIDITY (PERCENT)
 HIGHEST    96
 LOWEST     58
 AVERAGE    77

..........................................................


THE WALLOPS ISLAND VA CLIMATE NORMALS FOR TODAY
                         NORMAL    RECORD    YEAR
 MAXIMUM TEMPERATURE (F)   65        85      1976
 MINIMUM TEMPERATURE (F)   47        34      1994


SUNRISE AND SUNSET
APRIL 23 2014.........SUNRISE   616 AM EDT   SUNSET   745 PM EDT
APRIL 24 2014.........SUNRISE   614 AM EDT   SUNSET   746 PM EDT


-  INDICATES NEGATIVE NUMBERS.
R  INDICATES RECORD WAS SET OR TIED.
MM INDICATES DATA IS MISSING.
T  INDICATES TRACE AMOUNT.




$$
