000
CDUS41 KAKQ 270545
CLIWAL


CLIMATE REPORT
NATIONAL WEATHER SERVICE WAKEFIELD, VA
145 AM EDT MON MAR 27 2017


...................................

...THE WALLOPS ISLAND VA CLIMATE SUMMARY FOR MARCH 26 2017...

CLIMATE NORMAL PERIOD 1981 TO 2010
CLIMATE RECORD PERIOD 1963 TO 2017


WEATHER ITEM   OBSERVED TIME   RECORD YEAR NORMAL DEPARTURE
                VALUE   (LST)  VALUE       VALUE  FROM
                                                  NORMAL
...............................................................
TEMPERATURE (F)
 YESTERDAY
  MAXIMUM         52    121 PM  70    2004  57     -5
  MINIMUM         47   1159 PM  27    2001  39      8
                                      1983
  AVERAGE         50                        48      2

PRECIPITATION (IN)
  YESTERDAY        0.00          1.11        0.13  -0.13
  MONTH TO DATE    1.79                      3.34  -1.55
  SINCE MAR 1      1.79                      3.34  -1.55
  SINCE JAN 1      7.99                      9.14  -1.15

SNOWFALL (IN)
  YESTERDAY        0.0           5.5  1971   0.0    0.0
  MONTH TO DATE    T                         0.4   -0.4
  SINCE NOV 1     10.1                       7.8    2.3
  SINCE JUL 1     10.1                       7.8    2.3

DEGREE DAYS
 HEATING
  YESTERDAY       15                               -2
  MONTH TO DATE  561                               23
  SINCE MAR 1    561                               23
  SINCE JUL 1   3137                             -481

 COOLING
  YESTERDAY        0                                0
  MONTH TO DATE    2                                2
  SINCE MAR 1      2                                2
  SINCE JAN 1      2                                2
...............................................................


WIND (MPH)
  HIGHEST WIND SPEED    22   HIGHEST WIND DIRECTION    NE (50)
  HIGHEST GUST SPEED    26   HIGHEST GUST DIRECTION    NE (40)
  AVERAGE WIND SPEED    14.5




RELATIVE HUMIDITY (PERCENT)
 HIGHEST   100
 LOWEST     93
 AVERAGE    97

..........................................................


THE WALLOPS ISLAND VA CLIMATE NORMALS FOR TODAY
                         NORMAL    RECORD    YEAR
 MAXIMUM TEMPERATURE (F)   57        82      2007
 MINIMUM TEMPERATURE (F)   39        23      2014


SUNRISE AND SUNSET
MARCH 27 2017.........SUNRISE   654 AM EDT   SUNSET   721 PM EDT
MARCH 28 2017.........SUNRISE   653 AM EDT   SUNSET   721 PM EDT


-  INDICATES NEGATIVE NUMBERS.
R  INDICATES RECORD WAS SET OR TIED.
MM INDICATES DATA IS MISSING.
T  INDICATES TRACE AMOUNT.




$$
