000
CDUS41 KAKQ 201212
CLIWAL


CLIMATE REPORT
NATIONAL WEATHER SERVICE WAKEFIELD, VA
711 AM EST MON NOV 20 2017


...................................

...THE WALLOPS ISLAND VA CLIMATE SUMMARY FOR NOVEMBER 19 2017...

CLIMATE NORMAL PERIOD 1981 TO 2010
CLIMATE RECORD PERIOD 1963 TO 2017


WEATHER ITEM   OBSERVED TIME   RECORD YEAR NORMAL DEPARTURE
                VALUE   (LST)  VALUE       VALUE  FROM
                                                  NORMAL
...............................................................
TEMPERATURE (F)
 YESTERDAY
  MAXIMUM         62    543 AM  72    1985  58      4
  MINIMUM         40   1157 PM  21    2014  40      0
  AVERAGE         51                        49      2

PRECIPITATION (IN)
  YESTERDAY        0.07          0.97        0.09  -0.02
  MONTH TO DATE    1.16                      1.79  -0.63
  SINCE SEP 1     11.04                      8.94   2.10
  SINCE JAN 1     46.56                     36.33  10.23

SNOWFALL (IN)
  YESTERDAY       MM             T    2000   0.0   MM
  MONTH TO DATE    0.0                       0.0    0.0
  SINCE NOV 1      0.0                       0.0    0.0
  SINCE JUL 1      0.0                       0.0    0.0

DEGREE DAYS
 HEATING
  YESTERDAY       14                               -2
  MONTH TO DATE  252                               -7
  SINCE SEP 1    391                             -110
  SINCE JUL 1    391                             -111

 COOLING
  YESTERDAY        0                                0
  MONTH TO DATE    6                                6
  SINCE SEP 1    278                               83
  SINCE JAN 1   1429                              234
...............................................................


WIND (MPH)
  HIGHEST WIND SPEED    30   HIGHEST WIND DIRECTION    NW (300)
  HIGHEST GUST SPEED    43   HIGHEST GUST DIRECTION    NW (310)
  AVERAGE WIND SPEED    16.6




RELATIVE HUMIDITY (PERCENT)
 HIGHEST    90
 LOWEST     44
 AVERAGE    67

..........................................................


THE WALLOPS ISLAND VA CLIMATE NORMALS FOR TODAY
                         NORMAL    RECORD    YEAR
 MAXIMUM TEMPERATURE (F)   57        77      1985
 MINIMUM TEMPERATURE (F)   40        27      1984


SUNRISE AND SUNSET
NOVEMBER 20 2017......SUNRISE   648 AM EST   SUNSET   447 PM EST
NOVEMBER 21 2017......SUNRISE   649 AM EST   SUNSET   446 PM EST


-  INDICATES NEGATIVE NUMBERS.
R  INDICATES RECORD WAS SET OR TIED.
MM INDICATES DATA IS MISSING.
T  INDICATES TRACE AMOUNT.




$$
