000
CDUS41 KAKQ 181046
CLIWAL


CLIMATE REPORT
NATIONAL WEATHER SERVICE WAKEFIELD, VA
545 AM EST THU JAN 18 2018


...................................

...THE WALLOPS ISLAND VA CLIMATE SUMMARY FOR JANUARY 17 2018...

CLIMATE NORMAL PERIOD 1981 TO 2010
CLIMATE RECORD PERIOD 1963 TO 2018


WEATHER ITEM   OBSERVED TIME   RECORD YEAR NORMAL DEPARTURE
                VALUE   (LST)  VALUE       VALUE  FROM
                                                  NORMAL
...............................................................
TEMPERATURE (F)
 YESTERDAY
  MAXIMUM         36   1120 AM  64    2012  45     -9
  MINIMUM         25   1159 PM   0    1982  28     -3
  AVERAGE         31                        36     -5

PRECIPITATION (IN)
  YESTERDAY        0.09          1.23        0.09   0.00
  MONTH TO DATE    1.41                      1.68  -0.27
  SINCE DEC 1      3.30                      5.11  -1.81
  SINCE JAN 1      1.41                      1.68  -0.27

SNOWFALL (IN)
  YESTERDAY        1.0           5.0  2003   0.0    1.0
  MONTH TO DATE   10.5                       0.9    9.6
  SINCE NOV 1     11.8                       2.9    8.9
  SINCE JUL 1     11.8                       2.9    8.9

DEGREE DAYS
 HEATING
  YESTERDAY       34                                5
  MONTH TO DATE  591                              107
  SINCE DEC 1   1382                              140
  SINCE JUL 1   1985                               39

 COOLING
  YESTERDAY        0                                0
  MONTH TO DATE    0                                0
  SINCE DEC 1      0                                0
  SINCE JAN 1      0                                0
...............................................................


WIND (MPH)
  HIGHEST WIND SPEED    17   HIGHEST WIND DIRECTION     N (340)
  HIGHEST GUST SPEED    25   HIGHEST GUST DIRECTION     N (350)
  AVERAGE WIND SPEED     9.7




RELATIVE HUMIDITY (PERCENT)
 HIGHEST    96
 LOWEST     55
 AVERAGE    76

..........................................................


THE WALLOPS ISLAND VA CLIMATE NORMALS FOR TODAY
                         NORMAL    RECORD    YEAR
 MAXIMUM TEMPERATURE (F)   45        68      1990
 MINIMUM TEMPERATURE (F)   28         3      2003


SUNRISE AND SUNSET
JANUARY 18 2018.......SUNRISE   715 AM EST   SUNSET   510 PM EST
JANUARY 19 2018.......SUNRISE   715 AM EST   SUNSET   511 PM EST


-  INDICATES NEGATIVE NUMBERS.
R  INDICATES RECORD WAS SET OR TIED.
MM INDICATES DATA IS MISSING.
T  INDICATES TRACE AMOUNT.




$$
