000
CDUS41 KAKQ 050631
CLIWAL


CLIMATE REPORT
NATIONAL WEATHER SERVICE WAKEFIELD, VA
130 AM EST THU MAR 5 2015


...................................

...THE WALLOPS ISLAND VA CLIMATE SUMMARY FOR MARCH 4 2015...

CLIMATE NORMAL PERIOD 1981 TO 2010
CLIMATE RECORD PERIOD 1963 TO 2015


WEATHER ITEM   OBSERVED TIME   RECORD YEAR NORMAL DEPARTURE
                VALUE   (LST)  VALUE       VALUE  FROM
                                                  NORMAL
...............................................................
TEMPERATURE (F)
 YESTERDAY
  MAXIMUM         52    534 AM  74    2004  51      1
  MINIMUM         40    735 AM  14    2014  33      7
                                      1996
  AVERAGE         46                        42      4

PRECIPITATION (IN)
  YESTERDAY        0.07          1.66        0.12  -0.05
  MONTH TO DATE    0.36                      0.48  -0.12
  SINCE MAR 1      0.36                      0.48  -0.12
  SINCE JAN 1      8.15                      6.28   1.87

SNOWFALL (IN)
  YESTERDAY       MM             0.2  1971   0.1   MM
  MONTH TO DATE    T                         0.2   -0.2
  SINCE NOV 1     11.0                       7.6    3.4
  SINCE JUL 1     11.0                       7.6    3.4

DEGREE DAYS
 HEATING
  YESTERDAY       19                               -4
  MONTH TO DATE  119                               25
  SINCE MAR 1    119                               25
  SINCE JUL 1   3449                              275

 COOLING
  YESTERDAY        0                                0
  MONTH TO DATE    0                                0
  SINCE MAR 1      0                                0
  SINCE JAN 1      0                                0
...............................................................


WIND (MPH)
  HIGHEST WIND SPEED    25   HIGHEST WIND DIRECTION     W (250)
  HIGHEST GUST SPEED    37   HIGHEST GUST DIRECTION     W (280)
  AVERAGE WIND SPEED     7.0




RELATIVE HUMIDITY (PERCENT)
 HIGHEST   100
 LOWEST     92
 AVERAGE    96

..........................................................


THE WALLOPS ISLAND VA CLIMATE NORMALS FOR TODAY
                         NORMAL    RECORD    YEAR
 MAXIMUM TEMPERATURE (F)   51        76      1976
                                             1974
 MINIMUM TEMPERATURE (F)   34        19      1978


SUNRISE AND SUNSET
MARCH  5 2015.........SUNRISE   628 AM EST   SUNSET   559 PM EST
MARCH  6 2015.........SUNRISE   627 AM EST   SUNSET   600 PM EST


-  INDICATES NEGATIVE NUMBERS.
R  INDICATES RECORD WAS SET OR TIED.
MM INDICATES DATA IS MISSING.
T  INDICATES TRACE AMOUNT.




$$
