000
CDUS41 KAKQ 220635
CLIWAL


CLIMATE REPORT
NATIONAL WEATHER SERVICE WAKEFIELD, VA
134 AM EST SUN JAN 22 2017


...................................

...THE WALLOPS ISLAND VA CLIMATE SUMMARY FOR JANUARY 21 2017...

CLIMATE NORMAL PERIOD 1981 TO 2010
CLIMATE RECORD PERIOD 1963 TO 2017


WEATHER ITEM   OBSERVED TIME   RECORD YEAR NORMAL DEPARTURE
                VALUE   (LST)  VALUE       VALUE  FROM
                                                  NORMAL
...............................................................
TEMPERATURE (F)
 YESTERDAY
  MAXIMUM         48    135 PM  64    1990  45      3
  MINIMUM         45   1159 PM   0    1985  28     17
  AVERAGE         47                        36     11

PRECIPITATION (IN)
  YESTERDAY        0.14          1.07        0.10   0.04
  MONTH TO DATE    2.62                      2.06   0.56
  SINCE DEC 1      6.59                      5.49   1.10
  SINCE JAN 1      2.62                      2.06   0.56

SNOWFALL (IN)
  YESTERDAY        0.0           1.3  2007   0.1   -0.1
  MONTH TO DATE   10.1                       1.2    8.9
  SINCE NOV 1     10.1                       3.2    6.9
  SINCE JUL 1     10.1                       3.2    6.9

DEGREE DAYS
 HEATING
  YESTERDAY       18                              -11
  MONTH TO DATE  509                              -91
  SINCE DEC 1   1228                             -130
  SINCE JUL 1   1814                             -248

 COOLING
  YESTERDAY        0                                0
  MONTH TO DATE    0                                0
  SINCE DEC 1      0                                0
  SINCE JAN 1      0                                0
...............................................................


WIND (MPH)
  HIGHEST WIND SPEED    10   HIGHEST WIND DIRECTION    NE (50)
  HIGHEST GUST SPEED    13   HIGHEST GUST DIRECTION     S (200)
  AVERAGE WIND SPEED     4.0




RELATIVE HUMIDITY (PERCENT)
 HIGHEST   100
 LOWEST    100
 AVERAGE   100

..........................................................


THE WALLOPS ISLAND VA CLIMATE NORMALS FOR TODAY
                         NORMAL    RECORD    YEAR
 MAXIMUM TEMPERATURE (F)   45        57      1986
 MINIMUM TEMPERATURE (F)   28         7      2014


SUNRISE AND SUNSET
JANUARY 22 2017.......SUNRISE   713 AM EST   SUNSET   514 PM EST
JANUARY 23 2017.......SUNRISE   713 AM EST   SUNSET   515 PM EST


-  INDICATES NEGATIVE NUMBERS.
R  INDICATES RECORD WAS SET OR TIED.
MM INDICATES DATA IS MISSING.
T  INDICATES TRACE AMOUNT.




$$
