000
CDUS46 KLOX 270857
CLIWJF


CLIMATE REPORT
NATIONAL WEATHER SERVICE LOS ANGELES/OXNARD CA
1257 AM PST SAT DEC 27 2014


...................................

...THE LANCASTER FOX FIELD CA CLIMATE SUMMARY FOR DECEMBER 26 2014...

CLIMATE NORMAL PERIOD 1981 TO 2010
CLIMATE RECORD PERIOD 1948 TO 2014


WEATHER ITEM   OBSERVED TIME   RECORD YEAR NORMAL DEPARTURE
                VALUE   (LST)  VALUE       VALUE  FROM
                                                  NORMAL
...............................................................
TEMPERATURE (F)
 YESTERDAY
  MAXIMUM         48    340 PM  72    1980  57     -9
  MINIMUM         25    734 AM  11    1962  29     -4
  AVERAGE         37                        43     -6

PRECIPITATION (IN)
  YESTERDAY        0.00          0.81 1977   0.05  -0.05
  MONTH TO DATE    2.62                      0.90   1.72
  SINCE JUL 1      2.95                      2.22   0.73
  SINCE JAN 1      5.27                      7.13  -1.86

SNOWFALL (IN)
  YESTERDAY        0.0           0.0    MM
  MONTH TO DATE    0.0
  SINCE DEC 1      0.0
  SINCE JUL 1      0.0
  SNOW DEPTH       0

DEGREE DAYS
 HEATING
  YESTERDAY       28                                6
  MONTH TO DATE  440                             -111
  SINCE DEC 1    440                             -111
  SINCE JUL 1    837                             -259

 COOLING
  YESTERDAY        0                                0
  MONTH TO DATE    0                                0
  SINCE DEC 1      0                                0
  SINCE JAN 1   2055                              173
...............................................................


WIND (MPH)
  HIGHEST WIND SPEED    20   HIGHEST WIND DIRECTION    NE (60)
  HIGHEST GUST SPEED    24   HIGHEST GUST DIRECTION    NE (60)
  AVERAGE WIND SPEED     5.6




RELATIVE HUMIDITY (PERCENT)
 HIGHEST    92
 LOWEST     24
 AVERAGE    58

..........................................................


THE LANCASTER FOX FIELD CA CLIMATE NORMALS FOR TODAY
                         NORMAL    RECORD    YEAR
 MAXIMUM TEMPERATURE (F)   57        70      2005
                                             1950
 MINIMUM TEMPERATURE (F)   29        13      1990
                                             1962


SUNRISE AND SUNSET
DECEMBER 27 2014......SUNRISE   659 AM PST   SUNSET   449 PM PST
DECEMBER 28 2014......SUNRISE   659 AM PST   SUNSET   450 PM PST


-  INDICATES NEGATIVE NUMBERS.
R  INDICATES RECORD WAS SET OR TIED.
MM INDICATES DATA IS MISSING.
T  INDICATES TRACE AMOUNT.




$$
