000
CDUS46 KLOX 260111
CLIWJF


CLIMATE REPORT
NATIONAL WEATHER SERVICE LOS ANGELES/OXNARD CA
511 PM PST SUN FEB 25 2018


...................................

...THE LANCASTER CLIMATE SUMMARY FOR FEBRUARY 25 2018...
VALID TODAY AS OF 0500 PM LOCAL TIME.

CLIMATE NORMAL PERIOD 1981 TO 2010
CLIMATE RECORD PERIOD 1948 TO 2018


WEATHER ITEM   OBSERVED TIME   RECORD YEAR NORMAL DEPARTURE LAST
                VALUE   (LST)  VALUE       VALUE  FROM      YEAR
                                                  NORMAL
..................................................................
TEMPERATURE (F)
 TODAY
  MAXIMUM         58    411 PM  81    1986  64     -6       60
  MINIMUM         21    546 AM  18    2013  37    -16       27
  AVERAGE         40                        50    -10       44

PRECIPITATION (IN)
  TODAY            0.00          0.64 2001   0.06  -0.06     0.00
  MONTH TO DATE    0.01                      1.62  -1.61     1.80
  SINCE OCT 1      0.98                      5.25  -4.27     6.26
  SINCE JAN 1      0.96                      3.12  -2.16     4.27

SNOWFALL (IN)
  TODAY            0.0           T    1996   0.0             0.0
  MONTH TO DATE    0.0                       0.6             0.0
  SINCE DEC 1      0.0                       2.3             0.0
  SINCE JUL 1      0.0                       2.3             0.0
  SNOW DEPTH       0

DEGREE DAYS
 HEATING
  TODAY           25                        15     10       21
  MONTH TO DATE  432                       424      8      326
  SINCE DEC 1   1556                      1704   -148     1515
  SINCE JUL 1   1918                      2249   -331     1941

 COOLING
  TODAY            0                         0      0        0
  MONTH TO DATE    0                         0      0        0
  SINCE DEC 1      0                         0      0        0
  SINCE JAN 1      0                         0      0        0
..................................................................


WIND (MPH)
  HIGHEST WIND SPEED    15   HIGHEST WIND DIRECTION    NE (40)
  HIGHEST GUST SPEED    19   HIGHEST GUST DIRECTION    NE (40)
  AVERAGE WIND SPEED     5.9


SKY COVER
  POSSIBLE SUNSHINE  MM
  AVERAGE SKY COVER 0.0


WEATHER CONDITIONS
 THE FOLLOWING WEATHER WAS RECORDED TODAY.
  NO SIGNIFICANT WEATHER WAS OBSERVED.


RELATIVE HUMIDITY (PERCENT)
 HIGHEST    68           600 AM
 LOWEST     15           200 PM
 AVERAGE    42

..........................................................


THE LANCASTER CLIMATE NORMALS FOR TOMORROW
                         NORMAL    RECORD    YEAR
 MAXIMUM TEMPERATURE (F)   64        81      1986
 MINIMUM TEMPERATURE (F)   37        21      1984


SUNRISE AND SUNSET
FEBRUARY 25 2018......SUNRISE   627 AM PST   SUNSET   545 PM PST
FEBRUARY 26 2018......SUNRISE   626 AM PST   SUNSET   546 PM PST


-  INDICATES NEGATIVE NUMBERS.
R  INDICATES RECORD WAS SET OR TIED.
MM INDICATES DATA IS MISSING.
T  INDICATES TRACE AMOUNT.




$$
