000
CDUS46 KLOX 230907
CLIWJF


CLIMATE REPORT
NATIONAL WEATHER SERVICE LOS ANGELES/OXNARD CA
207 AM PDT SAT JUL 23 2016


...................................

...THE LANCASTER FOX FIELD CA CLIMATE SUMMARY FOR JULY 22 2016...

CLIMATE NORMAL PERIOD 1981 TO 2010
CLIMATE RECORD PERIOD 1948 TO 2016


WEATHER ITEM   OBSERVED TIME   RECORD YEAR NORMAL DEPARTURE
                VALUE   (LST)  VALUE       VALUE  FROM
                                                  NORMAL
...............................................................
TEMPERATURE (F)
 YESTERDAY
  MAXIMUM        105    153 PM 108    2006  99      6
  MINIMUM         75    504 AM  51    1999  67      8
                                      1972
  AVERAGE         90                        83      7

PRECIPITATION (IN)
  YESTERDAY        0.00          0.10 1974   0.01  -0.01
  MONTH TO DATE    0.00                      0.07  -0.07
  SINCE OCT 1      3.82                      7.11  -3.29
  SINCE JAN 1      2.53                      4.98  -2.45

SNOWFALL (IN)
  YESTERDAY        0.0           0.0    MM
  MONTH TO DATE    0.0
  SINCE JUN 1      0.0
  SINCE JUL 1      0.0
  SNOW DEPTH       0

DEGREE DAYS
 HEATING
  YESTERDAY        0                                0
  MONTH TO DATE    0                                0
  SINCE JUN 1      0                               -8
  SINCE JUL 1      0                                0

 COOLING
  YESTERDAY       25                                7
  MONTH TO DATE  383                                7
  SINCE JUN 1    917                              200
  SINCE JAN 1   1085                              179
...............................................................


WIND (MPH)
  HIGHEST WIND SPEED    36   HIGHEST WIND DIRECTION     W (280)
  HIGHEST GUST SPEED    42   HIGHEST GUST DIRECTION     W (280)
  AVERAGE WIND SPEED    20.3




RELATIVE HUMIDITY (PERCENT)
 HIGHEST    33
 LOWEST      6
 AVERAGE    20

..........................................................


THE LANCASTER FOX FIELD CA CLIMATE NORMALS FOR TODAY
                         NORMAL    RECORD    YEAR
 MAXIMUM TEMPERATURE (F)   99       111      2006
 MINIMUM TEMPERATURE (F)   67        52      1972


SUNRISE AND SUNSET
JULY 23 2016..........SUNRISE   557 AM PDT   SUNSET   802 PM PDT
JULY 24 2016..........SUNRISE   557 AM PDT   SUNSET   801 PM PDT


-  INDICATES NEGATIVE NUMBERS.
R  INDICATES RECORD WAS SET OR TIED.
MM INDICATES DATA IS MISSING.
T  INDICATES TRACE AMOUNT.




$$
