137
CDUS46 KLOX 010113
CLIWJF


CLIMATE REPORT
NATIONAL WEATHER SERVICE LOS ANGELES/OXNARD CA
613 PM PDT SAT APR 30 2016


...................................

...THE LANCASTER CLIMATE SUMMARY FOR APRIL 30 2016...
VALID TODAY AS OF 0600 PM LOCAL TIME.

CLIMATE NORMAL PERIOD 1981 TO 2010
CLIMATE RECORD PERIOD 1948 TO 2016


WEATHER ITEM   OBSERVED TIME   RECORD YEAR NORMAL DEPARTURE LAST
                VALUE   (LST)  VALUE       VALUE  FROM      YEAR
                                                  NORMAL
..................................................................
TEMPERATURE (F)
 TODAY
  MAXIMUM         73    157 PM  92    2006  77     -4       89
                                      1996
  MINIMUM         50    524 AM  32    2011  49      1       54
  AVERAGE         62                        63     -1       72

PRECIPITATION (IN)
  TODAY            T             0.11 1990   0.01  -0.01     0.00
  MONTH TO DATE    0.15                      0.35  -0.20     0.01
  SINCE OCT 1      3.82                      6.90  -3.08     4.33
  SINCE JAN 1      2.53                      4.77  -2.24     1.41

SNOWFALL (IN)
  TODAY            0.0           0.0    MM   0.0             0.0
  MONTH TO DATE    0.0                       0.0             0.0
  SINCE MAR 1      0.0                       0.0             0.0
  SINCE JUL 1      0.0                       2.3             0.0
  SNOW DEPTH       0

DEGREE DAYS
 HEATING
  TODAY            3                         4     -1        0
  MONTH TO DATE  113                       207    -94      184
  SINCE MAR 1    370                       575   -205      402
  SINCE JUL 1   2621                      2868   -247     2271

 COOLING
  TODAY            0                         2     -2        7
  MONTH TO DATE   18                        28    -10       22
  SINCE MAR 1     21                        30     -9       28
  SINCE JAN 1     24                        30     -6       28
..................................................................


WIND (MPH)
  HIGHEST WIND SPEED    26   HIGHEST WIND DIRECTION     W (260)
  HIGHEST GUST SPEED    31   HIGHEST GUST DIRECTION     W (260)
  AVERAGE WIND SPEED    14.7


SKY COVER
  POSSIBLE SUNSHINE  MM
  AVERAGE SKY COVER 0.4


WEATHER CONDITIONS
 THE FOLLOWING WEATHER WAS RECORDED TODAY.
  LIGHT RAIN
  HAZE


RELATIVE HUMIDITY (PERCENT)
 HIGHEST    51           800 AM
 LOWEST     20           100 PM
 AVERAGE    36

..........................................................


THE LANCASTER CLIMATE NORMALS FOR TOMORROW
                         NORMAL    RECORD    YEAR
 MAXIMUM TEMPERATURE (F)   78        94      1996
 MINIMUM TEMPERATURE (F)   50        32      2011
                                             1967


SUNRISE AND SUNSET
APRIL 30 2016.........SUNRISE   603 AM PDT   SUNSET   738 PM PDT
MAY  1 2016...........SUNRISE   602 AM PDT   SUNSET   738 PM PDT


-  INDICATES NEGATIVE NUMBERS.
R  INDICATES RECORD WAS SET OR TIED.
MM INDICATES DATA IS MISSING.
T  INDICATES TRACE AMOUNT.




$$
