000
CDUS46 KLOX 290908
CLIWJF


CLIMATE REPORT
NATIONAL WEATHER SERVICE LOS ANGELES/OXNARD CA
108 AM PST THU JAN 29 2015


...................................

...THE LANCASTER FOX FIELD CA CLIMATE SUMMARY FOR JANUARY 28 2015...

CLIMATE NORMAL PERIOD 1981 TO 2010
CLIMATE RECORD PERIOD 1948 TO 2015


WEATHER ITEM   OBSERVED TIME   RECORD YEAR NORMAL DEPARTURE
                VALUE   (LST)  VALUE       VALUE  FROM
                                                  NORMAL
...............................................................
TEMPERATURE (F)
 YESTERDAY
  MAXIMUM         61    214 PM  71    1986  60      1
  MINIMUM         39    245 AM   6    1957  32      7
  AVERAGE         50                        46      4

PRECIPITATION (IN)
  YESTERDAY        0.00          0.92 1980   0.05  -0.05
  MONTH TO DATE    0.92                      1.33  -0.41
  SINCE OCT 1      3.84                      3.46   0.38
  SINCE JAN 1      0.92                      1.33  -0.41

SNOWFALL (IN)
  YESTERDAY        0.0           2.5  1979
  MONTH TO DATE    0.0
  SINCE DEC 1      0.0
  SINCE JUL 1      0.0
  SNOW DEPTH       0

DEGREE DAYS
 HEATING
  YESTERDAY       15                               -4
  MONTH TO DATE  547                              -19
  SINCE DEC 1   1113                             -110
  SINCE JUL 1   1510                             -258

 COOLING
  YESTERDAY        0                                0
  MONTH TO DATE    0                                0
  SINCE DEC 1      0                                0
  SINCE JAN 1      0                                0
...............................................................


WIND (MPH)
  HIGHEST WIND SPEED    13   HIGHEST WIND DIRECTION    NE (50)
  HIGHEST GUST SPEED    14   HIGHEST GUST DIRECTION    NE (50)
  AVERAGE WIND SPEED     3.3




RELATIVE HUMIDITY (PERCENT)
 HIGHEST   100
 LOWEST     62
 AVERAGE    81

..........................................................


THE LANCASTER FOX FIELD CA CLIMATE NORMALS FOR TODAY
                         NORMAL    RECORD    YEAR
 MAXIMUM TEMPERATURE (F)   60        77      2014
 MINIMUM TEMPERATURE (F)   32        15      1975


SUNRISE AND SUNSET
JANUARY 29 2015.......SUNRISE   653 AM PST   SUNSET   519 PM PST
JANUARY 30 2015.......SUNRISE   653 AM PST   SUNSET   520 PM PST


-  INDICATES NEGATIVE NUMBERS.
R  INDICATES RECORD WAS SET OR TIED.
MM INDICATES DATA IS MISSING.
T  INDICATES TRACE AMOUNT.




$$
