000
CDUS46 KLOX 240114
CLIWJF


CLIMATE REPORT
NATIONAL WEATHER SERVICE LOS ANGELES/OXNARD CA
514 PM PST THU NOV 23 2017


...................................

...THE LANCASTER CLIMATE SUMMARY FOR NOVEMBER 23 2017...
VALID TODAY AS OF 0500 PM LOCAL TIME.

CLIMATE NORMAL PERIOD 1981 TO 2010
CLIMATE RECORD PERIOD 1948 TO 2017


WEATHER ITEM   OBSERVED TIME   RECORD YEAR NORMAL DEPARTURE LAST
                VALUE   (LST)  VALUE       VALUE  FROM      YEAR
                                                  NORMAL
..................................................................
TEMPERATURE (F)
 TODAY
  MAXIMUM         82R   258 PM  81    1949  64     18       62
  MINIMUM         38    626 AM  13    1958  33      5       33
  AVERAGE         60                        48     12       48

PRECIPITATION (IN)
  TODAY            0.00          0.50 1965   0.02  -0.02     0.00
  MONTH TO DATE    0.02                      0.39  -0.37     0.19
  SINCE OCT 1      0.02                      0.83  -0.81     0.37
  SINCE JAN 1      4.64                      6.08  -1.44     2.90

SNOWFALL (IN)
  TODAY            0.0           0.0    MM   0.0             0.0
  MONTH TO DATE    0.0                       0.0             0.0
  SINCE SEP 1      0.0                       0.0             0.0
  SINCE JUL 1      0.0                       0.0             0.0
  SNOW DEPTH       0

DEGREE DAYS
 HEATING
  TODAY            5                        17    -12       17
  MONTH TO DATE  176                       284   -108      216
  SINCE SEP 1    284                       420   -136      271
  SINCE JUL 1    284                       420   -136      271

 COOLING
  TODAY            0                         0      0        0
  MONTH TO DATE    0                         0      0        0
  SINCE SEP 1    310                       322    -12      286
  SINCE JAN 1   2214                      1881    333     2148
..................................................................


WIND (MPH)
  HIGHEST WIND SPEED     7   HIGHEST WIND DIRECTION     W (290)
  HIGHEST GUST SPEED    14   HIGHEST GUST DIRECTION    NW (330)
  AVERAGE WIND SPEED     1.4


SKY COVER
  POSSIBLE SUNSHINE  MM
  AVERAGE SKY COVER 0.0


WEATHER CONDITIONS
 THE FOLLOWING WEATHER WAS RECORDED TODAY.
  NO SIGNIFICANT WEATHER WAS OBSERVED.


RELATIVE HUMIDITY (PERCENT)
 HIGHEST    60           700 AM
 LOWEST     17           300 PM
 AVERAGE    39

..........................................................


THE LANCASTER CLIMATE NORMALS FOR TOMORROW
                         NORMAL    RECORD    YEAR
 MAXIMUM TEMPERATURE (F)   63        81      1949
 MINIMUM TEMPERATURE (F)   33        20      2003


SUNRISE AND SUNSET
NOVEMBER 23 2017......SUNRISE   635 AM PST   SUNSET   444 PM PST
NOVEMBER 24 2017......SUNRISE   636 AM PST   SUNSET   443 PM PST


-  INDICATES NEGATIVE NUMBERS.
R  INDICATES RECORD WAS SET OR TIED.
MM INDICATES DATA IS MISSING.
T  INDICATES TRACE AMOUNT.




$$
