000
CDUS46 KLOX 010114
CLIWJF


CLIMATE REPORT
NATIONAL WEATHER SERVICE LOS ANGELES/OXNARD CA
614 PM PDT FRI OCT 31 2014


...................................

...THE LANCASTER CLIMATE SUMMARY FOR OCTOBER 31 2014...
VALID TODAY AS OF 0600 PM LOCAL TIME.

CLIMATE NORMAL PERIOD 1981 TO 2010
CLIMATE RECORD PERIOD 1948 TO 2014


WEATHER ITEM   OBSERVED TIME   RECORD YEAR NORMAL DEPARTURE LAST
                VALUE   (LST)  VALUE       VALUE  FROM      YEAR
                                                  NORMAL
..................................................................
TEMPERATURE (F)
 TODAY
  MAXIMUM         67    121 PM  86    1966  74     -7       69
  MINIMUM         53    342 AM  27    1991  41     12       30
  AVERAGE         60                        57      3       50

PRECIPITATION (IN)
  TODAY            0.00          1.52 1987   0.02  -0.02     0.00
  MONTH TO DATE    0.00                      0.44  -0.44     0.05
  SINCE JUL 1      0.03                      0.78  -0.75     0.07
  SINCE JAN 1      2.35                      5.69  -3.34     1.17

SNOWFALL (IN)
  TODAY            0.0           0.0    MM   0.0             0.0
  MONTH TO DATE    0.0                       0.0             0.0
  SINCE SEP 1      0.0                       0.0             0.0
  SINCE JUL 1      0.0                       0.0             0.0
  SNOW DEPTH      MM

DEGREE DAYS
 HEATING
  TODAY            5                         8     -3       15
  MONTH TO DATE   45                       124    -79      221
  SINCE SEP 1     47                       136    -89      242
  SINCE JUL 1     47                       136    -89      242

 COOLING
  TODAY            0                         0      0        0
  MONTH TO DATE   72                        51     21       16
  SINCE SEP 1    402                       322     80      333
  SINCE JAN 1   2053                      1881    172     2204
..................................................................


WIND (MPH)
  HIGHEST WIND SPEED    30   HIGHEST WIND DIRECTION    SW (220)
  HIGHEST GUST SPEED    38   HIGHEST GUST DIRECTION    SW (220)
  AVERAGE WIND SPEED    16.7


SKY COVER
  POSSIBLE SUNSHINE  MM
  AVERAGE SKY COVER 0.0


WEATHER CONDITIONS
 THE FOLLOWING WEATHER WAS RECORDED TODAY.
  HAZE


RELATIVE HUMIDITY (PERCENT)
 HIGHEST    62           300 AM
 LOWEST     47          1200 AM
 AVERAGE    55

..........................................................


THE LANCASTER CLIMATE NORMALS FOR TOMORROW
                         NORMAL    RECORD    YEAR
 MAXIMUM TEMPERATURE (F)   73        90      1960
 MINIMUM TEMPERATURE (F)   41        25      1989


SUNRISE AND SUNSET
OCTOBER 31 2014.......SUNRISE   713 AM PDT   SUNSET   600 PM PDT
NOVEMBER  1 2014......SUNRISE   714 AM PDT   SUNSET   559 PM PDT


-  INDICATES NEGATIVE NUMBERS.
R  INDICATES RECORD WAS SET OR TIED.
MM INDICATES DATA IS MISSING.
T  INDICATES TRACE AMOUNT.




$$
