000
CDUS46 KLOX 270122
CLIWJF


CLIMATE REPORT
NATIONAL WEATHER SERVICE LOS ANGELES/OXNARD CA
621 PM PDT FRI MAY 26 2017


...................................

...THE LANCASTER CLIMATE SUMMARY FOR MAY 26 2017...
VALID TODAY AS OF 0600 PM LOCAL TIME.

CLIMATE NORMAL PERIOD 1981 TO 2010
CLIMATE RECORD PERIOD 1948 TO 2017


WEATHER ITEM   OBSERVED TIME   RECORD YEAR NORMAL DEPARTURE LAST
                VALUE   (LST)  VALUE       VALUE  FROM      YEAR
                                                  NORMAL
..................................................................
TEMPERATURE (F)
 TODAY
  MAXIMUM         70    328 PM 104    1974  85    -15       82
  MINIMUM         51    446 AM  37    1953  57     -6       57
  AVERAGE         61                        71    -10       70

PRECIPITATION (IN)
  TODAY            0.00          0.28 1950   0.00   0.00     0.00
  MONTH TO DATE    0.00                      0.08  -0.08     0.00
  SINCE OCT 1      6.51                      6.98  -0.47     3.82
  SINCE JAN 1      4.52                      4.85  -0.33     2.53

SNOWFALL (IN)
  TODAY            0.0           0.0    MM   0.0             0.0
  MONTH TO DATE    0.0                       0.0             0.0
  SINCE MAR 1      0.0                       0.0             0.0
  SINCE JUL 1      0.0                       2.3             0.0
  SNOW DEPTH       0

DEGREE DAYS
 HEATING
  TODAY            4                         1      3        0
  MONTH TO DATE   73                        55     18       51
  SINCE MAR 1    484                       630   -146      421
  SINCE JUL 1   2483                      2923   -440     2672

 COOLING
  TODAY            0                         7     -7        5
  MONTH TO DATE  108                       121    -13       78
  SINCE MAR 1    118                       151    -33       99
  SINCE JAN 1    118                       151    -33      102
..................................................................


WIND (MPH)
  HIGHEST WIND SPEED    31   HIGHEST WIND DIRECTION    SW (220)
  HIGHEST GUST SPEED    39   HIGHEST GUST DIRECTION    SW (210)
  AVERAGE WIND SPEED    24.9


SKY COVER
  POSSIBLE SUNSHINE  MM
  AVERAGE SKY COVER 0.0


WEATHER CONDITIONS
 THE FOLLOWING WEATHER WAS RECORDED TODAY.
  NO SIGNIFICANT WEATHER WAS OBSERVED.


RELATIVE HUMIDITY (PERCENT)
 HIGHEST    77          1200 AM
 LOWEST     40           100 PM
 AVERAGE    59

..........................................................


THE LANCASTER CLIMATE NORMALS FOR TOMORROW
                         NORMAL    RECORD    YEAR
 MAXIMUM TEMPERATURE (F)   86       101      1984
 MINIMUM TEMPERATURE (F)   57        43      1998


SUNRISE AND SUNSET
MAY 26 2017...........SUNRISE   543 AM PDT   SUNSET   757 PM PDT
MAY 27 2017...........SUNRISE   543 AM PDT   SUNSET   758 PM PDT


-  INDICATES NEGATIVE NUMBERS.
R  INDICATES RECORD WAS SET OR TIED.
MM INDICATES DATA IS MISSING.
T  INDICATES TRACE AMOUNT.




$$
