000
CDUS46 KLOX 060111
CLIWJF


CLIMATE REPORT
NATIONAL WEATHER SERVICE LOS ANGELES/OXNARD CA
511 PM PST MON DEC 5 2016


...................................

...THE LANCASTER CLIMATE SUMMARY FOR DECEMBER 5 2016...
VALID TODAY AS OF 0500 PM LOCAL TIME.

CLIMATE NORMAL PERIOD 1981 TO 2010
CLIMATE RECORD PERIOD 1948 TO 2016


WEATHER ITEM   OBSERVED TIME   RECORD YEAR NORMAL DEPARTURE LAST
                VALUE   (LST)  VALUE       VALUE  FROM      YEAR
                                                  NORMAL
..................................................................
TEMPERATURE (F)
 TODAY
  MAXIMUM         69    219 PM  81    1958  59     10       61
  MINIMUM         49    445 AM  13    2006  30     19       24
  AVERAGE         59                        45     14       43

PRECIPITATION (IN)
  TODAY            0.00          1.00 1997   0.03  -0.03     0.00
  MONTH TO DATE    0.00                      0.13  -0.13     0.00
  SINCE OCT 1      0.40                      1.11  -0.71     0.92
  SINCE JAN 1      2.93                      6.36  -3.43     5.63

SNOWFALL (IN)
  TODAY            0.0           T    1998   0.0             0.0
  MONTH TO DATE    0.0                       0.1             0.0
  SINCE DEC 1      0.0                       0.1             0.0
  SINCE JUL 1      0.0                       0.1             0.0
  SNOW DEPTH       0

DEGREE DAYS
 HEATING
  TODAY            6                        20    -14       22
  MONTH TO DATE   91                        98     -7      109
  SINCE DEC 1     91                        98     -7      109
  SINCE JUL 1    517                       643   -126      689

 COOLING
  TODAY            0                         0      0        0
  MONTH TO DATE    0                         0      0        0
  SINCE DEC 1      0                         0      0        0
  SINCE JAN 1   2148                      1882    266     2090
..................................................................


WIND (MPH)
  HIGHEST WIND SPEED    31   HIGHEST WIND DIRECTION     W (270)
  HIGHEST GUST SPEED    36   HIGHEST GUST DIRECTION     W (280)
  AVERAGE WIND SPEED    21.9


SKY COVER
  POSSIBLE SUNSHINE  MM
  AVERAGE SKY COVER 0.0


WEATHER CONDITIONS
 THE FOLLOWING WEATHER WAS RECORDED TODAY.
  NO SIGNIFICANT WEATHER WAS OBSERVED.


RELATIVE HUMIDITY (PERCENT)
 HIGHEST    42           400 AM
 LOWEST     19           200 PM
 AVERAGE    31

..........................................................


THE LANCASTER CLIMATE NORMALS FOR TOMORROW
                         NORMAL    RECORD    YEAR
 MAXIMUM TEMPERATURE (F)   59        79      1977
 MINIMUM TEMPERATURE (F)   30        16      2011


SUNRISE AND SUNSET
DECEMBER  5 2016......SUNRISE   646 AM PST   SUNSET   442 PM PST
DECEMBER  6 2016......SUNRISE   647 AM PST   SUNSET   442 PM PST


-  INDICATES NEGATIVE NUMBERS.
R  INDICATES RECORD WAS SET OR TIED.
MM INDICATES DATA IS MISSING.
T  INDICATES TRACE AMOUNT.




$$
