000
CDUS46 KLOX 300908
CLIWJF


CLIMATE REPORT
NATIONAL WEATHER SERVICE LOS ANGELES/OXNARD CA
208 AM PDT TUE SEP 30 2014


...................................

...THE LANCASTER FOX FIELD CA CLIMATE SUMMARY FOR SEPTEMBER 29 2014...

CLIMATE NORMAL PERIOD 1981 TO 2010
CLIMATE RECORD PERIOD 1948 TO 2014


WEATHER ITEM   OBSERVED TIME   RECORD YEAR NORMAL DEPARTURE
                VALUE   (LST)  VALUE       VALUE  FROM
                                                  NORMAL
...............................................................
TEMPERATURE (F)
 YESTERDAY
  MAXIMUM         79    426 PM 101    1963  86     -7
  MINIMUM         51    609 AM  36    1948  52     -1
  AVERAGE         65                        69     -4

PRECIPITATION (IN)
  YESTERDAY        0.00          0.25 1966   0.00   0.00
  MONTH TO DATE    T                         0.14  -0.14
  SINCE JUL 1      0.03                      0.33  -0.30
  SINCE JAN 1      2.35                      5.24  -2.89

SNOWFALL (IN)
  YESTERDAY        0.0           0.0    MM
  MONTH TO DATE    0.0
  SINCE SEP 1      0.0
  SINCE JUL 1      0.0
  SNOW DEPTH       0

DEGREE DAYS
 HEATING
  YESTERDAY        0                               -1
  MONTH TO DATE    2                               -6
  SINCE SEP 1      2                               -6
  SINCE JUL 1      2                               -6

 COOLING
  YESTERDAY        0                               -5
  MONTH TO DATE  328                               62
  SINCE SEP 1    328                               62
  SINCE JAN 1   1979                              154
...............................................................


WIND (MPH)
  HIGHEST WIND SPEED    15   HIGHEST WIND DIRECTION     W (280)
  HIGHEST GUST SPEED    18   HIGHEST GUST DIRECTION     W (290)
  AVERAGE WIND SPEED     5.4




RELATIVE HUMIDITY (PERCENT)
 HIGHEST    77
 LOWEST     24
 AVERAGE    51

..........................................................


THE LANCASTER FOX FIELD CA CLIMATE NORMALS FOR TODAY
                         NORMAL    RECORD    YEAR
 MAXIMUM TEMPERATURE (F)   86       100      2001
 MINIMUM TEMPERATURE (F)   52        38      1982


SUNRISE AND SUNSET
SEPTEMBER 30 2014.....SUNRISE   647 AM PDT   SUNSET   638 PM PDT
OCTOBER  1 2014.......SUNRISE   648 AM PDT   SUNSET   637 PM PDT


-  INDICATES NEGATIVE NUMBERS.
R  INDICATES RECORD WAS SET OR TIED.
MM INDICATES DATA IS MISSING.
T  INDICATES TRACE AMOUNT.




$$
