000
CDUS46 KLOX 010117
CLIWJF


CLIMATE REPORT
NATIONAL WEATHER SERVICE LOS ANGELES/OXNARD CA
617 PM PDT FRI JUL 31 2015


...................................

...THE LANCASTER CLIMATE SUMMARY FOR JULY 31 2015...
VALID TODAY AS OF 0600 PM LOCAL TIME.

CLIMATE NORMAL PERIOD 1981 TO 2010
CLIMATE RECORD PERIOD 1948 TO 2015


WEATHER ITEM   OBSERVED TIME   RECORD YEAR NORMAL DEPARTURE LAST
                VALUE   (LST)  VALUE       VALUE  FROM      YEAR
                                                  NORMAL
..................................................................
TEMPERATURE (F)
 TODAY
  MAXIMUM         97    315 PM 107    1951  99     -2      104
  MINIMUM         73    511 AM  52    1956  67      6       68
  AVERAGE         85                        83      2       86

PRECIPITATION (IN)
  TODAY            0.00          T    1991   0.00   0.00     0.00
  MONTH TO DATE    2.34                      0.09   2.25      T
  SINCE OCT 1      6.99                      7.13  -0.14     3.91
  SINCE JAN 1      4.07                      5.00  -0.93     2.32

SNOWFALL (IN)
  TODAY            0.0           0.0    MM   0.0             0.0
  MONTH TO DATE    0.0                       0.0             0.0
  SINCE JUN 1      0.0                       0.0             0.0
  SINCE JUL 1      0.0                       0.0             0.0
  SNOW DEPTH       0

DEGREE DAYS
 HEATING
  TODAY            0                         0      0        0
  MONTH TO DATE    0                         0      0        0
  SINCE JUN 1      2                         8     -6        0
  SINCE JUL 1      0                         0      0        0

 COOLING
  TODAY           20                        18      2       21
  MONTH TO DATE  451                       536    -85      587
  SINCE JUN 1    926                       877     49      987
  SINCE JAN 1   1024                      1066    -42     1187
..................................................................


WIND (MPH)
  HIGHEST WIND SPEED    26   HIGHEST WIND DIRECTION    SW (230)
  HIGHEST GUST SPEED    31   HIGHEST GUST DIRECTION    SW (230)
  AVERAGE WIND SPEED    10.0


SKY COVER
  POSSIBLE SUNSHINE  MM
  AVERAGE SKY COVER 0.0


WEATHER CONDITIONS
 THE FOLLOWING WEATHER WAS RECORDED TODAY.
  NO SIGNIFICANT WEATHER WAS OBSERVED.


RELATIVE HUMIDITY (PERCENT)
 HIGHEST    68           600 AM
 LOWEST     27           300 PM
 AVERAGE    48

..........................................................


THE LANCASTER CLIMATE NORMALS FOR TOMORROW
                         NORMAL    RECORD    YEAR
 MAXIMUM TEMPERATURE (F)   99       107      1969
 MINIMUM TEMPERATURE (F)   67        53      1975


SUNRISE AND SUNSET
JULY 31 2015..........SUNRISE   602 AM PDT   SUNSET   756 PM PDT
AUGUST  1 2015........SUNRISE   603 AM PDT   SUNSET   755 PM PDT


-  INDICATES NEGATIVE NUMBERS.
R  INDICATES RECORD WAS SET OR TIED.
MM INDICATES DATA IS MISSING.
T  INDICATES TRACE AMOUNT.




$$
