000
CDUS46 KLOX 020908
CLIWJF


CLIMATE REPORT
NATIONAL WEATHER SERVICE LOS ANGELES/OXNARD CA
208 AM PDT TUE JUN 2 2015


...................................

...THE LANCASTER FOX FIELD CA CLIMATE SUMMARY FOR JUNE 1 2015...

CLIMATE NORMAL PERIOD 1981 TO 2010
CLIMATE RECORD PERIOD 1948 TO 2015


WEATHER ITEM   OBSERVED TIME   RECORD YEAR NORMAL DEPARTURE
                VALUE   (LST)  VALUE       VALUE  FROM
                                                  NORMAL
...............................................................
TEMPERATURE (F)
 YESTERDAY
  MAXIMUM         86    115 PM 105    1960  87     -1
  MINIMUM         61    449 AM  39    1967  58      3
  AVERAGE         74                        72      2

PRECIPITATION (IN)
  YESTERDAY        0.00          0.16 1999   0.00   0.00
  MONTH TO DATE    0.00                      0.00   0.00
  SINCE OCT 1      4.61                      6.99  -2.38
  SINCE JAN 1      1.69                      4.86  -3.17

SNOWFALL (IN)
  YESTERDAY        0.0           0.0    MM
  MONTH TO DATE    0.0
  SINCE JUN 1      0.0
  SINCE JUL 1      0.0
  SNOW DEPTH       0

DEGREE DAYS
 HEATING
  YESTERDAY        0                               -1
  MONTH TO DATE    0                               -1
  SINCE JUN 1      0                               -1
  SINCE JUL 1   2376                             -554

 COOLING
  YESTERDAY        9                                1
  MONTH TO DATE    9                                1
  SINCE JUN 1      9                                1
  SINCE JAN 1    107                              -90
...............................................................


WIND (MPH)
  HIGHEST WIND SPEED    29   HIGHEST WIND DIRECTION    SW (240)
  HIGHEST GUST SPEED    34   HIGHEST GUST DIRECTION    SW (240)
  AVERAGE WIND SPEED    17.3




RELATIVE HUMIDITY (PERCENT)
 HIGHEST    48
 LOWEST     13
 AVERAGE    31

..........................................................


THE LANCASTER FOX FIELD CA CLIMATE NORMALS FOR TODAY
                         NORMAL    RECORD    YEAR
 MAXIMUM TEMPERATURE (F)   87       105      1960
 MINIMUM TEMPERATURE (F)   58        38      1967


SUNRISE AND SUNSET
JUNE  2 2015..........SUNRISE   541 AM PDT   SUNSET   801 PM PDT
JUNE  3 2015..........SUNRISE   540 AM PDT   SUNSET   802 PM PDT


-  INDICATES NEGATIVE NUMBERS.
R  INDICATES RECORD WAS SET OR TIED.
MM INDICATES DATA IS MISSING.
T  INDICATES TRACE AMOUNT.




$$
