000
CDUS45 KLKN 220931
CLIWMC


CLIMATE REPORT
NATIONAL WEATHER SERVICE ELKO NV
131 AM PST SAT NOV 22 2014


...................................

...THE WINNEMUCCA AIRPORT NV CLIMATE SUMMARY FOR NOVEMBER 21 2014...

CLIMATE NORMAL PERIOD 1981 TO 2010
CLIMATE RECORD PERIOD 1877 TO 2014


WEATHER ITEM   OBSERVED TIME   RECORD YEAR NORMAL DEPARTURE LAST
                VALUE   (LST)  VALUE       VALUE  FROM      YEAR
                                                  NORMAL
..................................................................
TEMPERATURE (F)
 YESTERDAY
  MAXIMUM         51    305 PM  70    1924  49      2       37
  MINIMUM         20    606 AM  -5    1961  21     -1       26
  AVERAGE         36                        35      1       32

PRECIPITATION (IN)
  YESTERDAY        0.06          0.59 1900   0.03   0.03      T
  MONTH TO DATE    0.79                      0.60   0.19     0.57
  SINCE OCT 1      0.88                      1.27  -0.39     2.05
  SINCE JAN 1      6.86                      7.07  -0.21     5.11

SNOWFALL (IN)
  YESTERDAY        0.0           6.9  1947   0.1   -0.1       T
  MONTH TO DATE    0.5                       1.7   -1.2       T
  SINCE SEP 1      0.5                       2.2   -1.7      6.6
  SINCE JUL 1      0.5                       2.2   -1.7      6.6
  SNOW DEPTH       0

DEGREE DAYS
 HEATING
  YESTERDAY       29                        30     -1       33
  MONTH TO DATE  568                       557     11      488
  SINCE SEP 1   1073                      1252   -179     1270
  SINCE JUL 1   1092                      1282   -190     1270

 COOLING
  YESTERDAY        0                         0      0        0
  MONTH TO DATE    0                         0      0        0
  SINCE SEP 1     49                        31     18       81
  SINCE JAN 1    674                       541    133      762
..................................................................


WIND (MPH)
  HIGHEST WIND SPEED    21   HIGHEST WIND DIRECTION    SE (150)
  HIGHEST GUST SPEED    26   HIGHEST GUST DIRECTION     S (160)
  AVERAGE WIND SPEED     8.2



WEATHER CONDITIONS
 THE FOLLOWING WEATHER WAS RECORDED YESTERDAY.
  LIGHT RAIN


RELATIVE HUMIDITY (PERCENT)
 HIGHEST    92           300 AM
 LOWEST     41           300 PM
 AVERAGE    67

..........................................................


THE WINNEMUCCA AIRPORT NV CLIMATE NORMALS FOR TODAY
                         NORMAL    RECORD    YEAR
 MAXIMUM TEMPERATURE (F)   48        65      1954
                                             1917
                                             1915
 MINIMUM TEMPERATURE (F)   21        -8      1947


SUNRISE AND SUNSET
NOVEMBER 22 2014......SUNRISE   647 AM PST   SUNSET   428 PM PST
NOVEMBER 23 2014......SUNRISE   648 AM PST   SUNSET   427 PM PST


-  INDICATES NEGATIVE NUMBERS.
R  INDICATES RECORD WAS SET OR TIED.
MM INDICATES DATA IS MISSING.
T  INDICATES TRACE AMOUNT.




$$
