000
CDUS45 KLKN 030932
CLIWMC


CLIMATE REPORT
NATIONAL WEATHER SERVICE ELKO NV
227 AM PDT THU SEP 3 2015


...................................

...THE WINNEMUCCA AIRPORT NV CLIMATE SUMMARY FOR SEPTEMBER 2 2015...

CLIMATE NORMAL PERIOD 1981 TO 2010
CLIMATE RECORD PERIOD 1877 TO 2015


WEATHER ITEM   OBSERVED TIME   RECORD YEAR NORMAL DEPARTURE LAST
                VALUE   (LST)  VALUE       VALUE  FROM      YEAR
                                                  NORMAL
..................................................................
TEMPERATURE (F)
 YESTERDAY
  MAXIMUM         88    245 PM 103    1950  86      2       93
  MINIMUM         48    554 AM  26    1973  44      4       42
  AVERAGE         68                        65      3       68

PRECIPITATION (IN)
  YESTERDAY        0.00          0.35 2000   0.01  -0.01     0.00
  MONTH TO DATE    0.00                      0.02  -0.02     0.00
  SINCE OCT 1      9.13                      7.86   1.27     7.24
  SINCE JAN 1      6.56                      5.38   1.18     4.58

SNOWFALL (IN)
  YESTERDAY        0.0           0.0  1877   0.0    0.0      0.0
  MONTH TO DATE    0.0                       0.0    0.0      0.0
  SINCE SEP 1      0.0                       0.0    0.0      0.0
  SINCE JUL 1      0.0                       0.0    0.0      0.0
  SNOW DEPTH       0

DEGREE DAYS
 HEATING
  YESTERDAY        0                         2     -2        0
  MONTH TO DATE    1                         4     -3        2
  SINCE SEP 1      1                         4     -3        2
  SINCE JUL 1     11                        34    -23       21

 COOLING
  YESTERDAY        3                         2      1        3
  MONTH TO DATE    3                         5     -2        3
  SINCE SEP 1      3                         5     -2        3
  SINCE JAN 1    590                       515     75      628
..................................................................


WIND (MPH)
  HIGHEST WIND SPEED    24   HIGHEST WIND DIRECTION    SW (240)
  HIGHEST GUST SPEED    32   HIGHEST GUST DIRECTION    SW (240)
  AVERAGE WIND SPEED     8.3



WEATHER CONDITIONS
 THE FOLLOWING WEATHER WAS RECORDED YESTERDAY.
  NO SIGNIFICANT WEATHER WAS OBSERVED.


RELATIVE HUMIDITY (PERCENT)
 HIGHEST    39           600 AM
 LOWEST      9           200 PM
 AVERAGE    24

..........................................................


THE WINNEMUCCA AIRPORT NV CLIMATE NORMALS FOR TODAY
                         NORMAL    RECORD    YEAR
 MAXIMUM TEMPERATURE (F)   86       100      1955
                                             1950
 MINIMUM TEMPERATURE (F)   44        29      1971
                                             1961


SUNRISE AND SUNSET
SEPTEMBER  3 2015.....SUNRISE   620 AM PDT   SUNSET   721 PM PDT
SEPTEMBER  4 2015.....SUNRISE   621 AM PDT   SUNSET   719 PM PDT


-  INDICATES NEGATIVE NUMBERS.
R  INDICATES RECORD WAS SET OR TIED.
MM INDICATES DATA IS MISSING.
T  INDICATES TRACE AMOUNT.




$$
