000
CDUS45 KLKN 240930
CLIWMC


CLIMATE REPORT
NATIONAL WEATHER SERVICE ELKO NV
229 AM PDT WED AUG 24 2016


...................................

...THE WINNEMUCCA AIRPORT NV CLIMATE SUMMARY FOR AUGUST 23 2016...

CLIMATE NORMAL PERIOD 1981 TO 2010
CLIMATE RECORD PERIOD 1877 TO 2016


WEATHER ITEM   OBSERVED TIME   RECORD YEAR NORMAL DEPARTURE LAST
                VALUE   (LST)  VALUE       VALUE  FROM      YEAR
                                                  NORMAL
..................................................................
TEMPERATURE (F)
 YESTERDAY
  MAXIMUM         90    317 PM 102    1969  90      0       96
  MINIMUM         53    523 AM  28    1960  47      6       47
  AVERAGE         72                        68      4       72

PRECIPITATION (IN)
  YESTERDAY        0.00          0.17 2000   0.01  -0.01     0.00
                                      1951
  MONTH TO DATE    T                         0.13  -0.13     0.23
  SINCE OCT 1      8.86                      7.79   1.07     9.13
  SINCE JAN 1      4.58                      5.31  -0.73     6.56

SNOWFALL (IN)
  YESTERDAY        0.0           0.0  1877   0.0    0.0      0.0
  MONTH TO DATE    0.0                       0.0    0.0      0.0
  SINCE JUN 1      0.0                       T      0.0      0.0
  SINCE JUL 1      0.0                       0.0    0.0      0.0
  SNOW DEPTH       0

DEGREE DAYS
 HEATING
  YESTERDAY        0                         1     -1        0
  MONTH TO DATE    0                         7     -7        1
  SINCE JUN 1     71                       122    -51       28
  SINCE JUL 1     17                        17      0        6

 COOLING
  YESTERDAY        7                         4      3        7
  MONTH TO DATE  177                       149     28      134
  SINCE JUN 1    541                       471     70      539
  SINCE JAN 1    541                       482     59      543
..................................................................


WIND (MPH)
  HIGHEST WIND SPEED    25   HIGHEST WIND DIRECTION     W (290)
  HIGHEST GUST SPEED    33   HIGHEST GUST DIRECTION     W (260)
  AVERAGE WIND SPEED     7.9



WEATHER CONDITIONS
 THE FOLLOWING WEATHER WAS RECORDED YESTERDAY.
  NO SIGNIFICANT WEATHER WAS OBSERVED.


RELATIVE HUMIDITY (PERCENT)
 HIGHEST    40           200 AM
 LOWEST      8           200 PM
 AVERAGE    24

..........................................................


THE WINNEMUCCA AIRPORT NV CLIMATE NORMALS FOR TODAY
                         NORMAL    RECORD    YEAR
 MAXIMUM TEMPERATURE (F)   89       101      1985
 MINIMUM TEMPERATURE (F)   47        33      1962


SUNRISE AND SUNSET
AUGUST 24 2016........SUNRISE   611 AM PDT   SUNSET   735 PM PDT
AUGUST 25 2016........SUNRISE   612 AM PDT   SUNSET   734 PM PDT


-  INDICATES NEGATIVE NUMBERS.
R  INDICATES RECORD WAS SET OR TIED.
MM INDICATES DATA IS MISSING.
T  INDICATES TRACE AMOUNT.




$$
