000
CDUS45 KLKN 060932
CLIWMC


CLIMATE REPORT
NATIONAL WEATHER SERVICE ELKO NV
132 AM PST SAT FEB 6 2016


...................................

...THE WINNEMUCCA AIRPORT NV CLIMATE SUMMARY FOR FEBRUARY 5 2016...

CLIMATE NORMAL PERIOD 1981 TO 2010
CLIMATE RECORD PERIOD 1877 TO 2016


WEATHER ITEM   OBSERVED TIME   RECORD YEAR NORMAL DEPARTURE LAST
                VALUE   (LST)  VALUE       VALUE  FROM      YEAR
                                                  NORMAL
..................................................................
TEMPERATURE (F)
 YESTERDAY
  MAXIMUM         40    306 PM  63    2015  45     -5       63
                                      1995
                                      1934
  MINIMUM         20    621 AM -16    1985  21     -1       43
  AVERAGE         30                        33     -3       53

PRECIPITATION (IN)
  YESTERDAY        0.00          0.55 1890   0.03  -0.03     0.00
  MONTH TO DATE    0.09                      0.12  -0.03     0.07
  SINCE OCT 1      6.27                      3.47   2.80     3.04
  SINCE JAN 1      1.99                      0.99   1.00     0.47

SNOWFALL (IN)
  YESTERDAY        0.0           4.1  1932   0.1   -0.1      0.0
  MONTH TO DATE    1.2                       0.7    0.5      0.0
  SINCE DEC 1     19.1                       9.8    9.3       T
  SINCE JUL 1     19.4                      13.3    6.1      2.3
  SNOW DEPTH       1

DEGREE DAYS
 HEATING
  YESTERDAY       35                        32      3       12
  MONTH TO DATE  191                       162     29      102
  SINCE DEC 1   2278                      2347    -69     1913
  SINCE JUL 1   3627                      3915   -288     3207

 COOLING
  YESTERDAY        0                         0      0        0
  MONTH TO DATE    0                         0      0        0
  SINCE DEC 1      0                         0      0        0
  SINCE JAN 1      0                         0      0        0
..................................................................


WIND (MPH)
  HIGHEST WIND SPEED    14   HIGHEST WIND DIRECTION    NE (40)
  HIGHEST GUST SPEED    16   HIGHEST GUST DIRECTION    NE (50)
  AVERAGE WIND SPEED     8.0



WEATHER CONDITIONS
 THE FOLLOWING WEATHER WAS RECORDED YESTERDAY.
  NO SIGNIFICANT WEATHER WAS OBSERVED.


RELATIVE HUMIDITY (PERCENT)
 HIGHEST    92           400 AM
 LOWEST     59           100 PM
 AVERAGE    76

..........................................................


THE WINNEMUCCA AIRPORT NV CLIMATE NORMALS FOR TODAY
                         NORMAL    RECORD    YEAR
 MAXIMUM TEMPERATURE (F)   45        68      2015
 MINIMUM TEMPERATURE (F)   22       -17      1989
                                             1903


SUNRISE AND SUNSET
FEBRUARY  6 2016......SUNRISE   657 AM PST   SUNSET   514 PM PST
FEBRUARY  7 2016......SUNRISE   656 AM PST   SUNSET   515 PM PST


-  INDICATES NEGATIVE NUMBERS.
R  INDICATES RECORD WAS SET OR TIED.
MM INDICATES DATA IS MISSING.
T  INDICATES TRACE AMOUNT.




$$
