000
CDUS45 KLKN 260935
CLIWMC


CLIMATE REPORT
NATIONAL WEATHER SERVICE ELKO NV
231 AM PDT WED APR 26 2017


...................................

...THE WINNEMUCCA AIRPORT NV CLIMATE SUMMARY FOR APRIL 25 2017...

CLIMATE NORMAL PERIOD 1981 TO 2010
CLIMATE RECORD PERIOD 1877 TO 2017


WEATHER ITEM   OBSERVED TIME   RECORD YEAR NORMAL DEPARTURE LAST
                VALUE   (LST)  VALUE       VALUE  FROM      YEAR
                                                  NORMAL
..................................................................
TEMPERATURE (F)
 YESTERDAY
  MAXIMUM         54    428 PM  87    1910  65    -11       42
  MINIMUM         37    542 AM  13    1960  33      4       33
  AVERAGE         46                        49     -3       38

PRECIPITATION (IN)
  YESTERDAY        0.01          0.64 2015   0.03  -0.02     0.35
  MONTH TO DATE    0.78                      0.72   0.06     0.90
  SINCE OCT 1      9.19                      5.56   3.63     8.03
  SINCE JAN 1      4.65                      3.08   1.57     3.75

SNOWFALL (IN)
  YESTERDAY        0.0           2.1  1994   0.0    0.0       T
  MONTH TO DATE    T                         1.4   -1.4       T
  SINCE MAR 1      2.2                       4.6   -2.4      1.7
  SINCE JUL 1     18.3                      20.6   -2.3     21.1
  SNOW DEPTH       0

DEGREE DAYS
 HEATING
  YESTERDAY       19                        16      3       27
  MONTH TO DATE  462                       475    -13      371
  SINCE MAR 1   1088                      1214   -126     1030
  SINCE JUL 1   5527                      5803   -276     5207

 COOLING
  YESTERDAY        0                         0      0        0
  MONTH TO DATE    0                         0      0        0
  SINCE MAR 1      0                         0      0        0
  SINCE JAN 1      0                         0      0        0
..................................................................


WIND (MPH)
  HIGHEST WIND SPEED    16   HIGHEST WIND DIRECTION    SW (220)
  HIGHEST GUST SPEED    21   HIGHEST GUST DIRECTION    SW (240)
  AVERAGE WIND SPEED     6.6



WEATHER CONDITIONS
 THE FOLLOWING WEATHER WAS RECORDED YESTERDAY.
  LIGHT RAIN


RELATIVE HUMIDITY (PERCENT)
 HIGHEST    92           200 AM
 LOWEST     29           200 PM
 AVERAGE    61

..........................................................


THE WINNEMUCCA AIRPORT NV CLIMATE NORMALS FOR TODAY
                         NORMAL    RECORD    YEAR
 MAXIMUM TEMPERATURE (F)   66        86      1987
 MINIMUM TEMPERATURE (F)   33        13      1985


SUNRISE AND SUNSET
APRIL 26 2017.........SUNRISE   556 AM PDT   SUNSET   743 PM PDT
APRIL 27 2017.........SUNRISE   554 AM PDT   SUNSET   744 PM PDT


-  INDICATES NEGATIVE NUMBERS.
R  INDICATES RECORD WAS SET OR TIED.
MM INDICATES DATA IS MISSING.
T  INDICATES TRACE AMOUNT.




$$
