000
CDUS45 KLKN 180930
CLIWMC


CLIMATE REPORT
NATIONAL WEATHER SERVICE ELKO NV
226 AM PDT THU SEP 18 2014


...................................

...THE WINNEMUCCA AIRPORT NV CLIMATE SUMMARY FOR SEPTEMBER 17 2014...

CLIMATE NORMAL PERIOD 1981 TO 2010
CLIMATE RECORD PERIOD 1877 TO 2014


WEATHER ITEM   OBSERVED TIME   RECORD YEAR NORMAL DEPARTURE LAST
                VALUE   (LST)  VALUE       VALUE  FROM      YEAR
                                                  NORMAL
..................................................................
TEMPERATURE (F)
 YESTERDAY
  MAXIMUM         92    218 PM  97    1929  80     12       79
  MINIMUM         49    458 AM  21    1965  39     10       44
  AVERAGE         71                        60     11       62

PRECIPITATION (IN)
  YESTERDAY        0.00          0.69 1961   0.01  -0.01     0.00
  MONTH TO DATE    T                         0.20  -0.20     0.39
  SINCE OCT 1      7.24                      8.04  -0.80     5.21
  SINCE JAN 1      4.58                      5.56  -0.98     2.80

SNOWFALL (IN)
  YESTERDAY        0.0           0.0  1877   0.0    0.0      0.0
  MONTH TO DATE    0.0                       0.0    0.0      0.0
  SINCE SEP 1      0.0                       0.0    0.0      0.0
  SINCE JUL 1      0.0                       0.0    0.0       T
  SNOW DEPTH       0

DEGREE DAYS
 HEATING
  YESTERDAY        0                         6     -6        3
  MONTH TO DATE   15                        65    -50        5
  SINCE SEP 1     15                        65    -50        5
  SINCE JUL 1     34                        95    -61        5

 COOLING
  YESTERDAY        6                         1      5        0
  MONTH TO DATE   28                        27      1       79
  SINCE SEP 1     28                        27      1       79
  SINCE JAN 1    653                       537    116      760
..................................................................


WIND (MPH)
  HIGHEST WIND SPEED    16   HIGHEST WIND DIRECTION     W (260)
  HIGHEST GUST SPEED    23   HIGHEST GUST DIRECTION     W (270)
  AVERAGE WIND SPEED     5.7



WEATHER CONDITIONS
 THE FOLLOWING WEATHER WAS RECORDED YESTERDAY.
  HAZE


RELATIVE HUMIDITY (PERCENT)
 HIGHEST    46           500 AM
 LOWEST     11           200 PM
 AVERAGE    29

..........................................................


THE WINNEMUCCA AIRPORT NV CLIMATE NORMALS FOR TODAY
                         NORMAL    RECORD    YEAR
 MAXIMUM TEMPERATURE (F)   80        93      1984
                                             1979
                                             1898
 MINIMUM TEMPERATURE (F)   39        17      1965


SUNRISE AND SUNSET
SEPTEMBER 18 2014.....SUNRISE   635 AM PDT   SUNSET   655 PM PDT
SEPTEMBER 19 2014.....SUNRISE   636 AM PDT   SUNSET   653 PM PDT


-  INDICATES NEGATIVE NUMBERS.
R  INDICATES RECORD WAS SET OR TIED.
MM INDICATES DATA IS MISSING.
T  INDICATES TRACE AMOUNT.




$$
