000
CDUS45 KLKN 300932
CLIWMC


CLIMATE REPORT
NATIONAL WEATHER SERVICE ELKO NV
228 AM PDT FRI SEP 30 2016


...................................

...THE WINNEMUCCA AIRPORT NV CLIMATE SUMMARY FOR SEPTEMBER 29 2016...

CLIMATE NORMAL PERIOD 1981 TO 2010
CLIMATE RECORD PERIOD 1877 TO 2016


WEATHER ITEM   OBSERVED TIME   RECORD YEAR NORMAL DEPARTURE LAST
                VALUE   (LST)  VALUE       VALUE  FROM      YEAR
                                                  NORMAL
..................................................................
TEMPERATURE (F)
 YESTERDAY
  MAXIMUM         86    244 PM  93    2010  75     11       87
                                      1963
  MINIMUM         54   1105 PM  17    1954  35     19       39
  AVERAGE         70                        55     15       63

PRECIPITATION (IN)
  YESTERDAY        0.00          0.51 1878   0.02  -0.02     0.00
  MONTH TO DATE    0.24                      0.42  -0.18     0.06
  SINCE OCT 1      9.10                      8.26   0.84     9.19
  SINCE JAN 1      4.82                      5.78  -0.96     6.62

SNOWFALL (IN)
  YESTERDAY        0.0           0.0  1877   0.0    0.0      0.0
  MONTH TO DATE    0.0                       0.0    0.0      0.0
  SINCE SEP 1      0.0                       0.0    0.0      0.0
  SINCE JUL 1      0.0                       0.0    0.0      0.0
  SNOW DEPTH       0

DEGREE DAYS
 HEATING
  YESTERDAY        0                        10    -10        2
  MONTH TO DATE  165                       163      2      115
  SINCE SEP 1    165                       163      2      115
  SINCE JUL 1    185                       193     -8      125

 COOLING
  YESTERDAY        5                         0      5        0
  MONTH TO DATE   12                        29    -17       27
  SINCE SEP 1     12                        29    -17       27
  SINCE JAN 1    577                       539     38      614
..................................................................


WIND (MPH)
  HIGHEST WIND SPEED    20   HIGHEST WIND DIRECTION     W (250)
  HIGHEST GUST SPEED    27   HIGHEST GUST DIRECTION     W (260)
  AVERAGE WIND SPEED     8.2



WEATHER CONDITIONS
 THE FOLLOWING WEATHER WAS RECORDED YESTERDAY.
  NO SIGNIFICANT WEATHER WAS OBSERVED.


RELATIVE HUMIDITY (PERCENT)
 HIGHEST    36          1100 PM
 LOWEST     15          1100 AM
 AVERAGE    26

..........................................................


THE WINNEMUCCA AIRPORT NV CLIMATE NORMALS FOR TODAY
                         NORMAL    RECORD    YEAR
 MAXIMUM TEMPERATURE (F)   75        95      2010
 MINIMUM TEMPERATURE (F)   34        17      1950


SUNRISE AND SUNSET
SEPTEMBER 30 2016.....SUNRISE   647 AM PDT   SUNSET   634 PM PDT
OCTOBER  1 2016.......SUNRISE   648 AM PDT   SUNSET   632 PM PDT


-  INDICATES NEGATIVE NUMBERS.
R  INDICATES RECORD WAS SET OR TIED.
MM INDICATES DATA IS MISSING.
T  INDICATES TRACE AMOUNT.




$$
