000
CDUS45 KLKN 190937
CLIWMC


CLIMATE REPORT
NATIONAL WEATHER SERVICE ELKO NV
233 AM PDT TUE SEP 19 2017


...................................

...THE WINNEMUCCA AIRPORT NV CLIMATE SUMMARY FOR SEPTEMBER 18 2017...

CLIMATE NORMAL PERIOD 1981 TO 2010
CLIMATE RECORD PERIOD 1877 TO 2017


WEATHER ITEM   OBSERVED TIME   RECORD YEAR NORMAL DEPARTURE LAST
                VALUE   (LST)  VALUE       VALUE  FROM      YEAR
                                                  NORMAL
..................................................................
TEMPERATURE (F)
 YESTERDAY
  MAXIMUM         76   1235 PM  93    1984  80     -4       89
                                      1979
                                      1898
  MINIMUM         45    517 AM  17    1965  39      6       40
  AVERAGE         61                        59      2       65

PRECIPITATION (IN)
  YESTERDAY        0.00          0.23 1940   0.02  -0.02     0.00
  MONTH TO DATE    0.04                      0.22  -0.18     0.24
  SINCE OCT 1     11.50                      8.06   3.44     9.10
  SINCE JAN 1      6.96                      5.58   1.38     4.82

SNOWFALL (IN)
  YESTERDAY        0.0           0.0  1877   0.0    0.0      0.0
  MONTH TO DATE    0.0                       0.0    0.0      0.0
  SINCE SEP 1      0.0                       0.0    0.0      0.0
  SINCE JUL 1      0.0                       0.0    0.0      0.0
  SNOW DEPTH       0

DEGREE DAYS
 HEATING
  YESTERDAY        4                         6     -2        0
  MONTH TO DATE   46                        71    -25      109
  SINCE SEP 1     46                        71    -25      109
  SINCE JUL 1     46                       101    -55      129

 COOLING
  YESTERDAY        0                         1     -1        0
  MONTH TO DATE  120                        28     92        3
  SINCE SEP 1    120                        28     92        3
  SINCE JAN 1    927                       538    389      568
..................................................................


WIND (MPH)
  HIGHEST WIND SPEED    32   HIGHEST WIND DIRECTION    SW (240)
  HIGHEST GUST SPEED    38   HIGHEST GUST DIRECTION    SW (240)
  AVERAGE WIND SPEED    13.4



WEATHER CONDITIONS
 THE FOLLOWING WEATHER WAS RECORDED YESTERDAY.
  NO SIGNIFICANT WEATHER WAS OBSERVED.


RELATIVE HUMIDITY (PERCENT)
 HIGHEST    50          1100 PM
 LOWEST     15          1000 AM
 AVERAGE    33

..........................................................


THE WINNEMUCCA AIRPORT NV CLIMATE NORMALS FOR TODAY
                         NORMAL    RECORD    YEAR
 MAXIMUM TEMPERATURE (F)   80        97      1939
 MINIMUM TEMPERATURE (F)   38        18      1971


SUNRISE AND SUNSET
SEPTEMBER 19 2017.....SUNRISE   636 AM PDT   SUNSET   653 PM PDT
SEPTEMBER 20 2017.....SUNRISE   637 AM PDT   SUNSET   651 PM PDT


-  INDICATES NEGATIVE NUMBERS.
R  INDICATES RECORD WAS SET OR TIED.
MM INDICATES DATA IS MISSING.
T  INDICATES TRACE AMOUNT.




$$
