000
CDUS45 KLKN 200934
CLIWMC


CLIMATE REPORT
NATIONAL WEATHER SERVICE ELKO NV
230 AM PDT THU JUL 20 2017


...................................

...THE WINNEMUCCA AIRPORT NV CLIMATE SUMMARY FOR JULY 19 2017...

CLIMATE NORMAL PERIOD 1981 TO 2010
CLIMATE RECORD PERIOD 1877 TO 2017


WEATHER ITEM   OBSERVED TIME   RECORD YEAR NORMAL DEPARTURE LAST
                VALUE   (LST)  VALUE       VALUE  FROM      YEAR
                                                  NORMAL
..................................................................
TEMPERATURE (F)
 YESTERDAY
  MAXIMUM         94    400 PM 105    1989  94      0       92
  MINIMUM         50    700 AM  33    1987  53     -3       41
  AVERAGE         72                        73     -1       67

PRECIPITATION (IN)
  YESTERDAY        0.00          0.15 1965   0.01  -0.01     0.00
  MONTH TO DATE    0.01                      0.15  -0.14      T
  SINCE OCT 1     11.01                      7.56   3.45     8.86
  SINCE JAN 1      6.47                      5.08   1.39     4.58

SNOWFALL (IN)
  YESTERDAY        0.0           0.0  1877   0.0    0.0      0.0
  MONTH TO DATE    0.0                       0.0    0.0      0.0
  SINCE JUN 1      0.0                       T      0.0      0.0
  SINCE JUL 1      0.0                       0.0    0.0      0.0
  SNOW DEPTH       0

DEGREE DAYS
 HEATING
  YESTERDAY        0                         0      0        0
  MONTH TO DATE    0                         6     -6       17
  SINCE JUN 1     73                       111    -38       71
  SINCE JUL 1      0                         6     -6       17

 COOLING
  YESTERDAY        7                         9     -2        2
  MONTH TO DATE  226                       139     87      108
  SINCE JUN 1    366                       218    148      241
  SINCE JAN 1    373                       229    144      241
..................................................................


WIND (MPH)
  HIGHEST WIND SPEED    16   HIGHEST WIND DIRECTION    SW (240)
  HIGHEST GUST SPEED    24   HIGHEST GUST DIRECTION    SW (240)
  AVERAGE WIND SPEED     7.8



WEATHER CONDITIONS
 THE FOLLOWING WEATHER WAS RECORDED YESTERDAY.
  HAZE


RELATIVE HUMIDITY (PERCENT)
 HIGHEST    39           500 AM
 LOWEST      4           100 PM
 AVERAGE    22

..........................................................


THE WINNEMUCCA AIRPORT NV CLIMATE NORMALS FOR TODAY
                         NORMAL    RECORD    YEAR
 MAXIMUM TEMPERATURE (F)   95       108      1931
 MINIMUM TEMPERATURE (F)   53        37      1996


SUNRISE AND SUNSET
JULY 20 2017..........SUNRISE   537 AM PDT   SUNSET   818 PM PDT
JULY 21 2017..........SUNRISE   538 AM PDT   SUNSET   817 PM PDT


-  INDICATES NEGATIVE NUMBERS.
R  INDICATES RECORD WAS SET OR TIED.
MM INDICATES DATA IS MISSING.
T  INDICATES TRACE AMOUNT.




$$
