000
CDUS41 KALY 230628
CLIWRK


CLIMATE REPORT
NATIONAL WEATHER SERVICE ALBANY NY
227 AM EDT SAT AUG 23 2014


...................................

...THE POUGHKEEPSIE NY CLIMATE SUMMARY FOR AUGUST 22 2014...

CLIMATE NORMAL PERIOD 1981 TO 2010
CLIMATE RECORD PERIOD 1949 TO 2014


WEATHER ITEM   OBSERVED TIME   RECORD YEAR NORMAL DEPARTURE LAST
                VALUE   (LST)  VALUE       VALUE  FROM      YEAR
                                                  NORMAL
..................................................................
TEMPERATURE (F)
 YESTERDAY
  MAXIMUM         74    239 PM  90    2003  82     -8       83
  MINIMUM         66   1159 PM  41    1982  59      7       65
  AVERAGE         70                        70      0       74

PRECIPITATION (IN)
  YESTERDAY        0.00          3.70 2010   0.13  -0.13      T
  MONTH TO DATE    2.82                      3.14  -0.32     5.87
  SINCE JUN 1     10.08                     12.22  -2.14    18.83
  SINCE JAN 1     24.11                     29.72  -5.61    29.48

DEGREE DAYS
 HEATING
  YESTERDAY        0                         0      0        0
  MONTH TO DATE    3                         0      3        3
  SINCE JUN 1     10                        54    -44       34
  SINCE JUL 1      3                         5     -2        3

 COOLING
  YESTERDAY        5                         6     -1        9
  MONTH TO DATE  112                       156    -44      105
  SINCE JUN 1    515                       523     -8      642
  SINCE JAN 1    548                       559    -11      695
..................................................................


WIND (MPH)
  HIGHEST WIND SPEED    10   HIGHEST WIND DIRECTION    SE (130)
  HIGHEST GUST SPEED    14   HIGHEST GUST DIRECTION    SE (140)
  AVERAGE WIND SPEED     2.9


SKY COVER
  AVERAGE SKY COVER 0.9



RELATIVE HUMIDITY (PERCENT)
 HIGHEST    93           600 AM
 LOWEST     64           300 PM
 AVERAGE    79

..........................................................


THE POUGHKEEPSIE NY CLIMATE NORMALS FOR TODAY
                         NORMAL    RECORD    YEAR
 MAXIMUM TEMPERATURE (F)   82        89      1966
 MINIMUM TEMPERATURE (F)   59        43      1988


SUNRISE AND SUNSET
AUGUST 23 2014........SUNRISE   612 AM EDT   SUNSET   743 PM EDT
AUGUST 24 2014........SUNRISE   613 AM EDT   SUNSET   742 PM EDT


-  INDICATES NEGATIVE NUMBERS.
R  INDICATES RECORD WAS SET OR TIED.
MM INDICATES DATA IS MISSING.
T  INDICATES TRACE AMOUNT.




$$
