000
CDUS45 KRIW 250808
CLIWRL


CLIMATE REPORT
NATIONAL WEATHER SERVICE RIVERTON WY
207 AM MDT TUE APR 25 2017


...................................

...THE WORLAND WY CLIMATE SUMMARY FOR APRIL 24 2017...

CLIMATE NORMAL PERIOD 1981 TO 2010
CLIMATE RECORD PERIOD 1947 TO 2017


WEATHER ITEM   OBSERVED TIME   RECORD YEAR NORMAL DEPARTURE LAST
                VALUE   (LST)  VALUE       VALUE  FROM      YEAR
                                                  NORMAL
..................................................................
TEMPERATURE (F)
 YESTERDAY
  MAXIMUM         62    216 PM  85    1974  63     -1       50
  MINIMUM         38    317 AM  22    2011  34      4       45
                                      2008
  AVERAGE         50                        48      2       48

PRECIPITATION (IN)
  YESTERDAY        0.25          0.47 2008   0.04   0.21     0.08
  MONTH TO DATE    2.28                      0.61   1.67     1.04
  SINCE MAR 1      3.26                      1.07   2.19     2.01
  SINCE JAN 1      3.66                      1.49   2.17     2.04

DEGREE DAYS
 HEATING
  YESTERDAY       15                        17     -2       17
  MONTH TO DATE  433                       486    -53      366
  SINCE MAR 1   1103                      1371   -268     1159
  SINCE JUL 1   6978                      7372   -394     6544

 COOLING
  YESTERDAY        0                         0      0        0
  MONTH TO DATE    0                         0      0        0
  SINCE MAR 1      0                         0      0        0
  SINCE JAN 1      0                         0      0        0
..................................................................


WIND (MPH)
  HIGHEST WIND SPEED    22   HIGHEST WIND DIRECTION    NW (320)
  HIGHEST GUST SPEED    31   HIGHEST GUST DIRECTION     N (340)
  AVERAGE WIND SPEED     7.8


SKY COVER
  POSSIBLE SUNSHINE  MM
  AVERAGE SKY COVER 0.4


WEATHER CONDITIONS
 THE FOLLOWING WEATHER WAS RECORDED YESTERDAY.
  THUNDERSTORM
  RAIN
  LIGHT RAIN
  FOG


RELATIVE HUMIDITY (PERCENT)
 HIGHEST    92           100 AM
 LOWEST     36           100 PM
 AVERAGE    64

..........................................................


THE WORLAND WY CLIMATE NORMALS FOR TODAY
                         NORMAL    RECORD    YEAR
 MAXIMUM TEMPERATURE (F)   63        86      1987
 MINIMUM TEMPERATURE (F)   34        11      2008


SUNRISE AND SUNSET
APRIL 25 2017.........SUNRISE   612 AM MDT   SUNSET   808 PM MDT
APRIL 26 2017.........SUNRISE   610 AM MDT   SUNSET   809 PM MDT


-  INDICATES NEGATIVE NUMBERS.
R  INDICATES RECORD WAS SET OR TIED.
MM INDICATES DATA IS MISSING.
T  INDICATES TRACE AMOUNT.




$$
