000
CDUS45 KRIW 300744
CLIWRL


CLIMATE REPORT
NATIONAL WEATHER SERVICE RIVERTON WY
135 AM MDT WED JUL 30 2014


...................................

...THE WORLAND WY CLIMATE SUMMARY FOR JULY 29 2014...

CLIMATE NORMAL PERIOD 1981 TO 2010
CLIMATE RECORD PERIOD 1947 TO 2014


WEATHER ITEM   OBSERVED TIME   RECORD YEAR NORMAL DEPARTURE LAST
                VALUE   (LST)  VALUE       VALUE  FROM      YEAR
                                                  NORMAL
..................................................................
TEMPERATURE (F)
 YESTERDAY
  MAXIMUM         75    801 AM 105    2006  90    -15       82
  MINIMUM         58   1155 PM  49    2009  56      2       53
  AVERAGE         67                        73     -6       68

PRECIPITATION (IN)
  YESTERDAY        0.17          0.33 1973   0.02   0.15      T
  MONTH TO DATE    0.25                      0.66  -0.41     0.20
  SINCE JUN 1      1.87                      1.81   0.06     0.29
  SINCE JAN 1      4.08                      4.97  -0.89     2.98

DEGREE DAYS
 HEATING
  YESTERDAY        0                         0      0        0
  MONTH TO DATE    1                        10     -9        0
  SINCE JUN 1     91                       103    -12       45
  SINCE JUL 1      1                        10     -9        0

 COOLING
  YESTERDAY        2                         8     -6        3
  MONTH TO DATE  269                       212     57      322
  SINCE JUN 1    298                       296      2      455
  SINCE JAN 1    328                       308     20      472
..................................................................


WIND (MPH)
  HIGHEST WIND SPEED    24   HIGHEST WIND DIRECTION    SE (140)
  HIGHEST GUST SPEED    30   HIGHEST GUST DIRECTION     S (160)
  AVERAGE WIND SPEED     7.8


SKY COVER
  POSSIBLE SUNSHINE  MM
  AVERAGE SKY COVER 0.4


WEATHER CONDITIONS
 THE FOLLOWING WEATHER WAS RECORDED YESTERDAY.
  RAIN
  LIGHT RAIN
  FOG


RELATIVE HUMIDITY (PERCENT)
 HIGHEST    93          1200 PM
 LOWEST     43           800 AM
 AVERAGE    68

..........................................................


THE WORLAND WY CLIMATE NORMALS FOR TODAY
                         NORMAL    RECORD    YEAR
 MAXIMUM TEMPERATURE (F)   90       102      1988
 MINIMUM TEMPERATURE (F)   56        41      2009


SUNRISE AND SUNSET
JULY 30 2014..........SUNRISE   558 AM MDT   SUNSET   838 PM MDT
JULY 31 2014..........SUNRISE   559 AM MDT   SUNSET   837 PM MDT


-  INDICATES NEGATIVE NUMBERS.
R  INDICATES RECORD WAS SET OR TIED.
MM INDICATES DATA IS MISSING.
T  INDICATES TRACE AMOUNT.




$$
