000
CDUS45 KRIW 260738
CLIWRL


CLIMATE REPORT
NATIONAL WEATHER SERVICE RIVERTON WY
138 AM MDT THU MAY 26 2016


...................................

...THE WORLAND WY CLIMATE SUMMARY FOR MAY 25 2016...

CLIMATE NORMAL PERIOD 1981 TO 2010
CLIMATE RECORD PERIOD 1947 TO 2016


WEATHER ITEM   OBSERVED TIME   RECORD YEAR NORMAL DEPARTURE LAST
                VALUE   (LST)  VALUE       VALUE  FROM      YEAR
                                                  NORMAL
..................................................................
TEMPERATURE (F)
 YESTERDAY
  MAXIMUM         63    310 PM  89    2003  73    -10       67
  MINIMUM         44   1154 PM  34    2012  44      0       49
                                      1975
  AVERAGE         54                        58     -4       58

PRECIPITATION (IN)
  YESTERDAY        0.07          0.60 1962   0.05   0.02     0.06
  MONTH TO DATE    1.36                      1.13   0.23     2.82
  SINCE MAR 1      3.67                      2.45   1.22     3.17
  SINCE JAN 1      3.70                      2.87   0.83     3.94

DEGREE DAYS
 HEATING
  YESTERDAY       11                         7      4        7
  MONTH TO DATE  273                       269      4      315
  SINCE MAR 1   1566                      1735   -169     1580
  SINCE JUL 1   6951                      7736   -785     7489

 COOLING
  YESTERDAY        0                         0      0        0
  MONTH TO DATE    2                         0      2        0
  SINCE MAR 1      2                         1      1        0
  SINCE JAN 1      2                         1      1        0
..................................................................


WIND (MPH)
  HIGHEST WIND SPEED    18   HIGHEST WIND DIRECTION     N (350)
  HIGHEST GUST SPEED    25   HIGHEST GUST DIRECTION     N (340)
  AVERAGE WIND SPEED     6.1


SKY COVER
  POSSIBLE SUNSHINE  MM
  AVERAGE SKY COVER 0.7


WEATHER CONDITIONS
 THE FOLLOWING WEATHER WAS RECORDED YESTERDAY.
  THUNDERSTORM
  LIGHT RAIN
  FOG


RELATIVE HUMIDITY (PERCENT)
 HIGHEST    93          1200 AM
 LOWEST     48          1200 PM
 AVERAGE    71

..........................................................


THE WORLAND WY CLIMATE NORMALS FOR TODAY
                         NORMAL    RECORD    YEAR
 MAXIMUM TEMPERATURE (F)   73        93      1969
 MINIMUM TEMPERATURE (F)   44        32      1975


SUNRISE AND SUNSET
MAY 26 2016...........SUNRISE   535 AM MDT   SUNSET   843 PM MDT
MAY 27 2016...........SUNRISE   535 AM MDT   SUNSET   844 PM MDT


-  INDICATES NEGATIVE NUMBERS.
R  INDICATES RECORD WAS SET OR TIED.
MM INDICATES DATA IS MISSING.
T  INDICATES TRACE AMOUNT.




$$
