000
CDUS45 KRIW 310734
CLIWRL


CLIMATE REPORT
NATIONAL WEATHER SERVICE RIVERTON WY
134 AM MDT MON AUG 31 2015


...................................

...THE WORLAND WY CLIMATE SUMMARY FOR AUGUST 30 2015...

CLIMATE NORMAL PERIOD 1981 TO 2010
CLIMATE RECORD PERIOD 1947 TO 2015


WEATHER ITEM   OBSERVED TIME   RECORD YEAR NORMAL DEPARTURE LAST
                VALUE   (LST)  VALUE       VALUE  FROM      YEAR
                                                  NORMAL
..................................................................
TEMPERATURE (F)
 YESTERDAY
  MAXIMUM         95   1259 PM  99    1999  83     12       82
  MINIMUM         60    606 AM  34    1964  49     11       53
  AVERAGE         78                        66     12       68

PRECIPITATION (IN)
  YESTERDAY        0.02          0.41 1971   0.01   0.01     0.02
  MONTH TO DATE    0.47                      0.41   0.06     1.51
  SINCE JUN 1      1.94                      2.27  -0.33     3.38
  SINCE JAN 1      6.12                      5.43   0.69     5.59

DEGREE DAYS
 HEATING
  YESTERDAY        0                         2     -2        0
  MONTH TO DATE   30                        18     12       29
  SINCE JUN 1     41                       124    -83      120
  SINCE JUL 1     37                        31      6       30

 COOLING
  YESTERDAY       13                         3     10        3
  MONTH TO DATE  194                       178     16      171
  SINCE JUN 1    571                       491     80      479
  SINCE JAN 1    573                       503     70      509
..................................................................


WIND (MPH)
  HIGHEST WIND SPEED    21   HIGHEST WIND DIRECTION     S (200)
  HIGHEST GUST SPEED    32   HIGHEST GUST DIRECTION    SW (220)
  AVERAGE WIND SPEED     6.5


SKY COVER
  POSSIBLE SUNSHINE  MM
  AVERAGE SKY COVER 0.0


WEATHER CONDITIONS
 THE FOLLOWING WEATHER WAS RECORDED YESTERDAY.
  THUNDERSTORM


RELATIVE HUMIDITY (PERCENT)
 HIGHEST    64           600 AM
 LOWEST     14           100 PM
 AVERAGE    39

..........................................................


THE WORLAND WY CLIMATE NORMALS FOR TODAY
                         NORMAL    RECORD    YEAR
 MAXIMUM TEMPERATURE (F)   83       100      1991
 MINIMUM TEMPERATURE (F)   49        36      1993


SUNRISE AND SUNSET
AUGUST 31 2015........SUNRISE   634 AM MDT   SUNSET   750 PM MDT
SEPTEMBER  1 2015.....SUNRISE   635 AM MDT   SUNSET   748 PM MDT


-  INDICATES NEGATIVE NUMBERS.
R  INDICATES RECORD WAS SET OR TIED.
MM INDICATES DATA IS MISSING.
T  INDICATES TRACE AMOUNT.




$$
