000
CDUS45 KRIW 240039
CLIWRL


CLIMATE REPORT
NATIONAL WEATHER SERVICE RIVERTON WY
538 PM MST SUN NOV 23 2014


...................................

...THE WORLAND WY CLIMATE SUMMARY FOR NOVEMBER 23 2014...
VALID TODAY AS OF 0500 PM LOCAL TIME.

CLIMATE NORMAL PERIOD 1981 TO 2010
CLIMATE RECORD PERIOD 1947 TO 2014


WEATHER ITEM   OBSERVED TIME   RECORD YEAR NORMAL DEPARTURE LAST
                VALUE   (LST)  VALUE       VALUE  FROM      YEAR
                                                  NORMAL
..................................................................
TEMPERATURE (F)
 TODAY
  MAXIMUM         39        MM  63    1988  39      0       23
  MINIMUM         16        MM -26    1985  13      3       -8
  AVERAGE         28                        26      2        8

PRECIPITATION (IN)
  TODAY            0.00          0.29 2002   0.02  -0.02     0.00
  MONTH TO DATE    0.37                      0.29   0.08     0.12
  SINCE SEP 1      1.77                      1.83  -0.06     4.53
  SINCE JAN 1      7.36                      7.28   0.08     7.74

DEGREE DAYS
 HEATING
  TODAY           37                        39     -2       57
  MONTH TO DATE  985                       743    242      750
  SINCE SEP 1   1597                      1569     28     1583
  SINCE JUL 1   1631                      1605     26     1583

 COOLING
  TODAY            0                         0      0        0
  MONTH TO DATE    0                         0      0        0
  SINCE SEP 1     34                        29      5       91
  SINCE JAN 1    543                       535      8      852
..................................................................


WIND (MPH)
  HIGHEST WIND SPEED     8   HIGHEST WIND DIRECTION    SW (210)
  HIGHEST GUST SPEED    MM   HIGHEST GUST DIRECTION    MM
  AVERAGE WIND SPEED     4.3


SKY COVER
  POSSIBLE SUNSHINE  MM
  AVERAGE SKY COVER 0.5


WEATHER CONDITIONS
 THE FOLLOWING WEATHER WAS RECORDED TODAY.
  FOG


RELATIVE HUMIDITY (PERCENT)
 HIGHEST    92           300 AM
 LOWEST     48           300 PM
 AVERAGE    70

..........................................................


THE WORLAND WY CLIMATE NORMALS FOR TOMORROW
                         NORMAL    RECORD    YEAR
 MAXIMUM TEMPERATURE (F)   39        63      1990
 MINIMUM TEMPERATURE (F)   13       -16      2010


SUNRISE AND SUNSET
NOVEMBER 23 2014......SUNRISE   717 AM MST   SUNSET   439 PM MST
NOVEMBER 24 2014......SUNRISE   718 AM MST   SUNSET   438 PM MST


-  INDICATES NEGATIVE NUMBERS.
R  INDICATES RECORD WAS SET OR TIED.
MM INDICATES DATA IS MISSING.
T  INDICATES TRACE AMOUNT.




$$
