000
CDUS45 KRIW 240748
CLIWRL


CLIMATE REPORT
NATIONAL WEATHER SERVICE RIVERTON WY
129 AM MDT FRI MAR 24 2017


...................................

...THE WORLAND WY CLIMATE SUMMARY FOR MARCH 23 2017...

CLIMATE NORMAL PERIOD 1981 TO 2010
CLIMATE RECORD PERIOD 1947 TO 2017


WEATHER ITEM   OBSERVED TIME   RECORD YEAR NORMAL DEPARTURE LAST
                VALUE   (LST)  VALUE       VALUE  FROM      YEAR
                                                  NORMAL
..................................................................
TEMPERATURE (F)
 YESTERDAY
  MAXIMUM         51    232 AM  78    2012  53     -2       50
  MINIMUM         34   1153 PM  -1    1965  25      9       29
  AVERAGE         43                        39      4       40

PRECIPITATION (IN)
  YESTERDAY        0.49R         0.20 1994   0.01   0.48     0.00
  MONTH TO DATE    0.65                      0.32   0.33     0.13
  SINCE MAR 1      0.65                      0.32   0.33     0.13
  SINCE JAN 1      1.05                      0.74   0.31     0.16

DEGREE DAYS
 HEATING
  YESTERDAY       22                        26     -4       25
  MONTH TO DATE  514                       688   -174      581
  SINCE MAR 1    514                       688   -174      581
  SINCE JUL 1   6389                      6689   -300     5966

 COOLING
  YESTERDAY        0                         0      0        0
  MONTH TO DATE    0                         0      0        0
  SINCE MAR 1      0                         0      0        0
  SINCE JAN 1      0                         0      0        0
..................................................................


WIND (MPH)
  HIGHEST WIND SPEED    26   HIGHEST WIND DIRECTION    NW (330)
  HIGHEST GUST SPEED    31   HIGHEST GUST DIRECTION    NW (330)
  AVERAGE WIND SPEED     9.6


SKY COVER
  POSSIBLE SUNSHINE  MM
  AVERAGE SKY COVER 0.9


WEATHER CONDITIONS
 THE FOLLOWING WEATHER WAS RECORDED YESTERDAY.
  RAIN
  LIGHT RAIN
  FOG


RELATIVE HUMIDITY (PERCENT)
 HIGHEST   100          1000 AM
 LOWEST     59          1200 AM
 AVERAGE    80

..........................................................


THE WORLAND WY CLIMATE NORMALS FOR TODAY
                         NORMAL    RECORD    YEAR
 MAXIMUM TEMPERATURE (F)   54        76      1993
 MINIMUM TEMPERATURE (F)   25        -6      1965


SUNRISE AND SUNSET
MARCH 24 2017.........SUNRISE   707 AM MDT   SUNSET   730 PM MDT
MARCH 25 2017.........SUNRISE   705 AM MDT   SUNSET   731 PM MDT


-  INDICATES NEGATIVE NUMBERS.
R  INDICATES RECORD WAS SET OR TIED.
MM INDICATES DATA IS MISSING.
T  INDICATES TRACE AMOUNT.




$$
