000
CDUS45 KRIW 250033
CLIWRL


CLIMATE REPORT
NATIONAL WEATHER SERVICE RIVERTON WY
533 PM MST FRI FEB 24 2017


...................................

...THE WORLAND WY CLIMATE SUMMARY FOR FEBRUARY 24 2017...
VALID TODAY AS OF 0500 PM LOCAL TIME.

CLIMATE NORMAL PERIOD 1981 TO 2010
CLIMATE RECORD PERIOD 1947 TO 2017


WEATHER ITEM   OBSERVED TIME   RECORD YEAR NORMAL DEPARTURE LAST
                VALUE   (LST)  VALUE       VALUE  FROM      YEAR
                                                  NORMAL
..................................................................
TEMPERATURE (F)
 TODAY
  MAXIMUM         31        MM  68    1981  42    -11       44
  MINIMUM         16        MM -30    2003  14      2       14
  AVERAGE         24                        28     -4       29

PRECIPITATION (IN)
  TODAY            0.01          0.03 1989   0.01   0.00     0.00
  MONTH TO DATE    0.20                      0.16   0.04      T
  SINCE DEC 1      0.59                      0.62  -0.03     0.31
  SINCE JAN 1      0.40                      0.39   0.01     0.03

DEGREE DAYS
 HEATING
  TODAY           41                        37      4       36
  MONTH TO DATE  942                      1010    -68      776
  SINCE DEC 1   4176                      3966    210     3671
  SINCE JUL 1   5715                      5858   -143     5255

 COOLING
  TODAY            0                         0      0        0
  MONTH TO DATE    0                         0      0        0
  SINCE DEC 1      0                         0      0        0
  SINCE JAN 1      0                         0      0        0
..................................................................


WIND (MPH)
  HIGHEST WIND SPEED     8   HIGHEST WIND DIRECTION    SW (230)
  HIGHEST GUST SPEED    MM   HIGHEST GUST DIRECTION    MM
  AVERAGE WIND SPEED     4.0


SKY COVER
  POSSIBLE SUNSHINE  MM
  AVERAGE SKY COVER 0.8


WEATHER CONDITIONS
 THE FOLLOWING WEATHER WAS RECORDED TODAY.
  LIGHT SNOW
  FOG


RELATIVE HUMIDITY (PERCENT)
 HIGHEST   100           100 AM
 LOWEST     63           400 PM
 AVERAGE    82

..........................................................


THE WORLAND WY CLIMATE NORMALS FOR TOMORROW
                         NORMAL    RECORD    YEAR
 MAXIMUM TEMPERATURE (F)   42        64      1999
 MINIMUM TEMPERATURE (F)   15       -25      2003


SUNRISE AND SUNSET
FEBRUARY 24 2017......SUNRISE   656 AM MST   SUNSET   554 PM MST
FEBRUARY 25 2017......SUNRISE   655 AM MST   SUNSET   555 PM MST


-  INDICATES NEGATIVE NUMBERS.
R  INDICATES RECORD WAS SET OR TIED.
MM INDICATES DATA IS MISSING.
T  INDICATES TRACE AMOUNT.




$$
