000
CDUS45 KRIW 290730
CLIWRL


CLIMATE REPORT
NATIONAL WEATHER SERVICE RIVERTON WY
128 AM MDT THU JUN 29 2017


...................................

...THE WORLAND WY CLIMATE SUMMARY FOR JUNE 28 2017...

CLIMATE NORMAL PERIOD 1981 TO 2010
CLIMATE RECORD PERIOD 1947 TO 2017


WEATHER ITEM   OBSERVED TIME   RECORD YEAR NORMAL DEPARTURE LAST
                VALUE   (LST)  VALUE       VALUE  FROM      YEAR
                                                  NORMAL
..................................................................
TEMPERATURE (F)
 YESTERDAY
  MAXIMUM         82    110 PM 103    1966  85     -3       96
  MINIMUM         47    416 AM  42    1965  52     -5       52
  AVERAGE         65                        69     -4       74

PRECIPITATION (IN)
  YESTERDAY        0.08          0.33 1969   0.02   0.06      T
  MONTH TO DATE    0.33                      1.10  -0.77     0.26
  SINCE JUN 1      0.33                      1.10  -0.77     0.26
  SINCE JAN 1      5.13                      4.26   0.87     4.02

DEGREE DAYS
 HEATING
  YESTERDAY        0                         1     -1        0
  MONTH TO DATE   32                        90    -58        6
  SINCE JUN 1     32                        90    -58        6
  SINCE JUL 1   7441                      7866   -425     6997

 COOLING
  YESTERDAY        0                         5     -5        9
  MONTH TO DATE   90                        73     17      177
  SINCE JUN 1     90                        73     17      177
  SINCE JAN 1     90                        85      5      179
..................................................................


WIND (MPH)
  HIGHEST WIND SPEED    32   HIGHEST WIND DIRECTION     W (260)
  HIGHEST GUST SPEED    42   HIGHEST GUST DIRECTION     W (260)
  AVERAGE WIND SPEED     7.4


SKY COVER
  POSSIBLE SUNSHINE  MM
  AVERAGE SKY COVER 0.3


WEATHER CONDITIONS
 THE FOLLOWING WEATHER WAS RECORDED YESTERDAY.
  THUNDERSTORM
  HEAVY RAIN
  LIGHT RAIN


RELATIVE HUMIDITY (PERCENT)
 HIGHEST    89          1100 PM
 LOWEST     26           100 PM
 AVERAGE    58

..........................................................


THE WORLAND WY CLIMATE NORMALS FOR TODAY
                         NORMAL    RECORD    YEAR
 MAXIMUM TEMPERATURE (F)   85       101      2007
                                             1984
 MINIMUM TEMPERATURE (F)   52        39      1995


SUNRISE AND SUNSET
JUNE 29 2017..........SUNRISE   532 AM MDT   SUNSET   859 PM MDT
JUNE 30 2017..........SUNRISE   533 AM MDT   SUNSET   858 PM MDT


-  INDICATES NEGATIVE NUMBERS.
R  INDICATES RECORD WAS SET OR TIED.
MM INDICATES DATA IS MISSING.
T  INDICATES TRACE AMOUNT.




$$
