000
CDUS45 KRIW 090734
CLIWRL


CLIMATE REPORT
NATIONAL WEATHER SERVICE RIVERTON WY
1228 AM MST TUE FEB 9 2016


...................................

...THE WORLAND WY CLIMATE SUMMARY FOR FEBRUARY 8 2016...

CLIMATE NORMAL PERIOD 1981 TO 2010
CLIMATE RECORD PERIOD 1947 TO 2016


WEATHER ITEM   OBSERVED TIME   RECORD YEAR NORMAL DEPARTURE LAST
                VALUE   (LST)  VALUE       VALUE  FROM      YEAR
                                                  NORMAL
..................................................................
TEMPERATURE (F)
 YESTERDAY
  MAXIMUM         44    334 PM  57    2006  35      9       47
  MINIMUM         15    619 AM -20    2001   8      7       23
  AVERAGE         30                        21      9       35

PRECIPITATION (IN)
  YESTERDAY        0.00          0.30 1962   0.01  -0.01     0.00
  MONTH TO DATE    T                         0.05  -0.05     0.08
  SINCE DEC 1      0.31                      0.51  -0.20     1.01
  SINCE JAN 1      0.03                      0.28  -0.25     0.31

DEGREE DAYS
 HEATING
  YESTERDAY       35                        44     -9       30
  MONTH TO DATE  332                       360    -28      295
  SINCE DEC 1   3227                      3316    -89     3294
  SINCE JUL 1   4811                      5208   -397     5210

 COOLING
  YESTERDAY        0                         0      0        0
  MONTH TO DATE    0                         0      0        0
  SINCE DEC 1      0                         0      0        0
  SINCE JAN 1      0                         0      0        0
..................................................................


WIND (MPH)
  HIGHEST WIND SPEED     9   HIGHEST WIND DIRECTION     S (170)
  HIGHEST GUST SPEED    10   HIGHEST GUST DIRECTION     S (170)
  AVERAGE WIND SPEED     2.3


SKY COVER
  POSSIBLE SUNSHINE  MM
  AVERAGE SKY COVER 0.1


WEATHER CONDITIONS
 THE FOLLOWING WEATHER WAS RECORDED YESTERDAY.
  HAZE


RELATIVE HUMIDITY (PERCENT)
 HIGHEST    92          1100 PM
 LOWEST     36           300 PM
 AVERAGE    64

..........................................................


THE WORLAND WY CLIMATE NORMALS FOR TODAY
                         NORMAL    RECORD    YEAR
 MAXIMUM TEMPERATURE (F)   35        59      1999
 MINIMUM TEMPERATURE (F)    8       -26      2001


SUNRISE AND SUNSET
FEBRUARY  9 2016......SUNRISE   720 AM MST   SUNSET   533 PM MST
FEBRUARY 10 2016......SUNRISE   718 AM MST   SUNSET   534 PM MST


-  INDICATES NEGATIVE NUMBERS.
R  INDICATES RECORD WAS SET OR TIED.
MM INDICATES DATA IS MISSING.
T  INDICATES TRACE AMOUNT.




$$
