000
CDUS45 KRIW 030029
CLIWRL


CLIMATE REPORT
NATIONAL WEATHER SERVICE RIVERTON WY
627 PM MDT SUN AUG 2 2015


...................................

...THE WORLAND WY CLIMATE SUMMARY FOR AUGUST 2 2015...
VALID TODAY AS OF 0500 PM LOCAL TIME.

CLIMATE NORMAL PERIOD 1981 TO 2010
CLIMATE RECORD PERIOD 1947 TO 2015


WEATHER ITEM   OBSERVED TIME   RECORD YEAR NORMAL DEPARTURE LAST
                VALUE   (LST)  VALUE       VALUE  FROM      YEAR
                                                  NORMAL
..................................................................
TEMPERATURE (F)
 TODAY
  MAXIMUM         97        MM 100    2001  90      7       94
  MINIMUM         50        MM  49    2006  55     -5       61
                                      1975
  AVERAGE         74                        73      1       78

PRECIPITATION (IN)
  TODAY            0.00          0.90 1976   0.02  -0.02      T
  MONTH TO DATE    0.00                      0.04  -0.04      T
  SINCE JUN 1      1.47                      1.90  -0.43     1.87
  SINCE JAN 1      5.65                      5.06   0.59     4.08

DEGREE DAYS
 HEATING
  TODAY            0                         0      0        0
  MONTH TO DATE    0                         0      0        0
  SINCE JUN 1     11                       106    -95       91
  SINCE JUL 1      7                        13     -6        1

 COOLING
  TODAY            9                         8      1       13
  MONTH TO DATE   18                        16      2       23
  SINCE JUN 1    395                       329     66      331
  SINCE JAN 1    397                       341     56      361
..................................................................


WIND (MPH)
  HIGHEST WIND SPEED     9   HIGHEST WIND DIRECTION     S (180)
  HIGHEST GUST SPEED    MM   HIGHEST GUST DIRECTION    MM
  AVERAGE WIND SPEED     4.8


SKY COVER
  POSSIBLE SUNSHINE  MM
  AVERAGE SKY COVER 0.0


WEATHER CONDITIONS
 THE FOLLOWING WEATHER WAS RECORDED TODAY.
  NO SIGNIFICANT WEATHER WAS OBSERVED.


RELATIVE HUMIDITY (PERCENT)
 HIGHEST    54           600 AM
 LOWEST      8           400 PM
 AVERAGE    31

..........................................................


THE WORLAND WY CLIMATE NORMALS FOR TOMORROW
                         NORMAL    RECORD    YEAR
 MAXIMUM TEMPERATURE (F)   90       103      1961
 MINIMUM TEMPERATURE (F)   55        44      1978


SUNRISE AND SUNSET
AUGUST  2 2015........SUNRISE   601 AM MDT   SUNSET   835 PM MDT
AUGUST  3 2015........SUNRISE   602 AM MDT   SUNSET   833 PM MDT


-  INDICATES NEGATIVE NUMBERS.
R  INDICATES RECORD WAS SET OR TIED.
MM INDICATES DATA IS MISSING.
T  INDICATES TRACE AMOUNT.




$$
