000
CDUS45 KRIW 290744
CLIWRL


CLIMATE REPORT
NATIONAL WEATHER SERVICE RIVERTON WY
133 AM MDT FRI JUL 29 2016


...................................

...THE WORLAND WY CLIMATE SUMMARY FOR JULY 28 2016...

CLIMATE NORMAL PERIOD 1981 TO 2010
CLIMATE RECORD PERIOD 1947 TO 2016


WEATHER ITEM   OBSERVED TIME   RECORD YEAR NORMAL DEPARTURE LAST
                VALUE   (LST)  VALUE       VALUE  FROM      YEAR
                                                  NORMAL
..................................................................
TEMPERATURE (F)
 YESTERDAY
  MAXIMUM         86    400 PM 106    1975  90     -4       76
  MINIMUM         59    551 AM  43    2015  56      3       43
  AVERAGE         73                        73      0       60

PRECIPITATION (IN)
  YESTERDAY        0.07          0.45 1982   0.02   0.05     0.00
  MONTH TO DATE    0.15                      0.64  -0.49     0.41
  SINCE JUN 1      0.44                      1.79  -1.35     1.47
  SINCE JAN 1      4.20                      4.95  -0.75     5.65

DEGREE DAYS
 HEATING
  YESTERDAY        0                         0      0        5
  MONTH TO DATE    4                        10     -6        5
  SINCE JUN 1     10                       103    -93        9
  SINCE JUL 1      4                        10     -6        5

 COOLING
  YESTERDAY        8                         8      0        0
  MONTH TO DATE  230                       204     26      186
  SINCE JUN 1    425                       288    137      365
  SINCE JAN 1    427                       300    127      367
..................................................................


WIND (MPH)
  HIGHEST WIND SPEED    35   HIGHEST WIND DIRECTION    NW (330)
  HIGHEST GUST SPEED    46   HIGHEST GUST DIRECTION     N (340)
  AVERAGE WIND SPEED     6.5


SKY COVER
  POSSIBLE SUNSHINE  MM
  AVERAGE SKY COVER 0.1


WEATHER CONDITIONS
 THE FOLLOWING WEATHER WAS RECORDED YESTERDAY.
  THUNDERSTORM
  HEAVY RAIN
  LIGHT RAIN


RELATIVE HUMIDITY (PERCENT)
 HIGHEST    93           500 AM
 LOWEST     25           400 PM
 AVERAGE    59

..........................................................


THE WORLAND WY CLIMATE NORMALS FOR TODAY
                         NORMAL    RECORD    YEAR
 MAXIMUM TEMPERATURE (F)   90       105      2006
 MINIMUM TEMPERATURE (F)   56        42      2015


SUNRISE AND SUNSET
JULY 29 2016..........SUNRISE   557 AM MDT   SUNSET   838 PM MDT
JULY 30 2016..........SUNRISE   559 AM MDT   SUNSET   837 PM MDT


-  INDICATES NEGATIVE NUMBERS.
R  INDICATES RECORD WAS SET OR TIED.
MM INDICATES DATA IS MISSING.
T  INDICATES TRACE AMOUNT.




$$
