000
CDUS45 KRIW 230735
CLIWRL


CLIMATE REPORT
NATIONAL WEATHER SERVICE RIVERTON WY
127 AM MDT SAT AUG 23 2014


...................................

...THE WORLAND WY CLIMATE SUMMARY FOR AUGUST 22 2014...

CLIMATE NORMAL PERIOD 1981 TO 2010
CLIMATE RECORD PERIOD 1947 TO 2014


WEATHER ITEM   OBSERVED TIME   RECORD YEAR NORMAL DEPARTURE LAST
                VALUE   (LST)  VALUE       VALUE  FROM      YEAR
                                                  NORMAL
..................................................................
TEMPERATURE (F)
 YESTERDAY
  MAXIMUM         75    256 PM 100    2010  86    -11       92
                                      2003
                                      1976
  MINIMUM         51    301 AM  37    1966  52     -1       60
  AVERAGE         63                        69     -6       76

PRECIPITATION (IN)
  YESTERDAY        0.06          0.18 2008   0.01   0.05      T
  MONTH TO DATE    0.34                      0.30   0.04     0.13
  SINCE JUN 1      2.21                      2.16   0.05     0.52
  SINCE JAN 1      4.42                      5.32  -0.90     3.21

DEGREE DAYS
 HEATING
  YESTERDAY        2                         1      1        0
  MONTH TO DATE    3                         6     -3        0
  SINCE JUN 1     94                       112    -18       45
  SINCE JUL 1      4                        19    -15        0

 COOLING
  YESTERDAY        0                         5     -5       11
  MONTH TO DATE  162                       147     15      183
  SINCE JUN 1    470                       460     10      649
  SINCE JAN 1    500                       472     28      666
..................................................................


WIND (MPH)
  HIGHEST WIND SPEED    18   HIGHEST WIND DIRECTION    NW (320)
  HIGHEST GUST SPEED    22   HIGHEST GUST DIRECTION    NW (320)
  AVERAGE WIND SPEED     6.2


SKY COVER
  POSSIBLE SUNSHINE  MM
  AVERAGE SKY COVER 0.5


WEATHER CONDITIONS
 THE FOLLOWING WEATHER WAS RECORDED YESTERDAY.
  LIGHT RAIN


RELATIVE HUMIDITY (PERCENT)
 HIGHEST    80           800 AM
 LOWEST     43           300 PM
 AVERAGE    62

..........................................................


THE WORLAND WY CLIMATE NORMALS FOR TODAY
                         NORMAL    RECORD    YEAR
 MAXIMUM TEMPERATURE (F)   86       101      1969
 MINIMUM TEMPERATURE (F)   51        41      1992


SUNRISE AND SUNSET
AUGUST 23 2014........SUNRISE   625 AM MDT   SUNSET   803 PM MDT
AUGUST 24 2014........SUNRISE   626 AM MDT   SUNSET   801 PM MDT


-  INDICATES NEGATIVE NUMBERS.
R  INDICATES RECORD WAS SET OR TIED.
MM INDICATES DATA IS MISSING.
T  INDICATES TRACE AMOUNT.




$$
