000
CDUS45 KRIW 280734
CLIWRL


CLIMATE REPORT
NATIONAL WEATHER SERVICE RIVERTON WY
1234 AM MST SAT FEB 28 2015


...................................

...THE WORLAND WY CLIMATE SUMMARY FOR FEBRUARY 27 2015...

CLIMATE NORMAL PERIOD 1981 TO 2010
CLIMATE RECORD PERIOD 1947 TO 2015


WEATHER ITEM   OBSERVED TIME   RECORD YEAR NORMAL DEPARTURE LAST
                VALUE   (LST)  VALUE       VALUE  FROM      YEAR
                                                  NORMAL
..................................................................
TEMPERATURE (F)
 YESTERDAY
  MAXIMUM         27    530 PM  67    1972  43    -16       25
  MINIMUM          1    715 AM -20    1962  15    -14       -7
  AVERAGE         14                        29    -15        9

PRECIPITATION (IN)
  YESTERDAY        0.00          0.24 1995   0.01  -0.01      T
  MONTH TO DATE    0.54                      0.18   0.36     0.13
  SINCE DEC 1      1.47                      0.64   0.83     0.50
  SINCE JAN 1      0.77                      0.41   0.36     0.38

DEGREE DAYS
 HEATING
  YESTERDAY       51                        36     15       56
  MONTH TO DATE  950                      1119   -169     1422
  SINCE DEC 1   3949                      4075   -126     4475
  SINCE JUL 1   5865                      5967   -102     6331

 COOLING
  YESTERDAY        0                         0      0        0
  MONTH TO DATE    0                         0      0        0
  SINCE DEC 1      0                         0      0        0
  SINCE JAN 1      0                         0      0        0
..................................................................


WIND (MPH)
  HIGHEST WIND SPEED    12   HIGHEST WIND DIRECTION     S (160)
  HIGHEST GUST SPEED    13   HIGHEST GUST DIRECTION     S (160)
  AVERAGE WIND SPEED     3.7


SKY COVER
  POSSIBLE SUNSHINE  MM
  AVERAGE SKY COVER 0.3


WEATHER CONDITIONS
 THE FOLLOWING WEATHER WAS RECORDED YESTERDAY.
  NO SIGNIFICANT WEATHER WAS OBSERVED.


RELATIVE HUMIDITY (PERCENT)
 HIGHEST    87           700 AM
 LOWEST     50           200 PM
 AVERAGE    69

..........................................................


THE WORLAND WY CLIMATE NORMALS FOR TODAY
                         NORMAL    RECORD    YEAR
 MAXIMUM TEMPERATURE (F)   44        67      1972
 MINIMUM TEMPERATURE (F)   16       -20      1996


SUNRISE AND SUNSET
FEBRUARY 28 2015......SUNRISE   651 AM MST   SUNSET   559 PM MST
MARCH  1 2015.........SUNRISE   649 AM MST   SUNSET   600 PM MST


-  INDICATES NEGATIVE NUMBERS.
R  INDICATES RECORD WAS SET OR TIED.
MM INDICATES DATA IS MISSING.
T  INDICATES TRACE AMOUNT.




$$
