000
CDAK47 PAJK 151239
CLIYAK
CLIMATE REPORT
NATIONAL WEATHER SERVICE JUNEAU, AK
329 AM AKST FRI DEC 15 2017


...................................

...THE YAKUTAT CLIMATE SUMMARY FOR DECEMBER 14 2017...

CLIMATE NORMAL PERIOD 1981 TO 2010
CLIMATE RECORD PERIOD 1917 TO 2017


WEATHER ITEM   OBSERVED RECORD YEAR NORMAL DEPARTURE LAST
                VALUE   VALUE       VALUE  FROM      YEAR
                                           NORMAL
...........................................................
TEMPERATURE (F)
 YESTERDAY
  MAXIMUM         49R    46    2014  35     14       26
                               1982
                               1944
  MINIMUM         39     -2    1979  25     14        6
  AVERAGE         44                 30     14       16

PRECIPITATION (IN)
  YESTERDAY        1.59   2.90 1988   0.54   1.05     0.00
  MONTH TO DATE   13.65               7.40   6.25     1.82
  SINCE JAN 1    124.80             146.24 -21.44   114.41

SNOWFALL (IN)
  YESTERDAY        0.0   12.2  1999   0.7   -0.7      0.0
  MONTH TO DATE    0.3               10.4  -10.1     10.5
  SINCE JUL 1     27.1               31.1   -4.0     14.8
  SNOW DEPTH       0

DEGREE DAYS
 HEATING
  YESTERDAY       21                 35    -14       49
  MONTH TO DATE  324                490   -166      570
...........................................................


WIND (MPH)
  HIGHEST WIND SPEED    29   HIGHEST WIND DIRECTION    SE (130)
  HIGHEST GUST SPEED    41   HIGHEST GUST DIRECTION    SE (140)
  AVERAGE WIND SPEED    12.3


SKY COVER
  AVERAGE SKY COVER 1.0


WEATHER CONDITIONS
 THE FOLLOWING WEATHER WAS RECORDED YESTERDAY.
  HEAVY RAIN
  RAIN
  LIGHT RAIN
  FOG


..........................................................


THE YAKUTAT CLIMATE NORMALS FOR TODAY
                         NORMAL    RECORD    YEAR
 MAXIMUM TEMPERATURE (F)   35        48      2005
 MINIMUM TEMPERATURE (F)   25       -13      1964


SUNRISE AND SUNSET
DECEMBER 15 2017......SUNRISE   912 AM AKST  SUNSET   316 PM AKST
DECEMBER 16 2017......SUNRISE   913 AM AKST  SUNSET   316 PM AKST


-  INDICATES NEGATIVE NUMBERS.
R  INDICATES RECORD WAS SET OR TIED.
MM INDICATES DATA IS MISSING.
T  INDICATES TRACE AMOUNT.




$$
--------------------------------------------------------------

AMOUNT OF DAYLIGHT TODAY (HOUR:MIN)......... 6 HOURS 05 MINUTES
GAIN/LOSS SINCE YESTERDAY (HOUR:MIN:SEC).... -0:01:05

$$
