000
CDAK47 PAJK 231232 CCA
CLIYAK

CLIMATE REPORT...CORRECTED
NATIONAL WEATHER SERVICE JUNEAU, AK
432 AM AKDT TUE MAY 23 2017


...................................

...THE YAKUTAT CLIMATE SUMMARY FOR MAY 22 2017...

CLIMATE NORMAL PERIOD 1981 TO 2010
CLIMATE RECORD PERIOD 1917 TO 2017


WEATHER ITEM   OBSERVED RECORD YEAR NORMAL DEPARTURE LAST
                VALUE   VALUE       VALUE  FROM      YEAR
                                           NORMAL
...........................................................
TEMPERATURE (F)
 YESTERDAY
  MAXIMUM         53     70    1960  53      0       54
  MINIMUM         44     28    1992  39      5       48
                               1955
  AVERAGE         49                 46      3       51

PRECIPITATION (IN)
  YESTERDAY        0.07   2.22 1947   0.27  -0.20     0.04
  MONTH TO DATE    7.80               5.90   1.90     6.68
  SINCE JAN 1     39.69              50.65 -10.96    51.50

SNOWFALL (IN)
  YESTERDAY        0      T    1975   0.0   MM        0.0
  MONTH TO DATE    T                  0.4   -0.4      0.0
  SINCE JUL 1    115.4              143.4  -28.0      3.0
  SNOW DEPTH       0

DEGREE DAYS
 HEATING
  YESTERDAY       16                 19     -3       14
  MONTH TO DATE  450                468    -18      369
...........................................................


WIND (MPH)
  HIGHEST WIND SPEED     8   HIGHEST WIND DIRECTION     E (90)
  HIGHEST GUST SPEED    11   HIGHEST GUST DIRECTION     S (160)
  AVERAGE WIND SPEED     2.3


SKY COVER
  AVERAGE SKY COVER 1.0


WEATHER CONDITIONS
 THE FOLLOWING WEATHER WAS RECORDED YESTERDAY.
  LIGHT RAIN
  FOG
  HAZE


..........................................................


THE YAKUTAT CLIMATE NORMALS FOR TODAY
                         NORMAL    RECORD    YEAR
 MAXIMUM TEMPERATURE (F)   54        74      1969
 MINIMUM TEMPERATURE (F)   39        27      1955


SUNRISE AND SUNSET
MAY 23 2017...........SUNRISE   427 AM AKDT  SUNSET  1006 PM AKDT
MAY 24 2017...........SUNRISE   425 AM AKDT  SUNSET  1008 PM AKDT


-  INDICATES NEGATIVE NUMBERS.
R  INDICATES RECORD WAS SET OR TIED.
MM INDICATES DATA IS MISSING.
T  INDICATES TRACE AMOUNT.




$$
--------------------------------------------------------------

AMOUNT OF DAYLIGHT TODAY (HOUR:MIN)......... 17 HOURS 39 MINUTES
GAIN/LOSS SINCE YESTERDAY (HOUR:MIN:SEC).... +0:03:58

$$
