000
CDAK47 PAYA 050917
CLIYAK

CLIMATE REPORT
NATIONAL WEATHER SERVICE YAKUTAT, AK
117 AM AKDT SAT SEP 5 2015

...................................
...THE YAKUTAT AP CLIMATE SUMMARY FOR SEPTEMBER 4 2015...

CLIMATE NORMAL PERIOD  1981 TO  2010
CLIMATE RECORD PERIOD  1948 TO  2015

WEATHER ITEM   OBSERVED TIME    RECORD YEAR NORMAL DEPARTURE LAST
               VALUE    (LST)   VALUE       VALUE  FROM      YEAR
                                                   NORMAL
...................................................................
TEMPERATURE
YESTERDAY
 MAXIMUM            52  0109 AM    77  1957     58      -6     58
 MINIMUM            49  0105 PM    31  1992     43       6     51
 AVERAGE            51                          51       0     55

PRECIPITATION
(INCHES)
 YESTERDAY        0.33           6.57  1991   0.59   -0.26   0.67
 MONTH TO DATE    0.33                        2.34   -2.01   0.87
 SINCE SEP 1      0.33                        2.34   -2.01   0.87
 SINCE JAN 1     85.28                       83.64    1.64  79.67

SNOWFALL
(INCHES)
 YESTERDAY         0.0            0.0  2015    0.0     0.0    0.0
 MONTH TO DATE     0.0                         0.0     0.0    0.0
 SINCE SEP 1       0.0                         0.0     0.0    0.0
 SINCE JUL 1       0.0                         0.0     0.0    0.0
 SNOW DEPTH (IN)     0                                          0

DEGREE DAYS
 HEATING
  YESTERDAY         14                          14       0     10
  MONTH TO DATE     64                          56       8     51
  SINCE SEP 1       64                          56       8     51
  SINCE JUL 1      632                         734    -102    678

 COOLING
  YESTERDAY          0                           0       0      0
  MONTH TO DATE      0                           0       0      0
  SINCE SEP 1        0                           0       0      0
  SINCE JAN 1        0                           0       0      0
...................................................................

WIND (MPH)
 HIGHEST WIND SPEED    15     HIGHEST WIND DIRECTION     90
 HIGHEST GUST SPEED    19     HIGHEST GUST DIRECTION     90
 AVERAGE WIND SPEED   7.0

SKY COVER
  POSSIBLE SUNSHINE    MM          AVERAGE SKY COVER     MM

WEATHER CONDITIONS
 THE FOLLOWING WEATHER WAS RECORDED YESTERDAY.
  FOG
RAIN


RELATIVE HUMIDITY
 HIGHEST RH     MM PERCENT       MM
 LOWEST  RH     MM PERCENT       MM
 AVERAGE RH     MM PERCENT       MM
...................................................................

THE YAKUTAT CLIMATE NORMALS FOR TODAY
                           NORMAL    RECORD   YEAR
 MAXIMUM TEMPERATURE (F)     58        70     1957
 MINIMUM TEMPERATURE (F)     43        33     1986

SUNRISE AND SUNSET
 SEP 5 2015..........SUNRISE  6:24 AM      SUNSET  8:10 PM
 SEP 6 2015..........SUNRISE  6:27 AM      SUNSET  8:07 PM

-  INDICATES NEGATIVE NUMBERS.
R  INDICATES RECORD HAS BEEN SET OR TIED.
MM INDICATES DATA IS MISSING.
T  INDICATES TRACE OF PRECIPITATION.

&&
-------------------------------------------------------------------

AMOUNT OF DAYLIGHT TODAY  (HOUR:MIN)........13 HOURS 46 MINUTES
GAIN/LOSS SINCE YESTERDAY (HOUR:MIN:SEC)....-0:05:15

$$
*** SEP 15
