000
CDAK47 PAYA 260903
CLIYAK

CLIMATE REPORT
NATIONAL WEATHER SERVICE YAKUTAT, AK
103 AM AKDT SAT JUL 26 2014

...................................
...THE YAKUTAT AP CLIMATE SUMMARY FOR JULY 25 2014...

CLIMATE NORMAL PERIOD  1981 TO  2010
CLIMATE RECORD PERIOD  1948 TO  2014

WEATHER ITEM   OBSERVED TIME    RECORD YEAR NORMAL DEPARTURE LAST
               VALUE    (LST)   VALUE       VALUE  FROM      YEAR
                                                   NORMAL
...................................................................
TEMPERATURE
YESTERDAY
 MAXIMUM            61  0317 PM    76  1994     61       0     59
 MINIMUM            51  0519 AM    38  1957     50       1     54
 AVERAGE            56                          55       1     57

PRECIPITATION
(INCHES)
 YESTERDAY        0.09           2.92  1988   0.30   -0.21   0.43
 MONTH TO DATE    4.83                        5.92   -1.09   6.45
 SINCE JUN 1     14.93                       12.31    2.62   9.83
 SINCE JAN 1     54.04                       65.27  -11.23  68.02

SNOWFALL
(INCHES)
 YESTERDAY         0.0            0.0  2014    0.0     0.0    0.0
 MONTH TO DATE     0.0                         0.0     0.0    0.0
 SINCE JUN 1       0.0                         0.0     0.0    0.0
 SINCE JUL 1       0.0                         0.0     0.0    0.0
 SNOW DEPTH (IN)     0                                          0

DEGREE DAYS
 HEATING
  YESTERDAY          9                          10      -1      8
  MONTH TO DATE    255                         272     -17    253
  SINCE JUN 1      701                         698       3    595
  SINCE JUL 1      255                         272     -17    253

 COOLING
  YESTERDAY          0                           0       0      0
  MONTH TO DATE      0                           0       0      0
  SINCE JUN 1        0                           0       0      0
  SINCE JAN 1        0                           0       0      0
...................................................................

WIND (MPH)
 HIGHEST WIND SPEED    14     HIGHEST WIND DIRECTION    140
 HIGHEST GUST SPEED    20     HIGHEST GUST DIRECTION    150
 AVERAGE WIND SPEED   4.6

SKY COVER
  POSSIBLE SUNSHINE    MM          AVERAGE SKY COVER     MM

WEATHER CONDITIONS
 THE FOLLOWING WEATHER WAS RECORDED YESTERDAY.
  FOG
RAIN


RELATIVE HUMIDITY
 HIGHEST RH     MM PERCENT       MM
 LOWEST  RH     MM PERCENT       MM
 AVERAGE RH     MM PERCENT       MM
...................................................................

THE YAKUTAT CLIMATE NORMALS FOR TODAY
                           NORMAL    RECORD   YEAR
 MAXIMUM TEMPERATURE (F)     61        83     1970
 MINIMUM TEMPERATURE (F)     50        41     1954

SUNRISE AND SUNSET
 JUL 26 2014..........SUNRISE  4:50 AM      SUNSET 10:00 PM
 JUL 27 2014..........SUNRISE  4:52 AM      SUNSET  9:58 PM

-  INDICATES NEGATIVE NUMBERS.
R  INDICATES RECORD HAS BEEN SET OR TIED.
MM INDICATES DATA IS MISSING.
T  INDICATES TRACE OF PRECIPITATION.

&&
-------------------------------------------------------------------

AMOUNT OF DAYLIGHT TODAY  (HOUR:MIN)........17 HOURS 10 MINUTES
GAIN/LOSS SINCE YESTERDAY (HOUR:MIN:SEC)....-0:04:23

$$
DC JUL 14
