000
CDAK47 PAYA 030911
CLIYAK

CLIMATE REPORT
NATIONAL WEATHER SERVICE YAKUTAT, AK
1211 AM AKST TUE MAR 3 2015

...................................
...THE YAKUTAT AP CLIMATE SUMMARY FOR MARCH 2 2015...

CLIMATE NORMAL PERIOD  1981 TO  2010
CLIMATE RECORD PERIOD  1948 TO  2015

WEATHER ITEM   OBSERVED TIME    RECORD YEAR NORMAL DEPARTURE LAST
               VALUE    (LST)   VALUE       VALUE  FROM      YEAR
                                                   NORMAL
...................................................................
TEMPERATURE
YESTERDAY
 MAXIMUM            46  0359 PM    50  1996     38       8     41
 MINIMUM            25  0748 AM   -10  1956     23       2     11
 AVERAGE            36                          31       5     26

PRECIPITATION
(INCHES)
 YESTERDAY        0.00           2.03  1965   0.39   -0.39   0.00
 MONTH TO DATE    0.00                        0.79   -0.79   0.00
 SINCE MAR 1      0.00                        0.79   -0.79   0.00
 SINCE JAN 1     24.37                       25.31   -0.94  27.06

SNOWFALL
(INCHES)
 YESTERDAY         0.0           11.8  1989    0.9    -0.9    0.0
 MONTH TO DATE     0.0                         1.8    -1.8    0.0
 SINCE MAR 1       0.0                         1.8    -1.8    0.0
 SINCE JUL 1      12.8                       104.0   -91.2   95.4
 SNOW DEPTH (IN)     0                                         11

DEGREE DAYS
 HEATING
  YESTERDAY         29                          34      -5     39
  MONTH TO DATE     58                          68     -10     77
  SINCE MAR 1       58                          68     -10     77
  SINCE JUL 1     5490                        6197    -707   5890

 COOLING
  YESTERDAY          0                           0       0      0
  MONTH TO DATE      0                           0       0      0
  SINCE MAR 1        0                           0       0      0
  SINCE JAN 1        0                           0       0      0
...................................................................

WIND (MPH)
 HIGHEST WIND SPEED     7     HIGHEST WIND DIRECTION     80
 HIGHEST GUST SPEED     8     HIGHEST GUST DIRECTION    120
 AVERAGE WIND SPEED   1.9

SKY COVER
  POSSIBLE SUNSHINE    MM          AVERAGE SKY COVER     MM

WEATHER CONDITIONS
 THE FOLLOWING WEATHER WAS RECORDED YESTERDAY.
  NO SIGNIFICANT WEATHER WAS OBSERVED.

RELATIVE HUMIDITY
 HIGHEST RH     MM PERCENT       MM
 LOWEST  RH     MM PERCENT       MM
 AVERAGE RH     MM PERCENT       MM
...................................................................

THE YAKUTAT CLIMATE NORMALS FOR TODAY
                           NORMAL    RECORD   YEAR
 MAXIMUM TEMPERATURE (F)     38        47     1957
 MINIMUM TEMPERATURE (F)     23       -13     1956

SUNRISE AND SUNSET
 MAR 3 2015..........SUNRISE  7:11 AM      SUNSET  5:52 PM
 MAR 4 2015..........SUNRISE  7:08 AM      SUNSET  5:55 PM

-  INDICATES NEGATIVE NUMBERS.
R  INDICATES RECORD HAS BEEN SET OR TIED.
MM INDICATES DATA IS MISSING.
T  INDICATES TRACE OF PRECIPITATION.

&&
-------------------------------------------------------------------

AMOUNT OF DAYLIGHT TODAY  (HOUR:MIN)........10 HOURS 41 MINUTES
GAIN/LOSS SINCE YESTERDAY (HOUR:MIN:SEC)....+0:05:21

$$
*** MAR 15
