000
CDAK47 PAYA 100905
CLIYAK

CLIMATE REPORT
NATIONAL WEATHER SERVICE YAKUTAT, AK
105 AM AKDT THU JUL 10 2014

...................................
...THE YAKUTAT AP CLIMATE SUMMARY FOR JULY 9 2014...

CLIMATE NORMAL PERIOD  1981 TO  2010
CLIMATE RECORD PERIOD  1948 TO  2014

WEATHER ITEM   OBSERVED TIME    RECORD YEAR NORMAL DEPARTURE LAST
               VALUE    (LST)   VALUE       VALUE  FROM      YEAR
                                                   NORMAL
...................................................................
TEMPERATURE
YESTERDAY
 MAXIMUM            62  0227 PM    83  1971     60       2     54
 MINIMUM            52  0550 AM    36  1956     48       4     44
 AVERAGE            57                          54       3     49

PRECIPITATION
(INCHES)
 YESTERDAY        0.01           1.82  1984   0.21   -0.20   0.45
 MONTH TO DATE    1.40                        1.79   -0.39   5.68
 SINCE JUN 1     11.50                        8.18    3.32   9.06
 SINCE JAN 1     50.61                       61.14  -10.53  67.25

SNOWFALL
(INCHES)
 YESTERDAY         0.0            0.0  2014    0.0     0.0    0.0
 MONTH TO DATE     0.0                         0.0     0.0    0.0
 SINCE JUN 1       0.0                         0.0     0.0    0.0
 SINCE JUL 1       0.0                         0.0     0.0    0.0
 SNOW DEPTH (IN)     0                                          0

DEGREE DAYS
 HEATING
  YESTERDAY          8                          11      -3     16
  MONTH TO DATE     76                         105     -29    113
  SINCE JUN 1      522                         531      -9    455
  SINCE JUL 1       76                         105     -29    113

 COOLING
  YESTERDAY          0                           0       0      0
  MONTH TO DATE      0                           0       0      0
  SINCE JUN 1        0                           0       0      0
  SINCE JAN 1        0                           0       0      0
...................................................................

WIND (MPH)
 HIGHEST WIND SPEED     8     HIGHEST WIND DIRECTION    330
 HIGHEST GUST SPEED    12     HIGHEST GUST DIRECTION    320
 AVERAGE WIND SPEED   1.6

SKY COVER
  POSSIBLE SUNSHINE    MM          AVERAGE SKY COVER     MM

WEATHER CONDITIONS
 THE FOLLOWING WEATHER WAS RECORDED YESTERDAY.
  FOG
RAIN


RELATIVE HUMIDITY
 HIGHEST RH     MM PERCENT       MM
 LOWEST  RH     MM PERCENT       MM
 AVERAGE RH     MM PERCENT       MM
...................................................................

THE YAKUTAT CLIMATE NORMALS FOR TODAY
                           NORMAL    RECORD   YEAR
 MAXIMUM TEMPERATURE (F)     60        78     1993
 MINIMUM TEMPERATURE (F)     48        38     1956

SUNRISE AND SUNSET
 JUL 10 2014..........SUNRISE  4:19 AM      SUNSET 10:29 PM
 JUL 11 2014..........SUNRISE  4:21 AM      SUNSET 10:28 PM

-  INDICATES NEGATIVE NUMBERS.
R  INDICATES RECORD HAS BEEN SET OR TIED.
MM INDICATES DATA IS MISSING.
T  INDICATES TRACE OF PRECIPITATION.

&&
-------------------------------------------------------------------

AMOUNT OF DAYLIGHT TODAY  (HOUR:MIN)........18 HOURS 10 MINUTES
GAIN/LOSS SINCE YESTERDAY (HOUR:MIN:SEC)....-0:02:57

$$
DC JUL 14
