000
CDUS46 KPDT 270829
CLIYKM

CLIMATE REPORT
NATIONAL WEATHER SERVICE PENDLETON OR
126 AM PDT WED AUG 27 2014


...................................

...THE YAKIMA WA CLIMATE SUMMARY FOR AUGUST 26 2014...

CLIMATE NORMAL PERIOD 1981 TO 2010
CLIMATE RECORD PERIOD 1946 TO 2014


WEATHER ITEM   OBSERVED TIME   RECORD YEAR NORMAL DEPARTURE LAST
                VALUE   (LST)  VALUE       VALUE  FROM      YEAR
                                                  NORMAL
..................................................................
TEMPERATURE (F)
 YESTERDAY
  MAXIMUM         90    346 PM  97    2011  84      6       81
  MINIMUM         54    533 AM  38    1955  50      4       52
  AVERAGE         72                        67      5       67

PRECIPITATION (IN)
  YESTERDAY        0.00          0.55 1968   0.01  -0.01      T
  MONTH TO DATE    0.90                      0.21   0.69     0.15
  SINCE OCT 1      4.79                      7.84  -3.05     8.12
  SINCE JAN 1      3.96                      4.72  -0.76     4.32

SNOWFALL (IN)
  YESTERDAY        0.0           0.0  2002   0.0    0.0      0.0
                                      2001
                                      1999
  MONTH TO DATE    0.0                       0.0    0.0      0.0
  SINCE JAN 1     19.9                       8.6   11.3      1.1
  SINCE JUL 1      0.0                       0.0    0.0      0.0
  SNOW DEPTH       0

DEGREE DAYS
 HEATING
  YESTERDAY        0                         1     -1        0
  MONTH TO DATE    0                        19    -19        0
  SINCE JUN 1     35                       138   -103       39
  SINCE JUL 1      5                        40    -35        0

 COOLING
  YESTERDAY        7                         3      4        2
  MONTH TO DATE  268                       144    124      242
  SINCE JUN 1    778                       404    374      753
  SINCE JAN 1    801                       424    377      805
..................................................................


WIND (MPH)
  HIGHEST WIND SPEED     9   HIGHEST WIND DIRECTION     W (280)
  HIGHEST GUST SPEED    12   HIGHEST GUST DIRECTION    NE (60)
  AVERAGE WIND SPEED     5.2


SKY COVER
  POSSIBLE SUNSHINE  MM
  AVERAGE SKY COVER 0.0


WEATHER CONDITIONS
THE FOLLOWING WEATHER WAS RECORDED YESTERDAY.
  NO SIGNIFICANT WEATHER WAS OBSERVED.


RELATIVE HUMIDITY (PERCENT)
 HIGHEST    86           300 AM
 LOWEST     26           200 PM
 AVERAGE    56

..........................................................


THE YAKIMA WA CLIMATE NORMALS FOR TODAY
                         NORMAL    RECORD    YEAR
 MAXIMUM TEMPERATURE (F)   84       100      1972
 MINIMUM TEMPERATURE (F)   49        39      1960


SUNRISE AND SUNSET
AUGUST 27 2014........SUNRISE   616 AM PDT   SUNSET   750 PM PDT
AUGUST 28 2014........SUNRISE   617 AM PDT   SUNSET   749 PM PDT


-  INDICATES NEGATIVE NUMBERS.
R  INDICATES RECORD WAS SET OR TIED.
MM INDICATES DATA IS MISSING.
T  INDICATES TRACE AMOUNT.




$$
