000
CDUS46 KPDT 310932
CLIYKM

CLIMATE REPORT
NATIONAL WEATHER SERVICE PENDLETON OR
230 AM PDT THU JUL 31 2014


...................................

...THE YAKIMA WA CLIMATE SUMMARY FOR JULY 30 2014...

CLIMATE NORMAL PERIOD 1981 TO 2010
CLIMATE RECORD PERIOD 1946 TO 2014


WEATHER ITEM   OBSERVED TIME   RECORD YEAR NORMAL DEPARTURE LAST
                VALUE   (LST)  VALUE       VALUE  FROM      YEAR
                                                  NORMAL
..................................................................
TEMPERATURE (F)
 YESTERDAY
  MAXIMUM        104R   423 PM 104    2003  90     14       92
                                      1971
  MINIMUM         71    540 AM  45    2006  54     17       60
                                      1993
                                      1957
  AVERAGE         88                        72     16       76

PRECIPITATION (IN)
  YESTERDAY        0.00          0.33 1996   0.00   0.00     0.00
  MONTH TO DATE    0.06                      0.21  -0.15      T
  SINCE OCT 1      3.89                      7.62  -3.73     7.97
  SINCE JAN 1      3.06                      4.50  -1.44     4.17

SNOWFALL (IN)
  YESTERDAY        0.0           0.0  2002   0.0    0.0      0.0
                                      2001
                                      2000
  MONTH TO DATE    0.0                       0.0    0.0      0.0
  SINCE JAN 1     19.9                       8.6   11.3      1.1
  SINCE JUL 1      0.0                       0.0    0.0      0.0
  SNOW DEPTH       0

DEGREE DAYS
 HEATING
  YESTERDAY        0                         0      0        0
  MONTH TO DATE    5                        19    -14        0
  SINCE JUN 1     35                       117    -82       39
  SINCE JUL 1      5                        19    -14        0

 COOLING
  YESTERDAY       23                         7     16       11
  MONTH TO DATE  390                       183    207      384
  SINCE JUN 1    492                       248    244      500
  SINCE JAN 1    515                       268    247      552
..................................................................


WIND (MPH)
  HIGHEST WIND SPEED    14   HIGHEST WIND DIRECTION     N (340)
  HIGHEST GUST SPEED    23   HIGHEST GUST DIRECTION    SW (230)
  AVERAGE WIND SPEED     6.0


SKY COVER
  POSSIBLE SUNSHINE  MM
  AVERAGE SKY COVER 0.0


WEATHER CONDITIONS
 THE FOLLOWING WEATHER WAS RECORDED YESTERDAY.
  NO SIGNIFICANT WEATHER WAS OBSERVED.


RELATIVE HUMIDITY (PERCENT)
 HIGHEST    44           400 AM
 LOWEST      9           400 PM
 AVERAGE    27

..........................................................


THE YAKIMA WA CLIMATE NORMALS FOR TODAY
                         NORMAL    RECORD    YEAR
 MAXIMUM TEMPERATURE (F)   90       108      1971
 MINIMUM TEMPERATURE (F)   54        42      1964


SUNRISE AND SUNSET
JULY 31 2014..........SUNRISE   542 AM PDT   SUNSET   834 PM PDT
AUGUST  1 2014........SUNRISE   543 AM PDT   SUNSET   833 PM PDT


-  INDICATES NEGATIVE NUMBERS.
R  INDICATES RECORD WAS SET OR TIED.
MM INDICATES DATA IS MISSING.
T  INDICATES TRACE AMOUNT.




$$
