000
CDUS46 KPDT 240838 RRA
CLIYKM

CLIMATE REPORT
NATIONAL WEATHER SERVICE PENDLETON OR
138 AM PDT TUE MAY 24 2016


...................................

...THE YAKIMA WA CLIMATE SUMMARY FOR MAY 23 2016...

CLIMATE NORMAL PERIOD 1981 TO 2010
CLIMATE RECORD PERIOD 1946 TO 2016


WEATHER ITEM   OBSERVED TIME   RECORD YEAR NORMAL DEPARTURE LAST
                VALUE   (LST)  VALUE       VALUE  FROM      YEAR
                                                  NORMAL
..................................................................
TEMPERATURE (F)
 YESTERDAY
  MAXIMUM         73    354 PM  98    2001  74     -1       87
  MINIMUM         44    512 AM  26    1964  44      0       61
  AVERAGE         59                        59      0       74

PRECIPITATION (IN)
  YESTERDAY        0.00          0.29 1989   0.02  -0.02      T
  MONTH TO DATE    0.64                      0.41   0.23     1.80
  SINCE OCT 1     10.10                      6.62   3.48     6.32
  SINCE JAN 1      5.45                      3.50   1.95     4.22

SNOWFALL (IN)
  YESTERDAY        0.0           0.0  2002   0.0    0.0      0.0
                                      2001
                                      2000
  MONTH TO DATE    0.0                       0.0    0.0      0.0
  SINCE JAN 1     12.5                       8.6    3.9      1.6
  SINCE JUL 1     31.4                      21.6    9.8      1.6
  SNOW DEPTH       0

DEGREE DAYS
 HEATING
  YESTERDAY        6                         7     -1        0
  MONTH TO DATE   55                       215   -160       86
  SINCE MAR 1    810                      1370   -560      925
  SINCE JUL 1   4560                      5897  -1337     4507

 COOLING
  YESTERDAY        0                         1     -1        9
  MONTH TO DATE   33                        12     21       40
  SINCE MAR 1     39                        13     26       40
  SINCE JAN 1     39                        13     26       40
..................................................................


WIND (MPH)
  HIGHEST WIND SPEED    23   HIGHEST WIND DIRECTION    NW (330)
  HIGHEST GUST SPEED    27   HIGHEST GUST DIRECTION    NW (320)
  AVERAGE WIND SPEED     6.4


SKY COVER
  POSSIBLE SUNSHINE  MM
  AVERAGE SKY COVER 0.2


WEATHER CONDITIONS
 THE FOLLOWING WEATHER WAS RECORDED YESTERDAY.
  NO SIGNIFICANT WEATHER WAS OBSERVED.


RELATIVE HUMIDITY (PERCENT)
 HIGHEST    76           500 AM
 LOWEST     29           100 PM
 AVERAGE    53

..........................................................


THE YAKIMA WA CLIMATE NORMALS FOR TODAY
                         NORMAL    RECORD    YEAR
 MAXIMUM TEMPERATURE (F)   75        94      1999
 MINIMUM TEMPERATURE (F)   44        30      1989


SUNRISE AND SUNSET
MAY 24 2016...........SUNRISE   518 AM PDT   SUNSET   841 PM PDT
MAY 25 2016...........SUNRISE   517 AM PDT   SUNSET   842 PM PDT


-  INDICATES NEGATIVE NUMBERS.
R  INDICATES RECORD WAS SET OR TIED.
MM INDICATES DATA IS MISSING.
T  INDICATES TRACE AMOUNT.

$$
