000
CDUS46 KPDT 260829
CLIYKM

CLIMATE REPORT
NATIONAL WEATHER SERVICE PENDLETON OR
1227 AM PST FRI DEC 26 2014


...................................

...THE YAKIMA WA CLIMATE SUMMARY FOR DECEMBER 25 2014...

CLIMATE NORMAL PERIOD 1981 TO 2010
CLIMATE RECORD PERIOD 1946 TO 2014


WEATHER ITEM   OBSERVED TIME   RECORD YEAR NORMAL DEPARTURE LAST
                VALUE   (LST)  VALUE       VALUE  FROM      YEAR
                                                  NORMAL
..................................................................
TEMPERATURE (F)
 YESTERDAY
  MAXIMUM         51    214 PM  60    1972  34     17       40
  MINIMUM         25   1159 PM   3    2008  21      4       15
                                      1990
                                      1948
  AVERAGE         38                        28     10       28

PRECIPITATION (IN)
  YESTERDAY        0.00          0.38 1996   0.05  -0.05     0.00
  MONTH TO DATE    0.87                      1.25  -0.38     0.32
  SINCE OCT 1      2.05                      2.84  -0.79     0.83
  SINCE JAN 1      6.47                      7.97  -1.50     5.49

SNOWFALL (IN)
  YESTERDAY        0.0           4.4  1996   0.3   -0.3      0.0
  MONTH TO DATE    0.0                       7.6   -7.6       T
  SINCE JAN 1     19.9                      19.8    0.1      1.1
  SINCE JUL 1      T                        11.2  -11.2       T
  SNOW DEPTH       0

DEGREE DAYS
 HEATING
  YESTERDAY       27                        37    -10       37
  MONTH TO DATE  679                       906   -227      937
  SINCE DEC 1    679                       906   -227      937
  SINCE JUL 1   1863                      2439   -576     2353

 COOLING
  YESTERDAY        0                         0      0        0
  MONTH TO DATE    0                         0      0        0
  SINCE DEC 1      0                         0      0        0
  SINCE JAN 1    871                       472    399      970
..................................................................


WIND (MPH)
  HIGHEST WIND SPEED    16   HIGHEST WIND DIRECTION     N (340)
  HIGHEST GUST SPEED    21   HIGHEST GUST DIRECTION     N (340)
  AVERAGE WIND SPEED     6.5


SKY COVER
  POSSIBLE SUNSHINE  MM
  AVERAGE SKY COVER 0.1


WEATHER CONDITIONS
THE FOLLOWING WEATHER WAS RECORDED YESTERDAY.
  NO SIGNIFICANT WEATHER WAS OBSERVED.


RELATIVE HUMIDITY (PERCENT)
 HIGHEST    78           300 AM
 LOWEST     36           100 PM
 AVERAGE    57

..........................................................


THE YAKIMA WA CLIMATE NORMALS FOR TODAY
                         NORMAL    RECORD    YEAR
 MAXIMUM TEMPERATURE (F)   34        67      1980
 MINIMUM TEMPERATURE (F)   21        -5      1988


SUNRISE AND SUNSET
DECEMBER 26 2014......SUNRISE   745 AM PST   SUNSET   420 PM PST
DECEMBER 27 2014......SUNRISE   746 AM PST   SUNSET   421 PM PST


-  INDICATES NEGATIVE NUMBERS.
R  INDICATES RECORD WAS SET OR TIED.
MM INDICATES DATA IS MISSING.
T  INDICATES TRACE AMOUNT.




$$
