000
CDUS46 KPDT 250029 RRA
CLIYKM

CLIMATE REPORT
NATIONAL WEATHER SERVICE PENDLETON OR
428 PM PST FRI NOV 24 2017


...................................

...THE YAKIMA WA CLIMATE SUMMARY FOR NOVEMBER 24 2017...
VALID TODAY AS OF 0400 PM LOCAL TIME.

CLIMATE NORMAL PERIOD 1981 TO 2010
CLIMATE RECORD PERIOD 1946 TO 2017


WEATHER ITEM   OBSERVED TIME   RECORD YEAR NORMAL DEPARTURE LAST
                VALUE   (LST)  VALUE       VALUE  FROM      YEAR
                                                  NORMAL
..................................................................
TEMPERATURE (F)
 TODAY
  MAXIMUM         56    252 PM  67    1990  43     13       53
  MINIMUM         31    747 AM -11    1985  25      6       39
  AVERAGE         44                        34     10       46

PRECIPITATION (IN)
  TODAY            0.00          0.83 1960   0.04  -0.04      T
  MONTH TO DATE    1.06                      0.80   0.26     0.59
  SINCE OCT 1      1.85                      1.34   0.51     3.02
  SINCE JAN 1      9.80                      6.47   3.33     9.08

SNOWFALL (IN)
  TODAY            0.0           5.7  1979   0.2   -0.2      0.0
  MONTH TO DATE    0.4                       2.2   -1.8      0.0
  SINCE JAN 1     29.5                      10.9   18.6     12.5
  SINCE JUL 1      0.4                       2.3   -1.9      0.0
  SNOW DEPTH       0

DEGREE DAYS
 HEATING
  TODAY           21                        31    -10       19
  MONTH TO DATE  548                       637    -89      425
  SINCE SEP 1   1109                      1293   -184      880
  SINCE JUL 1   1109                      1341   -232      883

 COOLING
  TODAY            0                         0      0        0
  MONTH TO DATE    0                         0      0        0
  SINCE SEP 1    116                        32     84       21
  SINCE JAN 1   1054                       472    582      774
..................................................................


WIND (MPH)
  HIGHEST WIND SPEED    10   HIGHEST WIND DIRECTION     W (270)
  HIGHEST GUST SPEED    11   HIGHEST GUST DIRECTION    NW (300)
  AVERAGE WIND SPEED     3.5


SKY COVER
  POSSIBLE SUNSHINE  MM
  AVERAGE SKY COVER 0.1


WEATHER CONDITIONS
 THE FOLLOWING WEATHER WAS RECORDED TODAY.
  NO SIGNIFICANT WEATHER WAS OBSERVED.


RELATIVE HUMIDITY (PERCENT)
 HIGHEST    89           300 AM
 LOWEST     43           200 PM
 AVERAGE    66

..........................................................


THE YAKIMA WA CLIMATE NORMALS FOR TOMORROW
                         NORMAL    RECORD    YEAR
 MAXIMUM TEMPERATURE (F)   43        64      1949
 MINIMUM TEMPERATURE (F)   25        -7      1985


SUNRISE AND SUNSET
NOVEMBER 24 2017......SUNRISE   717 AM PST   SUNSET   420 PM PST
NOVEMBER 25 2017......SUNRISE   718 AM PST   SUNSET   420 PM PST


-  INDICATES NEGATIVE NUMBERS.
R  INDICATES RECORD WAS SET OR TIED.
MM INDICATES DATA IS MISSING.
T  INDICATES TRACE AMOUNT.




$$
