000
CDUS46 KPDT 290835 RRA
CLIYKM

CLIMATE REPORT
NATIONAL WEATHER SERVICE PENDLETON OR
135 AM PDT SAT AUG 29 2015


...................................

...THE YAKIMA WA CLIMATE SUMMARY FOR AUGUST 28 2015...

CLIMATE NORMAL PERIOD 1981 TO 2010
CLIMATE RECORD PERIOD 1946 TO 2015


WEATHER ITEM   OBSERVED TIME   RECORD YEAR NORMAL DEPARTURE LAST
                VALUE   (LST)  VALUE       VALUE  FROM      YEAR
                                                  NORMAL
..................................................................
TEMPERATURE (F)
 YESTERDAY
  MAXIMUM         85    354 PM 102    1972  84      1       90
  MINIMUM         63    112 AM  37    1980  49     14       57
  AVERAGE         74                        66      8       74

PRECIPITATION (IN)
  YESTERDAY        T             0.17 1975   0.01  -0.01     0.00
  MONTH TO DATE    T                         0.23  -0.23     0.90
  SINCE OCT 1      6.39                      7.86  -1.47     4.79
  SINCE JAN 1      4.29                      4.74  -0.45     3.96

SNOWFALL (IN)
  YESTERDAY        0.0           0.0  2002   0.0    0.0      0.0
                                      2001
                                      1999
  MONTH TO DATE    0.0                       0.0    0.0      0.0
  SINCE JAN 1      1.6                       8.6   -7.0     19.9
  SINCE JUL 1      0.0                       0.0    0.0      0.0
  SNOW DEPTH       0

DEGREE DAYS
 HEATING
  YESTERDAY        0                         2     -2        0
  MONTH TO DATE    1                        22    -21        0
  SINCE JUN 1      4                       141   -137       35
  SINCE JUL 1      1                        43    -42        5

 COOLING
  YESTERDAY        9                         3      6        9
  MONTH TO DATE  270                       150    120      289
  SINCE JUN 1    959                       410    549      799
  SINCE JAN 1   1051                       430    621      822
..................................................................


WIND (MPH)
  HIGHEST WIND SPEED    15   HIGHEST WIND DIRECTION     S (190)
  HIGHEST GUST SPEED    19   HIGHEST GUST DIRECTION    SE (130)
  AVERAGE WIND SPEED     5.9


SKY COVER
  POSSIBLE SUNSHINE  MM
  AVERAGE SKY COVER 0.4


WEATHER CONDITIONS
 THE FOLLOWING WEATHER WAS RECORDED YESTERDAY.
  LIGHT RAIN


RELATIVE HUMIDITY (PERCENT)
 HIGHEST    63           500 AM
 LOWEST     29           400 PM
 AVERAGE    46

..........................................................


THE YAKIMA WA CLIMATE NORMALS FOR TODAY
                         NORMAL    RECORD    YEAR
 MAXIMUM TEMPERATURE (F)   84        98      1998
                                             1972
 MINIMUM TEMPERATURE (F)   49        36      1980


SUNRISE AND SUNSET
AUGUST 29 2015........SUNRISE   618 AM PDT   SUNSET   747 PM PDT
AUGUST 30 2015........SUNRISE   619 AM PDT   SUNSET   745 PM PDT


-  INDICATES NEGATIVE NUMBERS.
R  INDICATES RECORD WAS SET OR TIED.
MM INDICATES DATA IS MISSING.
T  INDICATES TRACE AMOUNT.


$$
