000
CDUS46 KPDT 240842 RRA
CLIYKM

CLIMATE REPORT
NATIONAL WEATHER SERVICE PENDLETON OR
1238 AM PST TUE JAN 24 2017


...................................

...THE YAKIMA WA CLIMATE SUMMARY FOR JANUARY 23 2017...

CLIMATE NORMAL PERIOD 1981 TO 2010
CLIMATE RECORD PERIOD 1946 TO 2017


WEATHER ITEM   OBSERVED TIME   RECORD YEAR NORMAL DEPARTURE LAST
                VALUE   (LST)  VALUE       VALUE  FROM      YEAR
                                                  NORMAL
..................................................................
TEMPERATURE (F)
 YESTERDAY
  MAXIMUM         39    326 PM  61    1953  40     -1       46
  MINIMUM         25   1159 PM  -7    1969  24      1       33
  AVERAGE         32                        32      0       40

PRECIPITATION (IN)
  YESTERDAY        0.00          0.54 1965   0.03  -0.03     0.20
  MONTH TO DATE    2.03                      0.89   1.14     2.04
  SINCE OCT 1      5.95                      4.01   1.94     6.69
  SINCE JAN 1      2.03                      0.89   1.14     2.04

SNOWFALL (IN)
  YESTERDAY        0.0           9.0  2005   0.2   -0.2      0.0
  MONTH TO DATE   13.5                       4.4    9.1     11.7
  SINCE JAN 1     13.5                       4.4    9.1     11.7
  SINCE JUL 1     20.9                      17.4    3.5     30.6
  SNOW DEPTH       0

DEGREE DAYS
 HEATING
  YESTERDAY       33                        33      0       25
  MONTH TO DATE 1011                       801    210      748
  SINCE DEC 1   2212                      1931    281     1783
  SINCE JUL 1   3231                      3464   -233     2897

 COOLING
  YESTERDAY        0                         0      0        0
  MONTH TO DATE    0                         0      0        0
  SINCE DEC 1      0                         0      0        0
  SINCE JAN 1      0                         0      0        0
..................................................................


WIND (MPH)
  HIGHEST WIND SPEED    13   HIGHEST WIND DIRECTION     W (260)
  HIGHEST GUST SPEED    14   HIGHEST GUST DIRECTION     W (260)
  AVERAGE WIND SPEED     5.6


SKY COVER
  POSSIBLE SUNSHINE  MM
  AVERAGE SKY COVER 0.7


WEATHER CONDITIONS
 THE FOLLOWING WEATHER WAS RECORDED YESTERDAY.
  FOG
  FOG W/VISIBILITY <= 1/4 MILE


RELATIVE HUMIDITY (PERCENT)
 HIGHEST    92          1200 AM
 LOWEST     75           100 PM
 AVERAGE    84

..........................................................


THE YAKIMA WA CLIMATE NORMALS FOR TODAY
                         NORMAL    RECORD    YEAR
 MAXIMUM TEMPERATURE (F)   41        57      2015
                                             1984
                                             1959
 MINIMUM TEMPERATURE (F)   24       -11      1949


SUNRISE AND SUNSET
JANUARY 24 2017.......SUNRISE   734 AM PST   SUNSET   455 PM PST
JANUARY 25 2017.......SUNRISE   733 AM PST   SUNSET   456 PM PST


-  INDICATES NEGATIVE NUMBERS.
R  INDICATES RECORD WAS SET OR TIED.
MM INDICATES DATA IS MISSING.
T  INDICATES TRACE AMOUNT.




$$
