000
CDUS46 KPDT 020835 RRB
CLIYKM

CLIMATE REPORT
NATIONAL WEATHER SERVICE PENDLETON OR
135 AM PDT MON MAY 2 2016


...................................

...THE YAKIMA WA CLIMATE SUMMARY FOR MAY 1 2016...

CLIMATE NORMAL PERIOD 1981 TO 2010
CLIMATE RECORD PERIOD 1946 TO 2016


WEATHER ITEM   OBSERVED TIME   RECORD YEAR NORMAL DEPARTURE LAST
                VALUE   (LST)  VALUE       VALUE  FROM      YEAR
                                                  NORMAL
..................................................................
TEMPERATURE (F)
 YESTERDAY
  MAXIMUM         80    425 PM  88    1998  68     12       84
  MINIMUM         45    432 AM  25    1954  38      7       49
  AVERAGE         63                        53     10       67

PRECIPITATION (IN)
  YESTERDAY        0.00          0.23 1984   0.02  -0.02     0.00
  MONTH TO DATE    0.00                      0.02  -0.02     0.00
  SINCE OCT 1      9.46                      6.23   3.23     4.52
  SINCE JAN 1      4.81                      3.11   1.70     2.42

SNOWFALL (IN)
  YESTERDAY        0.0           0.0  2002   0.0    0.0      0.0
                                      2001
                                      2000
  MONTH TO DATE    0.0                       0.0    0.0      0.0
  SINCE JAN 1     12.5                       8.6    3.9      1.6
  SINCE JUL 1     31.4                      21.6    9.8      1.6
  SNOW DEPTH       0

DEGREE DAYS
 HEATING
  YESTERDAY        2                        12    -10        0
  MONTH TO DATE    2                        12    -10        0
  SINCE MAR 1    757                      1167   -410      839
  SINCE JUL 1   4507                      5694  -1187     4421

 COOLING
  YESTERDAY        0                         0      0        2
  MONTH TO DATE    0                         0      0        2
  SINCE MAR 1      6                         1      5        2
  SINCE JAN 1      6                         1      5        2
..................................................................


WIND (MPH)
  HIGHEST WIND SPEED    16   HIGHEST WIND DIRECTION    NE (60)
  HIGHEST GUST SPEED    21   HIGHEST GUST DIRECTION    NE (50)
  AVERAGE WIND SPEED     8.2


SKY COVER
  POSSIBLE SUNSHINE  MM
  AVERAGE SKY COVER 0.0


WEATHER CONDITIONS
 THE FOLLOWING WEATHER WAS RECORDED YESTERDAY.
  NO SIGNIFICANT WEATHER WAS OBSERVED.


RELATIVE HUMIDITY (PERCENT)
 HIGHEST    71           300 AM
 LOWEST     19           100 PM
 AVERAGE    45

..........................................................


THE YAKIMA WA CLIMATE NORMALS FOR TODAY
                         NORMAL    RECORD    YEAR
 MAXIMUM TEMPERATURE (F)   68        88      1971
 MINIMUM TEMPERATURE (F)   38        26      1952
                                             1948


SUNRISE AND SUNSET
MAY  2 2016...........SUNRISE   545 AM PDT   SUNSET   814 PM PDT
MAY  3 2016...........SUNRISE   544 AM PDT   SUNSET   815 PM PDT


-  INDICATES NEGATIVE NUMBERS.
R  INDICATES RECORD WAS SET OR TIED.
MM INDICATES DATA IS MISSING.
T  INDICATES TRACE AMOUNT.




$$
