000
CDUS46 KPDT 210055 RRA
CLIYKM

CLIMATE REPORT
NATIONAL WEATHER SERVICE PENDLETON OR
429 PM PST MON FEB 20 2017


...................................

...THE YAKIMA WA CLIMATE SUMMARY FOR FEBRUARY 20 2017...
VALID TODAY AS OF 0400 PM LOCAL TIME.

CLIMATE NORMAL PERIOD 1981 TO 2010
CLIMATE RECORD PERIOD 1946 TO 2017


WEATHER ITEM   OBSERVED TIME   RECORD YEAR NORMAL DEPARTURE LAST
                VALUE   (LST)  VALUE       VALUE  FROM      YEAR
                                                  NORMAL
..................................................................
TEMPERATURE (F)
 TODAY
  MAXIMUM         44    319 PM  63    1995  48     -4       52
                                      1982
  MINIMUM         34   1234 AM   8    1986  26      8       28
  AVERAGE         39                        37      2       40

PRECIPITATION (IN)
  TODAY            0.30          0.72 1982   0.03   0.27     0.00
  MONTH TO DATE    2.10                      0.57   1.53     0.39
  SINCE OCT 1      8.18                      4.83   3.35     7.35
  SINCE JAN 1      4.26                      1.71   2.55     2.70

SNOWFALL (IN)
  TODAY           MM             4.6  1948   0.1   MM        0.0
  MONTH TO DATE    9.9                       2.0    7.9      0.8
  SINCE JAN 1     29.0                       7.3   21.7     12.5
  SINCE JUL 1     36.4                      20.3   16.1     31.4
  SNOW DEPTH       0

DEGREE DAYS
 HEATING
  TODAY           26                        28     -2       25
  MONTH TO DATE  670                       594     76      449
  SINCE DEC 1   3160                      2779    381     2447
  SINCE JUL 1   4179                      4312   -133     3561

 COOLING
  TODAY            0                         0      0        0
  MONTH TO DATE    0                         0      0        0
  SINCE DEC 1      0                         0      0        0
  SINCE JAN 1      0                         0      0        0
..................................................................


WIND (MPH)
  HIGHEST WIND SPEED    12   HIGHEST WIND DIRECTION    SW (240)
  HIGHEST GUST SPEED    15   HIGHEST GUST DIRECTION     W (250)
  AVERAGE WIND SPEED     4.8


SKY COVER
  POSSIBLE SUNSHINE  MM
  AVERAGE SKY COVER 0.9


WEATHER CONDITIONS
 THE FOLLOWING WEATHER WAS RECORDED TODAY.
  RAIN
  LIGHT RAIN
  LIGHT SNOW
  FOG


RELATIVE HUMIDITY (PERCENT)
 HIGHEST    92           600 AM
 LOWEST     79           200 PM
 AVERAGE    86

..........................................................


THE YAKIMA WA CLIMATE NORMALS FOR TOMORROW
                         NORMAL    RECORD    YEAR
 MAXIMUM TEMPERATURE (F)   48        68      1988
 MINIMUM TEMPERATURE (F)   26         9      1993


SUNRISE AND SUNSET
FEBRUARY 20 2017......SUNRISE   657 AM PST   SUNSET   535 PM PST
FEBRUARY 21 2017......SUNRISE   655 AM PST   SUNSET   537 PM PST


-  INDICATES NEGATIVE NUMBERS.
R  INDICATES RECORD WAS SET OR TIED.
MM INDICATES DATA IS MISSING.
T  INDICATES TRACE AMOUNT.




$$
