000
CDUS41 KCLE 220539
CLIYNG


CLIMATE REPORT
NATIONAL WEATHER SERVICE CLEVELAND OH
128 AM EDT TUE AUG 22 2017


...................................

...THE YOUNGSTOWN OH CLIMATE SUMMARY FOR AUGUST 21 2017...

CLIMATE NORMAL PERIOD 1981 TO 2010
CLIMATE RECORD PERIOD 1897 TO 2017


WEATHER ITEM   OBSERVED TIME   RECORD YEAR NORMAL DEPARTURE LAST
                VALUE   (LST)  VALUE       VALUE  FROM      YEAR
                                                  NORMAL
..................................................................
TEMPERATURE (F)
 YESTERDAY
  MAXIMUM         87    246 PM  93    1955  80      7       79
                                      1937
  MINIMUM         68    623 AM  42    1992  58     10       63
  AVERAGE         78                        69      9       71

PRECIPITATION (IN)
  YESTERDAY        T                         0.11  -0.11     0.39
  MONTH TO DATE    1.57                      2.18  -0.61     3.13
  SINCE JUN 1     10.95                     10.37   0.58    11.30
  SINCE JAN 1     32.25                     25.16   7.09    26.40

SNOWFALL (IN)
  YESTERDAY        0.0                       0.0    0.0      0.0
  MONTH TO DATE    0.0                       0.0    0.0      0.0
  SINCE JUN 1      0.0                       0.0    0.0      0.0
  SINCE JUL 1      0.0                       0.0    0.0      0.0
  SNOW DEPTH       0

DEGREE DAYS
 HEATING
  YESTERDAY        0                         1     -1        0
  MONTH TO DATE    0                        16    -16        0
  SINCE JUN 1     44                        98    -54       40
  SINCE JUL 1      0                        29    -29        6

 COOLING
  YESTERDAY       13                         5      8        6
  MONTH TO DATE  100                       113    -13      215
  SINCE JUN 1    467                       408     59      616
  SINCE JAN 1    516                       447     69      671
..................................................................


WIND (MPH)
  HIGHEST WIND SPEED    22   HIGHEST WIND DIRECTION    SW (220)
  HIGHEST GUST SPEED    30   HIGHEST GUST DIRECTION    SW (220)
  AVERAGE WIND SPEED     6.2


SKY COVER
  POSSIBLE SUNSHINE  MM
  AVERAGE SKY COVER 0.7


WEATHER CONDITIONS
 THE FOLLOWING WEATHER WAS RECORDED YESTERDAY.
  THUNDERSTORM
  LIGHT RAIN
  HAZE


RELATIVE HUMIDITY (PERCENT)
 HIGHEST    87           900 PM
 LOWEST     48          1100 AM
 AVERAGE    68

..........................................................


THE YOUNGSTOWN OH CLIMATE NORMALS FOR TODAY
                         NORMAL    RECORD    YEAR
 MAXIMUM TEMPERATURE (F)   80        96      1936
 MINIMUM TEMPERATURE (F)   58        39      1988


SUNRISE AND SUNSET
AUGUST 22 2017........SUNRISE   639 AM EDT   SUNSET   811 PM EDT
AUGUST 23 2017........SUNRISE   640 AM EDT   SUNSET   809 PM EDT


-  INDICATES NEGATIVE NUMBERS.
R  INDICATES RECORD WAS SET OR TIED.
MM INDICATES DATA IS MISSING.
T  INDICATES TRACE AMOUNT.




$$
