000
CDUS41 KPBZ 242134
CLIZZV


CLIMATE REPORT
NATIONAL WEATHER SERVICE PITTSBURGH PA
534 PM EDT FRI OCT 24 2014


...................................

...THE ZANESVILLE OH CLIMATE SUMMARY FOR OCTOBER 24 2014...
VALID TODAY AS OF 0500 PM LOCAL TIME.

CLIMATE NORMAL PERIOD 1981 TO 2010
CLIMATE RECORD PERIOD 1946 TO 2014


WEATHER ITEM   OBSERVED TIME   RECORD YEAR NORMAL DEPARTURE LAST
                VALUE   (LST)  VALUE       VALUE  FROM      YEAR
                                                  NORMAL
..................................................................
TEMPERATURE (F)
 TODAY
  MAXIMUM         62    355 PM  81    1963  62      0       46
  MINIMUM         32    657 AM  19    1964  39     -7       32
  AVERAGE         47                        51     -4       39

PRECIPITATION (IN)
  TODAY            0.00         MM      MM   0.07  -0.07      T
  MONTH TO DATE    2.35                      2.02   0.33     2.19
  SINCE JUN 1     17.30                     16.09   1.21    20.89
  SINCE JAN 1     31.63                     31.55   0.08    31.48

DEGREE DAYS
 HEATING
  TODAY           18                        15      3       26
  MONTH TO DATE  267                       269     -2      195
  SINCE SEP 1    367                       367      0      285
  SINCE JUL 1    388                       378     10      294

 COOLING
  TODAY            0                         0      0        0
  MONTH TO DATE    4                         7     -3       33
  SINCE SEP 1     86                        89     -3      123
  SINCE JAN 1    727                       766    -39      856
..................................................................


WIND (MPH)
  HIGHEST WIND SPEED    10   HIGHEST WIND DIRECTION     W (270)
  HIGHEST GUST SPEED    14   HIGHEST GUST DIRECTION     W (250)
  AVERAGE WIND SPEED     2.0


SKY COVER
  POSSIBLE SUNSHINE  MM
  AVERAGE SKY COVER 0.1


WEATHER CONDITIONS
 THE FOLLOWING WEATHER WAS RECORDED TODAY.
  FOG
  HAZE


RELATIVE HUMIDITY (PERCENT)
 HIGHEST   100           800 AM
 LOWEST     39           300 PM
 AVERAGE    70

..........................................................


THE ZANESVILLE OH CLIMATE NORMALS FOR TOMORROW
                         NORMAL    RECORD    YEAR
 MAXIMUM TEMPERATURE (F)   62        81      1963
 MINIMUM TEMPERATURE (F)   39        21      1960


SUNRISE AND SUNSET
OCTOBER 24 2014.......SUNRISE   748 AM EDT   SUNSET   635 PM EDT
OCTOBER 25 2014.......SUNRISE   749 AM EDT   SUNSET   634 PM EDT


-  INDICATES NEGATIVE NUMBERS.
R  INDICATES RECORD WAS SET OR TIED.
MM INDICATES DATA IS MISSING.
T  INDICATES TRACE AMOUNT.




$$
