000
CDUS41 KPBZ 060814
CLIZZV


CLIMATE REPORT
NATIONAL WEATHER SERVICE PITTSBURGH PA
313 AM EST FRI MAR 6 2015


...................................

...THE ZANESVILLE OH CLIMATE SUMMARY FOR MARCH 5 2015...

CLIMATE NORMAL PERIOD 1981 TO 2010
CLIMATE RECORD PERIOD 1946 TO 2015


WEATHER ITEM   OBSERVED TIME   RECORD YEAR NORMAL DEPARTURE LAST
                VALUE   (LST)  VALUE       VALUE  FROM      YEAR
                                                  NORMAL
..................................................................
TEMPERATURE (F)
 YESTERDAY
  MAXIMUM         26   1229 AM  79    1983  47    -21       34
  MINIMUM          2R  1153 PM   2    1978  27    -25       13
  AVERAGE         14                        37    -23       24

PRECIPITATION (IN)
  YESTERDAY        0.04         MM      MM   0.08  -0.04     0.00
  MONTH TO DATE    1.54                      0.41   1.13     0.21
  SINCE JUN 1     27.45                     27.64  -0.19    31.10
  SINCE JAN 1      5.04                      5.24  -0.20     2.79

DEGREE DAYS
 HEATING
  YESTERDAY       51                        28     23       41
  MONTH TO DATE  193                       143     50      208
  SINCE MAR 1    193                       143     50      208
  SINCE JUL 1   4850                      4334    516     4765

 COOLING
  YESTERDAY        0                         0      0        0
  MONTH TO DATE    0                         0      0        0
  SINCE MAR 1      0                         0      0        0
  SINCE JAN 1      0                         0      0        0
..................................................................


WIND (MPH)
  HIGHEST WIND SPEED    17   HIGHEST WIND DIRECTION     N (340)
  HIGHEST GUST SPEED    23   HIGHEST GUST DIRECTION    NW (330)
  AVERAGE WIND SPEED     6.6


SKY COVER
  POSSIBLE SUNSHINE  MM
  AVERAGE SKY COVER 0.8


WEATHER CONDITIONS
 THE FOLLOWING WEATHER WAS RECORDED YESTERDAY.
  LIGHT SNOW
  FOG


RELATIVE HUMIDITY (PERCENT)
 HIGHEST    88           600 AM
 LOWEST     45           400 PM
 AVERAGE    67

..........................................................


THE ZANESVILLE OH CLIMATE NORMALS FOR TODAY
                         NORMAL    RECORD    YEAR
 MAXIMUM TEMPERATURE (F)   47        73      1973
 MINIMUM TEMPERATURE (F)   27         5      1960


SUNRISE AND SUNSET
MARCH  6 2015.........SUNRISE   654 AM EST   SUNSET   625 PM EST
MARCH  7 2015.........SUNRISE   652 AM EST   SUNSET   626 PM EST


-  INDICATES NEGATIVE NUMBERS.
R  INDICATES RECORD WAS SET OR TIED.
MM INDICATES DATA IS MISSING.
T  INDICATES TRACE AMOUNT.




$$
