000
CDUS41 KPBZ 120807
CLIZZV


CLIMATE REPORT
NATIONAL WEATHER SERVICE PITTSBURGH PA
307 AM EST TUE DEC 12 2017


...................................

...THE ZANESVILLE OH CLIMATE SUMMARY FOR DECEMBER 11 2017...

CLIMATE NORMAL PERIOD 1981 TO 2010
CLIMATE RECORD PERIOD 1895 TO 2017


WEATHER ITEM   OBSERVED TIME   RECORD YEAR NORMAL DEPARTURE LAST
                VALUE   (LST)  VALUE       VALUE  FROM      YEAR
                                                  NORMAL
..................................................................
TEMPERATURE (F)
 YESTERDAY
  MAXIMUM         39    430 PM  65    2015  42     -3       36
                                      2007
  MINIMUM         29    744 PM -11    1917  26      3       24
  AVERAGE         34                        34      0       30

PRECIPITATION (IN)
  YESTERDAY        0.00          1.49 1964   0.09  -0.09     0.46
  MONTH TO DATE    0.27                      0.98  -0.71     1.20
  SINCE JUN 1     21.79                     20.80   0.99    15.56
  SINCE JAN 1     39.91                     36.26   3.65    30.54

DEGREE DAYS
 HEATING
  YESTERDAY       31                        31      0       35
  MONTH TO DATE  333                       326      7      343
  SINCE DEC 1    333                       326      7      343
  SINCE JUL 1   1317                      1467   -150     1200

 COOLING
  YESTERDAY        0                         0      0        0
  MONTH TO DATE    0                         0      0        0
  SINCE DEC 1      0                         0      0        0
  SINCE JAN 1    877                       768    109     1355
..................................................................


WIND (MPH)
  HIGHEST WIND SPEED    13   HIGHEST WIND DIRECTION     S (170)
  HIGHEST GUST SPEED    18   HIGHEST GUST DIRECTION     S (200)
  AVERAGE WIND SPEED     5.7


SKY COVER
  POSSIBLE SUNSHINE  MM
  AVERAGE SKY COVER 0.7


WEATHER CONDITIONS
 THE FOLLOWING WEATHER WAS RECORDED YESTERDAY.
  NO SIGNIFICANT WEATHER WAS OBSERVED.


RELATIVE HUMIDITY (PERCENT)
 HIGHEST    69           900 PM
 LOWEST     50           400 PM
 AVERAGE    60

..........................................................


THE ZANESVILLE OH CLIMATE NORMALS FOR TODAY
                         NORMAL    RECORD    YEAR
 MAXIMUM TEMPERATURE (F)   41        71      2015
 MINIMUM TEMPERATURE (F)   25        -6      1962


SUNRISE AND SUNSET
DECEMBER 12 2017......SUNRISE   740 AM EST   SUNSET   503 PM EST
DECEMBER 13 2017......SUNRISE   741 AM EST   SUNSET   503 PM EST


-  INDICATES NEGATIVE NUMBERS.
R  INDICATES RECORD WAS SET OR TIED.
MM INDICATES DATA IS MISSING.
T  INDICATES TRACE AMOUNT.




$$
