000
CDUS41 KPBZ 292139
CLIZZV


CLIMATE REPORT
NATIONAL WEATHER SERVICE PITTSBURGH PA
535 PM EDT SUN MAR 29 2015


...................................

...THE ZANESVILLE OH CLIMATE SUMMARY FOR MARCH 29 2015...
VALID TODAY AS OF 0500 PM LOCAL TIME.

CLIMATE NORMAL PERIOD 1981 TO 2010
CLIMATE RECORD PERIOD 1946 TO 2015


WEATHER ITEM   OBSERVED TIME   RECORD YEAR NORMAL DEPARTURE LAST
                VALUE   (LST)  VALUE       VALUE  FROM      YEAR
                                                  NORMAL
..................................................................
TEMPERATURE (F)
 TODAY
  MAXIMUM         47    351 PM  82    1998  57    -10       41
  MINIMUM         13R   644 AM  20    1982  34    -21       32
  AVERAGE         30                        45    -15       37

PRECIPITATION (IN)
  TODAY            0.00         MM      MM   0.11  -0.11     0.65
  MONTH TO DATE    3.80                      2.77   1.03     1.82
  SINCE JUN 1     29.71                     30.00  -0.29    32.71
  SINCE JAN 1      7.30                      7.60  -0.30     4.40

DEGREE DAYS
 HEATING
  TODAY           35                        20     15       28
  MONTH TO DATE  836                       713    123      854
  SINCE MAR 1    836                       713    123      854
  SINCE JUL 1   5493                      4904    589     5411

 COOLING
  TODAY            0                         0      0        0
  MONTH TO DATE    0                         0      0        0
  SINCE MAR 1      0                         0      0        0
  SINCE JAN 1      0                         0      0        0
..................................................................


WIND (MPH)
  HIGHEST WIND SPEED    20   HIGHEST WIND DIRECTION     S (190)
  HIGHEST GUST SPEED    26   HIGHEST GUST DIRECTION     S (190)
  AVERAGE WIND SPEED     6.2


SKY COVER
  POSSIBLE SUNSHINE  MM
  AVERAGE SKY COVER 0.0


WEATHER CONDITIONS
 THE FOLLOWING WEATHER WAS RECORDED TODAY.
  NO SIGNIFICANT WEATHER WAS OBSERVED.


RELATIVE HUMIDITY (PERCENT)
 HIGHEST    88           300 AM
 LOWEST     21           400 PM
 AVERAGE    55

..........................................................


THE ZANESVILLE OH CLIMATE NORMALS FOR TOMORROW
                         NORMAL    RECORD    YEAR
 MAXIMUM TEMPERATURE (F)   57        83      1998
 MINIMUM TEMPERATURE (F)   34        16      1964


SUNRISE AND SUNSET
MARCH 29 2015.........SUNRISE   717 AM EDT   SUNSET   749 PM EDT
MARCH 30 2015.........SUNRISE   715 AM EDT   SUNSET   750 PM EDT


-  INDICATES NEGATIVE NUMBERS.
R  INDICATES RECORD WAS SET OR TIED.
MM INDICATES DATA IS MISSING.
T  INDICATES TRACE AMOUNT.




$$
