000
CDUS41 KPBZ 250801
CLIZZV


CLIMATE REPORT
NATIONAL WEATHER SERVICE PITTSBURGH PA
301 AM EST SUN FEB 25 2018


...................................

...THE ZANESVILLE OH CLIMATE SUMMARY FOR FEBRUARY 24 2018...

CLIMATE NORMAL PERIOD 1981 TO 2010
CLIMATE RECORD PERIOD 1895 TO 2018


WEATHER ITEM   OBSERVED TIME   RECORD YEAR NORMAL DEPARTURE LAST
                VALUE   (LST)  VALUE       VALUE  FROM      YEAR
                                                  NORMAL
..................................................................
TEMPERATURE (F)
 YESTERDAY
  MAXIMUM         56   1236 AM  76    2017  44     12       76
  MINIMUM         48    139 PM -14    2015  25     23       56
  AVERAGE         52                        34     18       66

PRECIPITATION (IN)
  YESTERDAY        0.57          1.74 1965   0.07   0.50     0.00
  MONTH TO DATE    5.15                      1.84   3.31     1.83
  SINCE JUN 1     30.12                     26.90   3.22    23.36
  SINCE JAN 1      7.26                      4.50   2.76     4.74

DEGREE DAYS
 HEATING
  YESTERDAY       13                        31    -18        0
  MONTH TO DATE  652                       802   -150      550
  SINCE DEC 1   2895                      2928    -33     2400
  SINCE JUL 1   3879                      4069   -190     3257

 COOLING
  YESTERDAY        0                         0      0        1
  MONTH TO DATE    5                         0      5        1
  SINCE DEC 1      5                         0      5        1
  SINCE JAN 1      5                         0      5        1
..................................................................


WIND (MPH)
  HIGHEST WIND SPEED    14   HIGHEST WIND DIRECTION     E (110)
  HIGHEST GUST SPEED    18   HIGHEST GUST DIRECTION    NE (40)
  AVERAGE WIND SPEED     6.5


SKY COVER
  POSSIBLE SUNSHINE  MM
  AVERAGE SKY COVER 0.9


WEATHER CONDITIONS
 THE FOLLOWING WEATHER WAS RECORDED YESTERDAY.
  HEAVY RAIN
  RAIN
  LIGHT RAIN
  FOG


RELATIVE HUMIDITY (PERCENT)
 HIGHEST    93           100 AM
 LOWEST     83           300 AM
 AVERAGE    88

..........................................................


THE ZANESVILLE OH CLIMATE NORMALS FOR TODAY
                         NORMAL    RECORD    YEAR
 MAXIMUM TEMPERATURE (F)   44        74      2000
 MINIMUM TEMPERATURE (F)   25        -9      1900


SUNRISE AND SUNSET
FEBRUARY 25 2018......SUNRISE   707 AM EST   SUNSET   615 PM EST
FEBRUARY 26 2018......SUNRISE   705 AM EST   SUNSET   616 PM EST


-  INDICATES NEGATIVE NUMBERS.
R  INDICATES RECORD WAS SET OR TIED.
MM INDICATES DATA IS MISSING.
T  INDICATES TRACE AMOUNT.




$$
