000
CDUS41 KPBZ 160703
CLIZZV


CLIMATE REPORT
NATIONAL WEATHER SERVICE PITTSBURGH PA
302 AM EDT WED APR 16 2014


...................................

...THE ZANESVILLE OH CLIMATE SUMMARY FOR APRIL 15 2014...

CLIMATE NORMAL PERIOD 1981 TO 2010
CLIMATE RECORD PERIOD 1946 TO 2014


WEATHER ITEM   OBSERVED TIME   RECORD YEAR NORMAL DEPARTURE LAST
                VALUE   (LST)  VALUE       VALUE  FROM      YEAR
                                                  NORMAL
..................................................................
TEMPERATURE (F)
 YESTERDAY
  MAXIMUM         53   1220 AM  82    2010  63    -10       67
                                      2002
  MINIMUM         27   1159 PM  19    1957  40    -13       52
  AVERAGE         40                        51    -11       60

PRECIPITATION (IN)
  YESTERDAY        0.32         MM      MM   0.12   0.20     0.00
  MONTH TO DATE    2.96                      1.72   1.24     0.50
  SINCE JUN 1     35.67                     31.95   3.72    30.47
  SINCE JAN 1      7.36                      9.55  -2.19     7.16

DEGREE DAYS
 HEATING
  YESTERDAY       25                        14     11        5
  MONTH TO DATE  193                       242    -49      220
  SINCE MAR 1   1094                       995     99     1106
  SINCE JUL 1   5651                      5186    465     5237

 COOLING
  YESTERDAY        0                         0      0        0
  MONTH TO DATE    5                         0      5        8
  SINCE MAR 1      5                         1      4        8
  SINCE JAN 1      5                         1      4        8
..................................................................


WIND (MPH)
  HIGHEST WIND SPEED    20   HIGHEST WIND DIRECTION    NW (320)
  HIGHEST GUST SPEED    28   HIGHEST GUST DIRECTION    NW (310)
  AVERAGE WIND SPEED    11.3


SKY COVER
  POSSIBLE SUNSHINE  MM
  AVERAGE SKY COVER 0.9


WEATHER CONDITIONS
 THE FOLLOWING WEATHER WAS RECORDED YESTERDAY.
  RAIN
  LIGHT RAIN
  SNOW
  LIGHT SNOW
  FOG


RELATIVE HUMIDITY (PERCENT)
 HIGHEST    92          1000 AM
 LOWEST     54           700 PM
 AVERAGE    73

..........................................................


THE ZANESVILLE OH CLIMATE NORMALS FOR TODAY
                         NORMAL    RECORD    YEAR
 MAXIMUM TEMPERATURE (F)   64        86      2002
 MINIMUM TEMPERATURE (F)   40        22      1950


SUNRISE AND SUNSET
APRIL 16 2014.........SUNRISE   648 AM EDT   SUNSET   807 PM EDT
APRIL 17 2014.........SUNRISE   647 AM EDT   SUNSET   808 PM EDT


-  INDICATES NEGATIVE NUMBERS.
R  INDICATES RECORD WAS SET OR TIED.
MM INDICATES DATA IS MISSING.
T  INDICATES TRACE AMOUNT.




$$
