000
CDUS41 KPBZ 242121
CLIZZV


CLIMATE REPORT
NATIONAL WEATHER SERVICE PITTSBURGH PA
520 PM EDT WED AUG 24 2016


...................................

...THE ZANESVILLE OH CLIMATE SUMMARY FOR AUGUST 24 2016...
VALID TODAY AS OF 0500 PM LOCAL TIME.

CLIMATE NORMAL PERIOD 1981 TO 2010
CLIMATE RECORD PERIOD 1946 TO 2016


WEATHER ITEM   OBSERVED TIME   RECORD YEAR NORMAL DEPARTURE LAST
                VALUE   (LST)  VALUE       VALUE  FROM      YEAR
                                                  NORMAL
..................................................................
TEMPERATURE (F)
 TODAY
  MAXIMUM         85    348 PM  94    1968  82      3       78
  MINIMUM         58    535 AM  43    1971  60     -2       54
  AVERAGE         72                        71      1       66

PRECIPITATION (IN)
  TODAY            0.00         MM      MM   0.10  -0.10     0.04
  MONTH TO DATE    2.72                      2.50   0.22     0.76
  SINCE JUN 1      7.93                     10.33  -2.40    10.67
  SINCE JAN 1     22.91                     25.79  -2.88    26.57

DEGREE DAYS
 HEATING
  TODAY            0                         0      0        0
  MONTH TO DATE    0                         0      0        0
  SINCE JUN 1      4                        35    -31       24
  SINCE JUL 1      0                         3     -3        0

 COOLING
  TODAY            7                         6      1        1
  MONTH TO DATE  281                       177    104      155
  SINCE JUN 1    964                       584    380      570
  SINCE JAN 1   1058                       638    420      687
..................................................................


WIND (MPH)
  HIGHEST WIND SPEED    15   HIGHEST WIND DIRECTION    SW (210)
  HIGHEST GUST SPEED    18   HIGHEST GUST DIRECTION     S (180)
  AVERAGE WIND SPEED     4.3


SKY COVER
  POSSIBLE SUNSHINE  MM
  AVERAGE SKY COVER 0.1


WEATHER CONDITIONS
 THE FOLLOWING WEATHER WAS RECORDED TODAY.
  NO SIGNIFICANT WEATHER WAS OBSERVED.


RELATIVE HUMIDITY (PERCENT)
 HIGHEST   100           500 AM
 LOWEST     51           100 PM
 AVERAGE    76

..........................................................


THE ZANESVILLE OH CLIMATE NORMALS FOR TOMORROW
                         NORMAL    RECORD    YEAR
 MAXIMUM TEMPERATURE (F)   82        95      1959
 MINIMUM TEMPERATURE (F)   60        44      1952


SUNRISE AND SUNSET
AUGUST 24 2016........SUNRISE   648 AM EDT   SUNSET   810 PM EDT
AUGUST 25 2016........SUNRISE   649 AM EDT   SUNSET   809 PM EDT


-  INDICATES NEGATIVE NUMBERS.
R  INDICATES RECORD WAS SET OR TIED.
MM INDICATES DATA IS MISSING.
T  INDICATES TRACE AMOUNT.




$$
