000
CDUS41 KPBZ 260701
CLIZZV


CLIMATE REPORT
NATIONAL WEATHER SERVICE PITTSBURGH PA
300 AM EDT SUN MAR 26 2017


...................................

...THE ZANESVILLE OH CLIMATE SUMMARY FOR MARCH 25 2017...

CLIMATE NORMAL PERIOD 1981 TO 2010
CLIMATE RECORD PERIOD 1946 TO 2017


WEATHER ITEM   OBSERVED TIME   RECORD YEAR NORMAL DEPARTURE LAST
                VALUE   (LST)  VALUE       VALUE  FROM      YEAR
                                                  NORMAL
..................................................................
TEMPERATURE (F)
 YESTERDAY
  MAXIMUM         75    251 PM  77    1986  55     20       59
  MINIMUM         59    700 AM   6    1974  33     26       39
  AVERAGE         67                        44     23       49

PRECIPITATION (IN)
  YESTERDAY        0.00         MM      MM   0.11  -0.11      T
  MONTH TO DATE    3.14                      2.33   0.81     3.49
  SINCE JUN 1     27.21                     29.56  -2.35    29.78
  SINCE JAN 1      8.59                      7.16   1.43     7.45

DEGREE DAYS
 HEATING
  YESTERDAY        0                        21    -21       16
  MONTH TO DATE  650                       632     18      402
  SINCE MAR 1    650                       632     18      402
  SINCE JUL 1   4002                      4823   -821     3748

 COOLING
  YESTERDAY        2                         0      2        0
  MONTH TO DATE    2                         0      2        2
  SINCE MAR 1      2                         0      2        2
  SINCE JAN 1      3                         0      3        2
..................................................................


WIND (MPH)
  HIGHEST WIND SPEED    15   HIGHEST WIND DIRECTION    SW (240)
  HIGHEST GUST SPEED    19   HIGHEST GUST DIRECTION     W (260)
  AVERAGE WIND SPEED     6.2


SKY COVER
  POSSIBLE SUNSHINE  MM
  AVERAGE SKY COVER 0.3


WEATHER CONDITIONS
 THE FOLLOWING WEATHER WAS RECORDED YESTERDAY.
  NO SIGNIFICANT WEATHER WAS OBSERVED.


RELATIVE HUMIDITY (PERCENT)
 HIGHEST    69           200 AM
 LOWEST     41           400 PM
 AVERAGE    55

..........................................................


THE ZANESVILLE OH CLIMATE NORMALS FOR TODAY
                         NORMAL    RECORD    YEAR
 MAXIMUM TEMPERATURE (F)   56        80      1998
 MINIMUM TEMPERATURE (F)   33        14      2001


SUNRISE AND SUNSET
MARCH 26 2017.........SUNRISE   721 AM EDT   SUNSET   746 PM EDT
MARCH 27 2017.........SUNRISE   719 AM EDT   SUNSET   747 PM EDT


-  INDICATES NEGATIVE NUMBERS.
R  INDICATES RECORD WAS SET OR TIED.
MM INDICATES DATA IS MISSING.
T  INDICATES TRACE AMOUNT.




$$
