000
CDUS41 KPBZ 220709
CLIZZV


CLIMATE REPORT
NATIONAL WEATHER SERVICE PITTSBURGH PA
309 AM EDT THU JUN 22 2017


...................................

...THE ZANESVILLE OH CLIMATE SUMMARY FOR JUNE 21 2017...

CLIMATE NORMAL PERIOD 1981 TO 2010
CLIMATE RECORD PERIOD 1895 TO 2017


WEATHER ITEM   OBSERVED TIME   RECORD YEAR NORMAL DEPARTURE LAST
                VALUE   (LST)  VALUE       VALUE  FROM      YEAR
                                                  NORMAL
..................................................................
TEMPERATURE (F)
 YESTERDAY
  MAXIMUM         84    356 PM  97    1988  82      2       92
  MINIMUM         60    138 AM  41    1897  60      0       71
  AVERAGE         72                        71      1       82

PRECIPITATION (IN)
  YESTERDAY        0.00          4.05 1937   0.14  -0.14     0.00
  MONTH TO DATE    2.01                      2.80  -0.79     0.54
  SINCE JUN 1      2.01                      2.80  -0.79     0.54
  SINCE JAN 1     20.13                     18.26   1.87    15.52

DEGREE DAYS
 HEATING
  YESTERDAY        0                         0      0        0
  MONTH TO DATE   15                        30    -15        4
  SINCE JUN 1     15                        30    -15        4
  SINCE JUL 1   4442                      5569  -1127     4320

 COOLING
  YESTERDAY        7                         6      1       17
  MONTH TO DATE  136                        95     41      197
  SINCE JUN 1    136                        95     41      197
  SINCE JAN 1    223                       149     74      291
..................................................................


WIND (MPH)
  HIGHEST WIND SPEED    14   HIGHEST WIND DIRECTION     W (290)
  HIGHEST GUST SPEED    19   HIGHEST GUST DIRECTION    SW (240)
  AVERAGE WIND SPEED     5.6


SKY COVER
  POSSIBLE SUNSHINE  MM
  AVERAGE SKY COVER 0.4


WEATHER CONDITIONS
 THE FOLLOWING WEATHER WAS RECORDED YESTERDAY.
  NO SIGNIFICANT WEATHER WAS OBSERVED.


RELATIVE HUMIDITY (PERCENT)
 HIGHEST    84          1200 AM
 LOWEST     47           200 PM
 AVERAGE    66

..........................................................


THE ZANESVILLE OH CLIMATE NORMALS FOR TODAY
                         NORMAL    RECORD    YEAR
 MAXIMUM TEMPERATURE (F)   82        99      1988
 MINIMUM TEMPERATURE (F)   60        38      1992


SUNRISE AND SUNSET
JUNE 22 2017..........SUNRISE   559 AM EDT   SUNSET   900 PM EDT
JUNE 23 2017..........SUNRISE   600 AM EDT   SUNSET   900 PM EDT


-  INDICATES NEGATIVE NUMBERS.
R  INDICATES RECORD WAS SET OR TIED.
MM INDICATES DATA IS MISSING.
T  INDICATES TRACE AMOUNT.




$$
