000
CDUS41 KPBZ 282112
CLIZZV


CLIMATE REPORT
NATIONAL WEATHER SERVICE PITTSBURGH PA
511 PM EDT FRI APR 28 2017


...................................

...THE ZANESVILLE OH CLIMATE SUMMARY FOR APRIL 28 2017...
VALID TODAY AS OF 0500 PM LOCAL TIME.

CLIMATE NORMAL PERIOD 1981 TO 2010
CLIMATE RECORD PERIOD 1946 TO 2017


WEATHER ITEM   OBSERVED TIME   RECORD YEAR NORMAL DEPARTURE LAST
                VALUE   (LST)  VALUE       VALUE  FROM      YEAR
                                                  NORMAL
..................................................................
TEMPERATURE (F)
 TODAY
  MAXIMUM         72    359 PM  88    1986  67      5       68
  MINIMUM         43    613 AM  25    1947  44     -1       49
  AVERAGE         58                        56      2       59

PRECIPITATION (IN)
  TODAY            0.00         MM      MM   0.11  -0.11     0.48
  MONTH TO DATE    1.86                      3.22  -1.36     4.21
  SINCE JUN 1     30.98                     33.45  -2.47    34.65
  SINCE JAN 1     12.36                     11.05   1.31    12.32

DEGREE DAYS
 HEATING
  TODAY            7                        10     -3        6
  MONTH TO DATE  232                       393   -161      333
  SINCE MAR 1    933                      1146   -213      796
  SINCE JUL 1   4285                      5337  -1052     4142

 COOLING
  TODAY            0                         0      0        0
  MONTH TO DATE   19                         0     19        3
  SINCE MAR 1     21                         1     20        8
  SINCE JAN 1     22                         1     21        8
..................................................................


WIND (MPH)
  HIGHEST WIND SPEED    12   HIGHEST WIND DIRECTION    SE (150)
  HIGHEST GUST SPEED    16   HIGHEST GUST DIRECTION    SE (120)
  AVERAGE WIND SPEED     3.6


SKY COVER
  POSSIBLE SUNSHINE  MM
  AVERAGE SKY COVER 0.0


WEATHER CONDITIONS
 THE FOLLOWING WEATHER WAS RECORDED TODAY.
  FOG


RELATIVE HUMIDITY (PERCENT)
 HIGHEST    96           600 AM
 LOWEST     41           300 PM
 AVERAGE    69

..........................................................


THE ZANESVILLE OH CLIMATE NORMALS FOR TOMORROW
                         NORMAL    RECORD    YEAR
 MAXIMUM TEMPERATURE (F)   68        83      1991
 MINIMUM TEMPERATURE (F)   44        28      1977


SUNRISE AND SUNSET
APRIL 28 2017.........SUNRISE   631 AM EDT   SUNSET   819 PM EDT
APRIL 29 2017.........SUNRISE   630 AM EDT   SUNSET   820 PM EDT


-  INDICATES NEGATIVE NUMBERS.
R  INDICATES RECORD WAS SET OR TIED.
MM INDICATES DATA IS MISSING.
T  INDICATES TRACE AMOUNT.




$$
