000
CXUS51 KPHI 011052
CLMABE


CLIMATE REPORT
NATIONAL WEATHER SERVICE MOUNT HOLLY NJ
652 AM EDT FRI APR 1 2016

...................................

...THE ALLENTOWN CLIMATE SUMMARY FOR THE MONTH OF MARCH 2016...

CLIMATE NORMAL PERIOD 1981 TO 2010
CLIMATE RECORD PERIOD 1922 TO 2016

WEATHER         OBSERVED          NORMAL  DEPART  LAST YEAR`S
                 VALUE   DATE(S)  VALUE   FROM    VALUE  DATE(S)
                                          NORMAL
................................................................
TEMPERATURE (F)
RECORD
 HIGH              87   03/30/1998
 LOW               -5   03/01/1934
HIGHEST            80                71       9       59
LOWEST             22                13       9        0
AVG. MAXIMUM     59.2              49.4     9.8     43.2
AVG. MINIMUM     33.7              28.8     4.9     24.6
MEAN             46.4              39.1     7.3     33.9
DAYS MAX >= 90      0               0.0     0.0        0
DAYS MAX <= 32      0               1.1    -1.1        2
DAYS MIN <= 32     14              20.3    -6.3       24
DAYS MIN <= 0       0               0.0     0.0        1

PRECIPITATION (INCHES)
RECORD
 MAXIMUM         7.24   1913
 MINIMUM         0.92   2006
TOTALS           0.96              3.39   -2.43     4.48
DAILY AVG.       0.03              0.11   -0.08     0.14
DAYS >= .01         8              11.0    -3.0       11
DAYS >= .10         2               6.7    -4.7        9
DAYS >= .50         0               2.3    -2.3        4
DAYS >= 1.00        0               0.9    -0.9        0
GREATEST
 24 HR. TOTAL    0.43   03/28 TO 03/28              0.90
                        03/27 TO 03/28
                        03/28 TO 03/28

SNOWFALL (INCHES)
RECORDS
 TOTAL             MM   5
 24 HR TOTAL       MM
TOTALS            0.3               4.9    -4.6     17.8
SINCE 7/1        36.2              31.9     4.3     50.1
SNOWDEPTH AVG.      0                MM      MM        3
DAYS >= 1.0         0               1.3    -1.3        4
GREATEST
 SNOW DEPTH         T   03/04                         12  03/06
 24 HR TOTAL      0.3   MM                           6.7

DEGREE_DAYS
HEATING TOTAL     570               803    -233      954
 SINCE 7/1       4027              5112   -1085     5435
COOLING TOTAL       2                 0       2        0
 SINCE 1/1          2                 0       2        0
.................................................................

WIND (MPH)
AVERAGE WIND SPEED              7.5
HIGHEST WIND SPEED/DIRECTION    33/260    DATE  03/28
HIGHEST GUST SPEED/DIRECTION    46/260    DATE  03/28

SKY COVER
POSSIBLE SUNSHINE (PERCENT)   MM
AVERAGE SKY COVER           0.40
NUMBER OF DAYS FAIR           15
NUMBER OF DAYS PC             11
NUMBER OF DAYS CLOUDY          5

AVERAGE RH (PERCENT)     57

WEATHER CONDITIONS. NUMBER OF DAYS WITH
THUNDERSTORM              0     MIXED PRECIP               0
HEAVY RAIN                1     RAIN                       2
LIGHT RAIN               11     FREEZING RAIN              0
LT FREEZING RAIN          0     HEAVY SNOW                 0
SNOW                      0     LIGHT SNOW                 1
SLEET                     0     FOG                       10
FOG W/VIS <= 1/4 MILE     2     HAZE                       8

-  INDICATES NEGATIVE NUMBERS.
R  INDICATES RECORD WAS SET OR TIED.
MM INDICATES DATA IS MISSING.
T  INDICATES TRACE AMOUNT.

$$
