000
CXUS53 KABR 011402
CLMABR


CLIMATE REPORT
NATIONAL WEATHER SERVICE ABERDEEN SD
900 AM CDT FRI AUG 1 2014

...................................

...THE ABERDEEN SD CLIMATE SUMMARY FOR THE MONTH OF JULY 2014...

CLIMATE NORMAL PERIOD 1981 TO 2010
CLIMATE RECORD PERIOD 1893 TO 2014

WEATHER         OBSERVED          NORMAL  DEPART  LAST YEAR`S
                 VALUE   DATE(S)  VALUE   FROM    VALUE  DATE(S)
                                          NORMAL
................................................................
TEMPERATURE (F)
RECORD
 HIGH             115   07/09/1936
                        07/06/1936
 LOW               35   07/05/1915
HIGHEST            91   07/05        85       6       94  07/18
LOWEST             42   07/29        MM      MM       40  07/28
AVG. MAXIMUM     79.6              83.5    -3.9     82.1
AVG. MINIMUM     55.0              59.0    -4.0     58.1
MEAN             67.3              71.3    -4.0     70.1
DAYS MAX >= 90      2               5.4    -3.4        2
DAYS MAX <= 32      0               0.0     0.0        0
DAYS MIN <= 32      0               0.0     0.0        0
DAYS MIN <= 0       0               0.0     0.0        0

PRECIPITATION (INCHES)
RECORD
 MAXIMUM         7.71   1972
 MINIMUM         0.30   1975
TOTALS           0.70              3.02   -2.32     2.70
DAYS >= .01         5               9.9    -4.9       10
DAYS >= .10         4               6.0    -2.0        3
DAYS >= .50         0               2.0    -2.0        1
DAYS >= 1.00        0               0.7    -0.7        1

SNOWFALL (INCHES)
RECORDS
 TOTAL             MM   5
 SNOW DEPTH        MM   MM
TOTALS            0.0               0.0     0.0      0.0
SINCE 7/1         0.0               0.0     0.0      0.0
SNOWDEPTH AVG.      0                MM      MM        0
DAYS >= TRACE       0               0.0     0.0        0
DAYS >= 1.0         0               0.0     0.0        0
GREATEST
 SNOW DEPTH         0   MM                             0  MM

DEGREE_DAYS
HEATING TOTAL      37                14      23       32
 SINCE 7/1         37                14      23       32
COOLING TOTAL     114               208     -94      194
 SINCE 1/1        202               323    -121      311

FREEZE DATES
RECORD
 EARLIEST     MM
 LATEST       MM
EARLIEST                        MM
LATEST                          MM
.................................................................

WIND (MPH)
AVERAGE WIND SPEED              9.3
RESULTANT WIND SPEED/DIRECTION   1/342
HIGHEST WIND SPEED/DIRECTION    32/150    DATE  07/24
HIGHEST GUST SPEED/DIRECTION    42/110    DATE  07/24

SKY COVER
POSSIBLE SUNSHINE (PERCENT)   MM
AVERAGE SKY COVER           0.20
NUMBER OF DAYS FAIR           23
NUMBER OF DAYS PC              7
NUMBER OF DAYS CLOUDY          1

AVERAGE RH (PERCENT)     72

WEATHER CONDITIONS. NUMBER OF DAYS WITH
THUNDERSTORM              0     MIXED PRECIP               0
HEAVY RAIN                3     RAIN                       3
LIGHT RAIN                6     FREEZING RAIN              0
LT FREEZING RAIN          0     HAIL                       0
HEAVY SNOW                0     SNOW                       0
LIGHT SNOW                0     SLEET                      0
FOG                      12     FOG W/VIS <= 1/4 MILE      2
HAZE                      3

-  INDICATES NEGATIVE NUMBERS.
R  INDICATES RECORD WAS SET OR TIED.
MM INDICATES DATA IS MISSING.
T  INDICATES TRACE AMOUNT.

$$
