000
CXUS51 KPHI 011109
CLMACY


CLIMATE REPORT
NATIONAL WEATHER SERVICE MOUNT HOLLY NJ
709 AM EDT MON JUN 1 2015

...................................

...THE ATLANTIC CITY CLIMATE SUMMARY FOR THE MONTH OF MAY 2015...

CLIMATE NORMAL PERIOD 1981 TO 2010
CLIMATE RECORD PERIOD 1874 TO 2015

WEATHER         OBSERVED          NORMAL  DEPART  LAST YEAR`S
                 VALUE   DATE(S)  VALUE   FROM    VALUE  DATE(S)
                                          NORMAL
................................................................
TEMPERATURE (F)
RECORD
 HIGH              99   05/29/1969
 LOW               25   05/11/1966
HIGHEST            89   05/12        88       1       89  05/27
LOWEST             41   05/02        35       6       41  05/07
                                                          05/06
AVG. MAXIMUM     77.5              71.3     6.2     72.4
AVG. MINIMUM     55.6              51.0     4.6     51.9
MEAN             66.5              61.1     5.4     62.1
DAYS MAX >= 90      0               0.8    -0.8        0
DAYS MAX <= 32      0               0.0     0.0        0
DAYS MIN <= 32      0               0.1    -0.1        0
DAYS MIN <= 0       0               0.0     0.0        0

PRECIPITATION (INCHES)
RECORD
 MAXIMUM         8.80   1948
 MINIMUM            T   2013
TOTALS           0.71              3.35   -2.64     2.26
DAILY AVG.       0.02              0.11   -0.09     0.07
DAYS >= .01         4              10.6    -6.6       10
DAYS >= .10         1               6.4    -5.4        5
DAYS >= .50         1               2.5    -1.5        2
DAYS >= 1.00        0               0.5    -0.5        0
GREATEST
 24 HR. TOTAL    0.57   05/21 TO 05/21              2.43
                        05/20 TO 05/21
                        05/21 TO 05/21

SNOWFALL (INCHES)
RECORDS
 TOTAL             MM   5
 24 HR TOTAL       MM
TOTALS            0.0               0.0     0.0      0.0
SINCE 7/1        22.4              16.5     5.9     43.8
SNOWDEPTH AVG.      0                MM      MM        0
DAYS >= 1.0         0               0.0     0.0        0
GREATEST
 SNOW DEPTH         0   MM                             0  MM
 24 HR TOTAL      0.0   05/31 TO 05/31               0.0

DEGREE_DAYS
HEATING TOTAL      80               174     -94      121
 SINCE 7/1       5154              4878     276     5297
COOLING TOTAL     134                55      79       36
 SINCE 1/1        134                64      70       36
.................................................................

WIND (MPH)
AVERAGE WIND SPEED              8.6
HIGHEST WIND SPEED/DIRECTION    29/320    DATE  05/13
HIGHEST GUST SPEED/DIRECTION    38/300    DATE  05/22

SKY COVER
POSSIBLE SUNSHINE (PERCENT)   MM
AVERAGE SKY COVER           0.30
NUMBER OF DAYS FAIR           21
NUMBER OF DAYS PC              7
NUMBER OF DAYS CLOUDY          3

AVERAGE RH (PERCENT)     67

WEATHER CONDITIONS. NUMBER OF DAYS WITH
THUNDERSTORM              0     MIXED PRECIP               0
HEAVY RAIN                1     RAIN                       1
LIGHT RAIN                8     FREEZING RAIN              0
LT FREEZING RAIN          0     HEAVY SNOW                 0
SNOW                      0     LIGHT SNOW                 0
SLEET                     0     FOG                       15
FOG W/VIS <= 1/4 MILE     6     HAZE                       3

-  INDICATES NEGATIVE NUMBERS.
R  INDICATES RECORD WAS SET OR TIED.
MM INDICATES DATA IS MISSING.
T  INDICATES TRACE AMOUNT.

$$
