000
CXAK58 PADQ 011554
CLMADQ


CLIMATE REPORT
NATIONAL WEATHER SERVICE ANCHORAGE, AK
654 AM AKST WED FEB 1 2017

...................................

...THE KODIAK CLIMATE SUMMARY FOR THE MONTH OF JANUARY 2017...

CLIMATE NORMAL PERIOD 1981 TO 2010
CLIMATE RECORD PERIOD 1913 TO 2017

WEATHER         OBSERVED          NORMAL  DEPART  LAST YEAR`S
                 VALUE   DATE(S)  VALUE   FROM    VALUE  DATE(S)
                                          NORMAL
................................................................
TEMPERATURE (F)
RECORD
 HIGH              54   01/31/1963
 LOW              -16   01/28/1989
HIGHEST            44                MM      MM       44
LOWEST              7                MM      MM       18
AVG. MAXIMUM     35.1              35.0     0.1     39.7
AVG. MINIMUM     21.3              25.9    -4.6     31.9
MEAN             28.2              30.5    -2.3     35.8
DAYS MAX >= 90      0               0.0     0.0        0
DAYS MAX <= 32      7               7.5    -0.5        0
DAYS MIN <= 32     25              21.0     4.0       13
DAYS MIN <= 0       0               0.2    -0.2        0

PRECIPITATION (INCHES)
RECORD
 MAXIMUM           MM   MM
 MINIMUM           MM   MM
TOTALS           2.95              8.29   -5.34     9.83
DAILY AVG.       0.10              0.27   -0.17     0.32
DAYS >= .01         9              19.4   -10.4       24
DAYS >= .10         7              13.4    -6.4       21
DAYS >= .50         2               6.7    -4.7        8
DAYS >= 1.00        0               2.4    -2.4        1
GREATEST
 24 HR. TOTAL    0.66   01/25 TO 01/26           01/21 TO 01/21
                                                          01/29 TO 01/29
                                                          01/29 TO 01/29
 STORM TOTAL       MM                                 MM
 (MM/DD(HH))            MM                    01/21(00) TO 01/21(00)
                                                 01/29(00) TO 01/29(00)9
                                                 01/29(00) TO 01/29(00)9

SNOWFALL (INCHES)
RECORDS
 TOTAL             MM   MM
 24 HR TOTAL       MM
 SNOW DEPTH        MM   MM
TOTALS            7.4              13.0    -5.6      0.1
SINCE 7/1        13.0              34.3   -21.3      0.0
SNOWDEPTH AVG.      1                 3      -2        0
DAYS >= TRACE      10               8.8     1.2       10
DAYS >= 1.0         2               3.8    -1.8
GREATEST
 SNOW DEPTH         6   01/23                          0  MM
 24 HR TOTAL      4.0   01/23 TO 01/23           01/29 TO 01/29
                                                          01/29 TO 01/29
                                                          01/29 TO 01/29
 STORM TOTAL       MM                                 MM
 (MM/DD(HH))            MM

DEGREE_DAYS
HEATING TOTAL    1132              1071      61      752
 SINCE 7/1       4367              4914    -547     3875
COOLING TOTAL       0                 0       0        0
 SINCE 1/1          0                 0       0        0

FREEZE DATES
RECORD
 EARLIEST     MM
 LATEST       MM
EARLIEST                        MM
LATEST                          MM
..........................................................

WIND (MPH)
AVERAGE WIND SPEED              9.8
RESULTANT WIND SPEED/DIRECTION   6/288
HIGHEST WIND SPEED/DIRECTION    37/300    DATE  01/15
HIGHEST GUST SPEED/DIRECTION    50/290    DATE  01/15

SKY COVER
POSSIBLE SUNSHINE (PERCENT)   MM
AVERAGE SKY COVER           0.40
NUMBER OF DAYS FAIR           16
NUMBER OF DAYS PC              6
NUMBER OF DAYS CLOUDY          9

AVERAGE RH (PERCENT)     71

WEATHER CONDITIONS. NUMBER OF DAYS WITH
THUNDERSTORM              0     MIXED PRECIP               0
HEAVY RAIN                1     RAIN                       4
LIGHT RAIN                8     FREEZING RAIN              0
LT FREEZING RAIN          0     HAIL                       0
HEAVY SNOW                0     SNOW                       4
LIGHT SNOW               11     SLEET                      0
FOG                      11     FOG W/VIS <= 1/4 MILE      0
HAZE                      3

-  INDICATES NEGATIVE NUMBERS.
R  INDICATES RECORD WAS SET OR TIED.
MM INDICATES DATA IS MISSING.
T  INDICATES TRACE AMOUNT.

$$
