972
CXAK58 PADQ 011505
CLMADQ

CLIMATE REPORT
NATIONAL WEATHER SERVICE KODIAK, AK
705 AM AKDT FRI JUL 1 2016

...................................

...THE KODIAK AP CLIMATE SUMMARY FOR THE MONTH OF JUNE 2016...

CLIMATE NORMAL PERIOD 1981 TO 2010
CLIMATE RECORD PERIOD 1913 TO 2016

WEATHER         OBSERVED          NORMAL  DEPART  LAST YEAR`S
                 VALUE   DATE(S)  VALUE   FROM    VALUE  DATE(S)
                                          NORMAL
................................................................
TEMPERATURE (F)
RECORD
 HIGH              86   6/28/1953
 LOW               30   6/02/1968
HIGHEST            74   6/15         67       7      80  6/16
LOWEST             38                35       3      38  6/07
AVG. MAXIMUM       59.5              54.8     4.7    60.1
AVG. MINIMUM       48.2              44.5     3.7    48.7
MEAN               53.8              49.7     4.1    54.4
DAYS MAX >= 90      0                 0.0     0.0     0
DAYS MAX <= 32      0                 0.0     0.0     0
DAYS MAX >= 80      0                 0.1    -0.1     1
DAYS MAX >= 70      3                 1.1     1.9     5
DAYS MIN <= 32      0                 0.0     0.0     0
DAYS MIN <= 0       0                 0.0     0.0     0

PRECIPITATION (INCHES)
RECORD
 MAXIMUM           16.88   1987
 MINIMUM            0.67   1997
TOTALS              3.48              5.91   -2.43    3.08
DAILY AVG.          0.12              0.18   -0.06    0.10
DAYS >= .01        21                16.0     5.0    17
DAYS >= .10        14                10.4     3.6     8
DAYS >= .50         1                 3.5    -2.5     2
DAYS >= 1.0         0                 1.4    -1.4     0
GREATEST
 24 HR TOTAL        0.50   6/01                       0.79  6/29

SNOWFALL (INCHES)
RECORDS
 TOTAL              0.0   1955
 24 HR TOTAL        0.0   6-19-1965
 SNOW DEPTH         0     6-30-2016
TOTALS              0.0               0.0     0.0     0.0
SINCE 7/1           0.0              75.1   -75.1    20.1
SNOWDEPTH AVG.      0                 0       0       0
DAYS >= TRACE       0                 0.0     0.0     0
DAYS >= 1.0         0                 0.0     0.0     0
DAYS >= 6.0         0                 0.0     0.0     0
GREATEST
 SNOW DEPTH         0   MM                            0  MM
 24 HR TOTAL      0.0   MM                          0.0  MM

DEGREE_DAYS
HEATING TOTAL     326               461    -135     311
 SINCE 7/1       7243              8795   -1552    7430
COOLING TOTAL       0                 0       0       1
 SINCE 1/1          0                 0       0       1
................................................................

WIND (MPH)
AVERAGE WIND SPEED                8.3
HIGHEST WIND SPEED/DIRECTION     26/290    DATE   06/14
HIGHEST GUST SPEED/DIRECTION     36/280    DATE   06/14

SKY COVER
POSSIBLE SUNSHINE (PERCENT)   MM
AVERAGE SKY COVER             MM
NUMBER OF DAYS FAIR           MM
NUMBER OF DAYS PC             MM
NUMBER OF DAYS CLOUDY         MM

AVERAGE RH (PERCENT)     MM

WEATHER CONDITIONS. NUMBER OF DAYS WITH
THUNDERSTORM              0     ICE PELLETS                 0
RAIN                     21     GLAZE                       0
DRIZZLE                   0     HAIL                        0
SNOW                      0     HAZE                        1
FOG                      21     FOG W/VIS <= 1/4 MILE       0
BLOWING SNOW              0


-  INDICATES NEGATIVE NUMBERS.
R  INDICATES RECORD WAS SET OR TIED.
MM INDICATES DATA IS MISSING.
T  INDICATES TRACE AMOUNT.

&&
....WARMER AND DRIER JUNE...

THE AVERAGE TEMPERATURE FOR KODIAK WAS 53.8 RESULTING IN A PLUS 4.1
DEPARTURE FROM NORMAL. KODIAK HAD 3 DAYS WHERE THE MAX TEMPERATURE
REACHED THE 70S AND NUMEROUS IN THE 60S.

JUNE WAS ALSO DRIER THAN NORMAL WITH A DEPARTURE FROM NORMAL
OF MINUS 2.43 INCHES.

$$
JTS JUL 16
