000
CXUS55 KCYS 081700
CLMAIA


CLIMATE REPORT
NATIONAL WEATHER SERVICE CHEYENNE WY
1100 AM MDT TUE APR 8 2014

...................................

...THE ALLIANCE NE AIRPORT CLIMATE SUMMARY FOR THE MONTH OF MARCH 2014...

CLIMATE NORMAL PERIOD 1981 TO 2010
CLIMATE RECORD PERIOD 1896 TO 2014

WEATHER         OBSERVED          NORMAL  DEPART  LAST YEAR`S
                 VALUE   DATE(S)  VALUE   FROM    VALUE
                                          NORMAL
.............................................................
TEMPERATURE (F)
RECORD
 HIGH              84   03/29/1943
                        03/22/1910
 LOW              -25   03/05/1989
HIGHEST            73   03/26        MM      MM       74
LOWEST             -5   03/02        MM      MM       -2
                        03/01
AVG. MAXIMUM     50.1              51.2    -1.1     52.1
AVG. MINIMUM     20.4              21.9    -1.5     18.2
MEAN             35.2              36.6    -1.4     35.1
DAYS MAX >= 90      0               0.0                0
DAYS MAX <= 32      3               3.3                2
DAYS MIN <= 32     31              28.0               31
DAYS MIN <= 0       3               0.6                1

PRECIPITATION (INCHES)
RECORD
 MAXIMUM         2.39   1973
 MINIMUM         0.00   2012
                        2002
TOTALS           0.49              0.85   -0.36     0.05
DAYS >= .01         8                MM      MM        1
DAYS >= .10         2                MM      MM        0
DAYS >= .50         0                MM      MM        0
DAYS >= 1.00        0                MM      MM        0
GREATEST
 24 HR. TOTAL    0.17   03/31 TO 03/31

DEGREE_DAYS
HEATING TOTAL     917               882      35      919
 SINCE 7/1       6481              6286     195     6032
COOLING TOTAL       0                 0       0        0
 SINCE 1/1          0                 0       0        0
..............................................................

WIND (MPH)
AVERAGE WIND SPEED              12.7
HIGHEST WIND SPEED/DIRECTION    40/320    DATE  03/31
HIGHEST GUST SPEED/DIRECTION    51/320    DATE  03/31

SKY COVER
POSSIBLE SUNSHINE (PERCENT)   MM
AVERAGE SKY COVER           0.40
NUMBER OF DAYS FAIR           17
NUMBER OF DAYS PC             10
NUMBER OF DAYS CLOUDY          4

AVERAGE RH (PERCENT)     65

WEATHER CONDITIONS. NUMBER OF DAYS WITH
THUNDERSTORM              0     MIXED PRECIP               0
HEAVY RAIN                0     RAIN                       0
LIGHT RAIN                3     FREEZING RAIN              0
LT FREEZING RAIN          0     HAIL                       0
HEAVY SNOW                1     SNOW                       4
LIGHT SNOW               12     SLEET                      0
FOG                      14     FOG W/VIS <= 1/4 MILE      3
HAZE                      4

-  INDICATES NEGATIVE NUMBERS.
R  INDICATES RECORD WAS SET OR TIED.
MM INDICATES DATA IS MISSING.
T  INDICATES TRACE AMOUNT.

$$
