000
CXAK57 PAJK 011514
CLMAJK

CLIMATE REPORT
NATIONAL WEATHER SERVICE JUNEAU, AK
432 AM AKST MON FEB 1 2016

...................................

...THE JUNEAU CLIMATE SUMMARY FOR THE MONTH OF JANUARY 2016...

CLIMATE NORMAL PERIOD 1981 TO 2010
CLIMATE RECORD PERIOD 1936 TO 2016

WEATHER         OBSERVED          NORMAL  DEPART  LAST YEAR`S
                 VALUE   DATE(S)  VALUE   FROM    VALUE  DATE(S)
                                          NORMAL
................................................................
TEMPERATURE (F)
RECORD
 HIGH              60   01/20/1942
 LOW              -22   01/12/1972
HIGHEST            47   01/27        43       4       48  01/22
LOWEST             16   01/08         2      14       13  01/05
AVG. MAXIMUM     38.9              32.8     6.1     38.7
AVG. MINIMUM     30.8              23.7     7.1     31.5
MEAN             34.9              28.3     6.6     35.1
DAYS MAX >= 90      0               0.0     0.0        0
DAYS MAX <= 32      5              11.7    -6.7        8
DAYS MIN <= 32     14              22.8    -8.8       16
DAYS MIN <= 0       0               1.0    -1.0        0

PRECIPITATION (INCHES)
RECORD
 MAXIMUM        11.98   2015
 MINIMUM         0.94   1950
TOTALS           6.53              5.35    1.18    11.98
DAILY AVG.       0.21              0.17    0.04     0.39
DAYS >= .01        20              20.6    -0.6       22
DAYS >= .10        13              13.0     0.0       20
DAYS >= .50         7               3.1     3.9       10
DAYS >= 1.00        0               0.8    -0.8        3
GREATEST
 24 HR. TOTAL    1.47   01/25 TO 01/26              1.98  01/20 TO 01/21


SNOWFALL (INCHES)
RECORDS
 TOTAL           75.2   2009
 24 HR TOTAL     19.6   01/14/1966 TO 01/15/1966
 SNOW DEPTH        38   01/20/1966
TOTALS              T              27.7   -27.7     15.1
SINCE 7/1        32.9              57.2   -24.3     28.4
SNOWDEPTH AVG.      0                 7      -7        2
DAYS >= TRACE       4              10.6    -6.6       10
DAYS >= 1.0         0               6.9    -6.9        3
GREATEST
 SNOW DEPTH         0   01/02                          8  01/08
 24 HR TOTAL        T   01/17 TO 01/17               6.0  01/28 TO 01/28


DEGREE_DAYS
HEATING TOTAL     929              1139    -210      920
 SINCE 7/1       4374              4860    -486     4301
COOLING TOTAL       0                 0       0        0
 SINCE 1/1          0                 0       0        0

FREEZE DATES
RECORD
 EARLIEST     08/24/1969
 LATEST       06/13/1965
EARLIEST                        09/30
LATEST                          05/12
.........................................................

WIND (MPH)
AVERAGE WIND SPEED              6.7
RESULTANT WIND SPEED/DIRECTION   6/107
HIGHEST WIND SPEED/DIRECTION    45/110    DATE  01/26
HIGHEST GUST SPEED/DIRECTION    59/120    DATE  01/26

SKY COVER
AVERAGE SKY COVER           0.90
NUMBER OF DAYS FAIR            3
NUMBER OF DAYS PC              3
NUMBER OF DAYS CLOUDY         25

AVERAGE RH (PERCENT)     89

WEATHER CONDITIONS. NUMBER OF DAYS WITH
THUNDERSTORM              0     MIXED PRECIP               0
HEAVY RAIN                0     RAIN                       6
LIGHT RAIN               23     FREEZING RAIN              0
LT FREEZING RAIN          2     HAIL                       0
HEAVY SNOW                0     SNOW                       0
LIGHT SNOW                4     SLEET                      0
FOG                      27     FOG W/VIS <= 1/4 MILE      9
HAZE                      0

-  INDICATES NEGATIVE NUMBERS.
R  INDICATES RECORD WAS SET OR TIED.
MM INDICATES DATA IS MISSING.
T  INDICATES TRACE AMOUNT.

$$

...A WARM AND RAINY JANUARY FOR JUNEAU...

JANUARY 2016 WILL BE REMEMBERED FOR ABNORMALLY WARM TEMPERATURES AND FOR RECORD
LOW SNOWFALL.  THE MONTH BEGAN ON A WARM NOTE WITH HIGH TEMPERATURES ON THE 1ST
AND 2ND ABOVE 40 DEGREES.  THE 4TH THROUGH THE 9TH MARKED THE ONLY STRETCH OF
BELOW NORMAL TEMPERATURES FOR JANUARY WITH DAY TIME HIGHS BELOW THE FREEZING
MARK AND MORNING LOWS AS LOW AS 16 DEGREES.  FROM THE 10TH THROUGH THE END OF
THE MONTH...A SERIES OF WARM STORM SYSTEMS MOVED ACROSS SOUTHEAST ALASKA FROM
THE SOUTHWEST.  TEMPERATURES REMAINED WELL ABOVE NORMAL...PEAKING AS HIGH AS 47
DEGREES ON THE 27TH WHICH WAS A DAILY RECORD HIGH TEMPERATURE FOR THE JUNEAU
AIRPORT.  IN SPITE OF THE STRING OF COOLER THAN NORMAL DAYS NEAR THE BEGINING
OF THE MONTH...THE AVERAGE TEMPERATURE FOR THE JUNEAU AIRPORT WAS 6.6 DEGREES
ABOVE NORMAL FOR THE MONTH OF JANUARY.

JANUARY BEGAN WITH A RAINY STORM SYSTEM...A STARK CONTRAST FROM A COLD AND
SNOWY DECEMBER. THE MONTH THEN REMAINED DRIER THAN NORMAL FROM THE 4TH THROUGH
THE 9TH AS A RIDGE OF HIGH PRESSURE BROUGHT THE COOL TEMPERATURES AND CLEARING
SKIES TO THE JUNEAU AREA.  THE MONTH ENDED WITH A SERIES OF FRONTAL SYSTEMS
FROM THE CENTRAL PACIFIC BRINGING HIGH AMOUNTS OF MOISTURE INTO THE PANHANDLE.
THE PRECIPITATION PEAKED ON THE 27TH AND 28TH AS THE AIRPORT RECORDED TWO
CONSECUTIVE DAYS WITH GREATER THAN 0.75 INCHES OF RAIN.  OVERALL THE 6.53
INCHES OF PRECIPITATION RECORDED DURING THE MONTH OF JANUARY BOOSTED THE
AIRPORT TO 1.18 INCHES ABOVE NORMAL TO START THE YEAR.  BECAUSE OF THE WARM AIR
PULLED INTO THE PANHANDLE WITH THE CONSECUTIVE STORM SYSTEMS...THE JUNEAU
AIRPORT ONLY RECORDED A TRACE OF SNOWFALL DURING JANUARY.  THIS TIES THE RECORD
FOR THE LEAST AMOUNT OF SNOW EVER RECORDED FOR THE JUNEAU AIRPORT...A RECORD
THAT DATES BACK TO 1942.

ALONG WITH THE RAIN...THE JUNEAU AREA ALSO EXPERIENCED HIGH WINDS ON THE
MORNING OF THE 26TH AS A STRONG LOW PRESSURE SYSTEM TRACKED ACROSS THE AREA.
THE AIRPORT RECORDED A PEAK GUST OF 59 MPH DURING THIS STORM WHILE MANY AREAS
AROUND JUNEAU RECORDED WIND GUSTS OF 60 TO 70 MPH.

OVERALL THE MONTH OF JANUARY...WITH ITS WARM TEMPERATURES...RAIN AND WIND WAS
MORE REMENISCENT OF A WEATHER PATTERN DURING THE AUTUMN SEASON THAN THE HEART
OF WINTER.

$$
