041
CXAK58 PAKN 011651
CLMAKN


CLIMATE REPORT
NATIONAL WEATHER SERVICE ANCHORAGE, AK
851 AM AKDT SAT APR 1 2017

...................................

...THE KING SALMON CLIMATE SUMMARY FOR THE MONTH OF MARCH 2017...

CLIMATE NORMAL PERIOD 1981 TO 2010
CLIMATE RECORD PERIOD 1917 TO 2017

WEATHER         OBSERVED          NORMAL  DEPART  LAST YEAR`S
                 VALUE   DATE(S)  VALUE   FROM    VALUE  DATE(S)
                                          NORMAL
................................................................
TEMPERATURE (F)
RECORD
 HIGH              59   MM
 LOW              -10   03/18/2017
HIGHEST            48                MM      MM       52
LOWEST            -10R               MM      MM        4
AVG. MAXIMUM     23.0              32.7    -9.7     41.4
AVG. MINIMUM      1.8              15.6   -13.8     24.7
MEAN             12.4              24.1   -11.7     33.0
DAYS MAX >= 90      0               0.0     0.0        0
DAYS MAX <= 32     29              12.2    16.8        4
DAYS MIN <= 32     31              26.9     4.1       25
DAYS MIN <= 0      14               5.3     8.7        0

PRECIPITATION (INCHES)
RECORD
 MAXIMUM           MM   MM
 MINIMUM           MM   MM
TOTALS           0.05              0.70   -0.65     1.95
DAILY AVG.       0.00              0.02   -0.02     0.06
DAYS >= .01         2               9.1    -7.1       13
DAYS >= .10         0               2.5    -2.5        7
DAYS >= .50         0               0.1    -0.1        1
DAYS >= 1.00        0               0.0     0.0        0
GREATEST
 24 HR. TOTAL    0.04   03/31 TO 03/31           03/30 TO 03/30
                                                          03/28 TO 03/28
                                                          03/28 TO 03/28
 STORM TOTAL       MM                                 MM
 (MM/DD(HH))            MM                    03/30(00) TO 03/30(00)
                                                 03/28(00) TO 03/28(00)8
                                                 03/28(00) TO 03/28(00)8

SNOWFALL (INCHES)
RECORDS
 TOTAL             MM   MM
 24 HR TOTAL       MM
 SNOW DEPTH        MM   MM
TOTALS            0.4               6.4    -6.0      0.0
SINCE 7/1        23.1              41.9   -18.8      0.0
SNOWDEPTH AVG.      0                 2      -2        0
DAYS >= TRACE       2               7.8    -5.8        0
DAYS >= 1.0         0               2.5    -2.5
GREATEST
 SNOW DEPTH         1   03/31                          2  03/21
 24 HR TOTAL      0.2   MM                       03/28 TO 03/28
                                                          03/28 TO 03/28
                                                          03/28 TO 03/28
 STORM TOTAL       MM                                 MM
 (MM/DD(HH))            MM

DEGREE_DAYS
HEATING TOTAL    1624              1266     358      949
 SINCE 7/1       8757              8886    -129     6611
COOLING TOTAL       0                 0       0        0
 SINCE 1/1          0                 0       0        0

FREEZE DATES
RECORD
 EARLIEST     MM
 LATEST       MM
EARLIEST                        MM
LATEST                          MM
.........................................................

WIND (MPH)
AVERAGE WIND SPEED              10.9
RESULTANT WIND SPEED/DIRECTION  10/360
HIGHEST WIND SPEED/DIRECTION    39/340    DATE  03/15
HIGHEST GUST SPEED/DIRECTION    51/340    DATE  03/15

SKY COVER
POSSIBLE SUNSHINE (PERCENT)   MM
AVERAGE SKY COVER           0.20
NUMBER OF DAYS FAIR           26
NUMBER OF DAYS PC              3
NUMBER OF DAYS CLOUDY          2

AVERAGE RH (PERCENT)     64

WEATHER CONDITIONS. NUMBER OF DAYS WITH
THUNDERSTORM              0     MIXED PRECIP               0
HEAVY RAIN                0     RAIN                       0
LIGHT RAIN                1     FREEZING RAIN              0
LT FREEZING RAIN          0     HAIL                       0
HEAVY SNOW                0     SNOW                       0
LIGHT SNOW                2     SLEET                      0
FOG                       2     FOG W/VIS <= 1/4 MILE      0
HAZE                      1

-  INDICATES NEGATIVE NUMBERS.
R  INDICATES RECORD WAS SET OR TIED.
MM INDICATES DATA IS MISSING.
T  INDICATES TRACE AMOUNT.

$$
