000
CXUS55 KPUB 011645
CLMALS


CLIMATE REPORT
NATIONAL WEATHER SERVICE PUEBLO
1045 AM MDT WED NOV 1 2017

...................................

...THE ALAMOSA CO CLIMATE SUMMARY FOR THE MONTH OF OCTOBER 2017...

CLIMATE NORMAL PERIOD 1981 TO 2010
CLIMATE RECORD PERIOD 1932 TO 2017

WEATHER         OBSERVED          NORMAL  DEPART  LAST YEAR`S
                 VALUE   DATE(S)  VALUE   FROM    VALUE  DATE(S)
                                          NORMAL
................................................................
TEMPERATURE (F)
RECORD
 HIGH              81   10/07/1979
 LOW               -9   10/31/1991
HIGHEST            75   10/04        68       7       78  10/15
LOWEST             15   10/27        18      -3       11  10/20
                        10/16
                        10/15
AVG. MAXIMUM     64.5              61.7     2.8     68.9
AVG. MINIMUM     24.3              24.5    -0.2     26.5
MEAN             44.4              43.1     1.3     47.7
DAYS MAX >= 90      0               0.0     0.0
DAYS MAX <= 32      0               0.2    -0.2
DAYS MIN <= 32     25              26.2    -1.2
DAYS MIN <= 0       0               0.1    -0.1

PRECIPITATION (INCHES)
RECORD
 MAXIMUM         2.37   1969
 MINIMUM         0.00   1995
                        1934
TOTALS           0.06              0.68   -0.62     0.02
DAILY AVG.       0.00              0.02   -0.02
DAYS >= .01         4               4.7    -0.7
DAYS >= .10         0               2.2    -2.2
DAYS >= .50         0               0.3    -0.3
DAYS >= 1.00        0               0.0     0.0
GREATEST
 24 HR. TOTAL    0.04   10/04 TO 10/05

SNOWFALL (INCHES)
RECORDS
 TOTAL           20.3   1969
TOTALS              T               2.1    -2.1      0.0
SINCE 7/1           T               2.1    -2.1      0.0
SNOWDEPTH AVG.      0
DAYS >= 1.0         0               0.6    -0.6
GREATEST
 SNOW DEPTH         0   MM                             0
 24 HR TOTAL        T   10/09 TO 10/09               0.0
                        10/31 TO 10/31

DEGREE_DAYS
HEATING TOTAL     631               679     -48      528
 SINCE 7/1        975              1110    -135      923
COOLING TOTAL       0                 0       0        0
 SINCE 1/1         76                51      25      115
.................................................................

WIND (MPH)
AVERAGE WIND SPEED              8.3
HIGHEST WIND SPEED/DIRECTION    38/230    DATE  10/02
HIGHEST GUST SPEED/DIRECTION    52/230    DATE  10/04

SKY COVER
POSSIBLE SUNSHINE (PERCENT)   MM
AVERAGE SKY COVER           0.10
NUMBER OF DAYS FAIR           28
NUMBER OF DAYS PC              3
NUMBER OF DAYS CLOUDY          0

AVERAGE RH (PERCENT)     52

WEATHER CONDITIONS. NUMBER OF DAYS WITH
THUNDERSTORM              1     MIXED PRECIP               0
HEAVY RAIN                0     RAIN                       1
LIGHT RAIN                5     FREEZING RAIN              0
LT FREEZING RAIN          0     HAIL                       0
HEAVY SNOW                0     SNOW                       0
LIGHT SNOW                2     SLEET                      0
FOG                       5     FOG W/VIS <= 1/4 MILE      1
HAZE                      2

-  INDICATES NEGATIVE NUMBERS.
R  INDICATES RECORD WAS SET OR TIED.
MM INDICATES DATA IS MISSING.
T  INDICATES TRACE AMOUNT.

$$
