000
CXUS54 KAMA 011307 CCA
CLMAMA

CLIMATE REPORT...CORRECTED
NATIONAL WEATHER SERVICE AMARILLO TX
756 AM CDT TUE SEP 1 2015

...................................

...THE AMARILLO CLIMATE SUMMARY FOR THE MONTH OF AUGUST 2015...

CLIMATE NORMAL PERIOD 1981 TO 2010
CLIMATE RECORD PERIOD 1892 TO 2015

WEATHER         OBSERVED          NORMAL  DEPART  LAST YEAR`S
                 VALUE   DATE(S)  VALUE   FROM    VALUE  DATE(S)
                                          NORMAL
................................................................
TEMPERATURE (F)
RECORD
 HIGH             107   08/03/2012
 LOW               48   08/26/2010
                        08/30/1915
HIGHEST            97   08/06                        104  08/31
LOWEST             55   08/20                         58  08/01
AVG. MAXIMUM     89.0              89.4    -0.4     93.2
AVG. MINIMUM     64.6              64.2     0.4     65.3
MEAN             76.8              76.8     0.0     79.3
DAYS MAX >= 90     15              16.5    -1.5       23
DAYS MAX <= 32      0               0.0     0.0        0
DAYS MIN <= 32      0               0.0     0.0        0
DAYS MIN <= 0       0               0.0     0.0        0

PRECIPITATION (INCHES)
RECORD
 MAXIMUM         8.07   2009
 MINIMUM         0.15   1938
TOTALS           3.68              2.91    0.77     1.76
DAILY AVG.       0.12              0.09    0.03     0.06
DAYS >= .01        10               8.2     1.8        7
DAYS >= .10         7               5.3     1.7        5
DAYS >= .50         3               1.9     1.1        2
DAYS >= 1.00        0               0.7    -0.7        0
GREATEST
 24 HR. TOTAL    1.56   07/31 TO 08/01

SNOWFALL (INCHES)
RECORDS
 TOTAL              T   2009
                        2005
                        1999
TOTALS            0.0               0.0     0.0      0.0
SINCE 7/1         0.0               0.0     0.0      0.0
DAYS >= TRACE       0               0.0     0.0        0
DAYS >= 1.0         0               0.0     0.0        0
GREATEST
 SNOW DEPTH         0   MM
 24 HR TOTAL      0.0   08/31 TO 08/31

DEGREE_DAYS
HEATING TOTAL       0                 1      -1        0
 SINCE 7/1          0                 1      -1        0
COOLING TOTAL     372               367       5      452
 SINCE 1/1       1146              1192     -46     1330
.................................................................

WIND (MPH)
AVERAGE WIND SPEED              11.1
HIGHEST WIND SPEED/DIRECTION    40/080    DATE  08/19
HIGHEST GUST SPEED/DIRECTION    47/080    DATE  08/19

SKY COVER
POSSIBLE SUNSHINE (PERCENT)   MM
NUMBER OF DAYS FAIR           26
NUMBER OF DAYS PC              5
NUMBER OF DAYS CLOUDY          0

AVERAGE RH (PERCENT)     62

WEATHER CONDITIONS. NUMBER OF DAYS WITH
THUNDERSTORM             13     MIXED PRECIP               0
HEAVY RAIN                5     RAIN                       5
LIGHT RAIN               11     FREEZING RAIN              0
LT FREEZING RAIN          0     HAIL                       0
HEAVY SNOW                0     SNOW                       0
LIGHT SNOW                0     SLEET                      0
FOG                       8     FOG W/VIS <= 1/4 MILE      1
HAZE                      3

-  INDICATES NEGATIVE NUMBERS.
R  INDICATES RECORD WAS SET OR TIED.
MM INDICATES DATA IS MISSING.
T  INDICATES TRACE AMOUNT.

$$
