000
CXUS52 KJAX 012112
CLMAMG

CLIMATE REPORT
NATIONAL WEATHER SERVICE JACKSONVILLE FL
509 PM EDT MON SEP 1 2014

...................................

...THE ALMA CLIMATE SUMMARY FOR THE MONTH OF JULY 2014...

CLIMATE NORMAL PERIOD 1981 TO 2010
CLIMATE RECORD PERIOD 1948 TO 2014

WEATHER         OBSERVED          NORMAL  DEPART  LAST YEAR`S
                 VALUE   DATE(S)  VALUE   FROM    VALUE  DATE(S)
                                          NORMAL
................................................................
TEMPERATURE (F)
RECORD
 HIGH             104   07/20/2000
 LOW               56   07/16/1967
HIGHEST            99   07/27        92       7       94  07/29
LOWEST             63   07/05        72      -9       70  07/19
                                                          07/18
                                                          07/17
AVG. MAXIMUM     93.3              92.4     0.9     89.0
AVG. MINIMUM     70.4              71.7    -1.3     71.9
MEAN             81.8              82.0    -0.2     80.5
DAYS MAX >= 90     27              23.3     3.7       16
DAYS MAX <= 32      0               0.0     0.0        0
DAYS MIN <= 32      0               0.0     0.0        0
DAYS MIN <= 0       0               0.0     0.0        0

PRECIPITATION (INCHES)
RECORD
 MAXIMUM        12.17   1971
 MINIMUM         0.77   2006
TOTALS           0.41R             5.33   -4.92     6.98
DAILY AVG.       0.01              0.17   -0.16     0.23
DAYS >= .01         5              13.1    -8.1       18
DAYS >= .10         2               8.7    -6.7       17
DAYS >= .50         0               3.4    -3.4        6
DAYS >= 1.00        0               1.4    -1.4        1
GREATEST
 24 HR. TOTAL    0.19

SNOWFALL (INCHES)
RECORDS
 TOTAL             MM   MM
TOTALS            0.0               0.0     0.0      0.0
SINCE 7/1         0.0               0.0     0.0      0.0
SNOWDEPTH AVG.      0                MM      MM        0
DAYS >= 1.0         0               0.0     0.0        0
GREATEST
 SNOW DEPTH         0   MM                             0  MM
 24 HR TOTAL      0.0

DEGREE_DAYS
HEATING TOTAL       0                 0       0        0
 SINCE 7/1          0                 0       0        0
COOLING TOTAL     530               529       1      489
 SINCE 1/1       1373              1402     -29     1259
.................................................................

WIND (MPH)
AVERAGE WIND SPEED              4.4
HIGHEST WIND SPEED/DIRECTION    23/210    DATE  07/15
HIGHEST GUST SPEED/DIRECTION    32/190    DATE  07/15

SKY COVER
POSSIBLE SUNSHINE (PERCENT)   MM
AVERAGE SKY COVER           0.30
NUMBER OF DAYS FAIR           24
NUMBER OF DAYS PC              7
NUMBER OF DAYS CLOUDY          0

AVERAGE RH (PERCENT)     69

WEATHER CONDITIONS. NUMBER OF DAYS WITH
THUNDERSTORM              0     MIXED PRECIP               0
HEAVY RAIN                2     RAIN                       2
LIGHT RAIN                6     FREEZING RAIN              0
LT FREEZING RAIN          0     HAIL                       0
HEAVY SNOW                0     SNOW                       0
LIGHT SNOW                0     SLEET                      0
FOG                      26     FOG W/VIS <= 1/4 MILE      4
HAZE                      5

-  INDICATES NEGATIVE NUMBERS.
R  INDICATES RECORD WAS SET OR TIED.
MM INDICATES DATA IS MISSING.
T  INDICATES TRACE AMOUNT.

$$
