000
CXUS53 KAPX 010540
CLMAPN


CLIMATE REPORT
NATIONAL WEATHER SERVICE GAYLORD MI
139 AM EDT MON SEP 1 2014

...................................

...THE ALPENA MI CLIMATE SUMMARY FOR THE MONTH OF AUGUST 2014...

CLIMATE NORMAL PERIOD 1981 TO 2010
CLIMATE RECORD PERIOD 1916 TO 2014

WEATHER         OBSERVED          NORMAL  DEPART  LAST YEAR`S
                 VALUE   DATE(S)  VALUE   FROM    VALUE  DATE(S)
                                          NORMAL
................................................................
TEMPERATURE (F)
RECORD
 HIGH             102   08/02/1988
 LOW               30   08/29/1982
HIGHEST            82   08/09        MM      MM       93  08/25
LOWEST             43   08/28        MM      MM       43  08/15
                                                          08/10
AVG. MAXIMUM     75.4              77.0    -1.6     79.2
AVG. MINIMUM     52.9              53.7    -0.8     53.1
MEAN             64.2              65.4    -1.2     66.2
DAYS MAX >= 90      0               1.0    -1.0        3
DAYS MAX <= 32      0               0.0     0.0        0
DAYS MIN <= 32      0               0.0     0.0        0
DAYS MIN <= 0       0               0.0     0.0        0

PRECIPITATION (INCHES)
RECORD
 MAXIMUM           MM   MM
 MINIMUM           MM   MM
TOTALS           5.31              3.23    2.08     1.58
DAILY AVG.       0.17              0.10    0.07     0.05
DAYS >= .01         7              10.2    -3.2        8
DAYS >= .10         6               6.2    -0.2        4
DAYS >= .50         3               2.4     0.6        1
DAYS >= 1.00        1               0.7     0.3        0
GREATEST
 24 HR. TOTAL    3.82   08/11 TO 08/12
 STORM TOTAL       MM
 (MM/DD(HH))            MM

SNOWFALL (INCHES)
RECORDS
 TOTAL             MM   MM
 SNOW DEPTH        MM   MM
TOTALS            0.0               0.0     0.0      0.0
SINCE 7/1         0.0               0.0     0.0      0.0
SNOWDEPTH AVG.      0                MM      MM        0
DAYS >= TRACE       0               0.0     0.0        0
DAYS >= 1.0         0               0.0     0.0        0
GREATEST
 SNOW DEPTH         0   MM                             0  MM
 24 HR TOTAL      0.0   08/31 TO 08/31               0.0

DEGREE_DAYS
HEATING TOTAL      55                71     -16       58
 SINCE 7/1        124               115       9      111
COOLING TOTAL      39                81     -42      101
 SINCE 1/1        150               266    -116      307

FREEZE DATES
RECORD
 EARLIEST     MM
 LATEST       MM
EARLIEST                        MM
LATEST                          MM
.................................................................

WIND (MPH)
AVERAGE WIND SPEED              5.7
HIGHEST WIND SPEED/DIRECTION    25/340    DATE  08/13
HIGHEST GUST SPEED/DIRECTION    35/320    DATE  08/13

SKY COVER
POSSIBLE SUNSHINE (PERCENT)   MM
AVERAGE SKY COVER           0.40
NUMBER OF DAYS FAIR           15
NUMBER OF DAYS PC             12
NUMBER OF DAYS CLOUDY          4

AVERAGE RH (PERCENT)     77

WEATHER CONDITIONS. NUMBER OF DAYS WITH
THUNDERSTORM              0     MIXED PRECIP               0
HEAVY RAIN                4     RAIN                       5
LIGHT RAIN               11     FREEZING RAIN              0
LT FREEZING RAIN          0     HAIL                       0
HEAVY SNOW                0     SNOW                       0
LIGHT SNOW                0     SLEET                      0
FOG                      20     FOG W/VIS <= 1/4 MILE      5
HAZE                      0

-  INDICATES NEGATIVE NUMBERS.
R  INDICATES RECORD WAS SET OR TIED.
MM INDICATES DATA IS MISSING.
T  INDICATES TRACE AMOUNT.

$$
