000
CXUS43 KLOT 011807
CLMARR


CLIMATE REPORT
NATIONAL WEATHER SERVICE CHICAGO IL
1159 AM CST SUN FEB 1 2015

...................................

...THE AURORA MUNICIPAL AIRPORT CLIMATE SUMMARY FOR THE MONTH OF JANUARY 2015...

CLIMATE NORMAL PERIOD 1981 TO 2010
CLIMATE RECORD PERIOD 1998 TO 2015

WEATHER         OBSERVED          NORMAL  DEPART  LAST YEAR`S
                 VALUE   DATE(S)  VALUE   FROM    VALUE
                                          NORMAL
.............................................................
TEMPERATURE (F)
RECORD
 HIGH              64   01/29/2013
                        01/07/2008
 LOW              -17   01/06/2014
HIGHEST            42   01/17                         38
LOWEST            -16   01/06                        -17
AVG. MAXIMUM     29.5              29.1     0.4     20.6
AVG. MINIMUM     12.7              12.6     0.1      0.8
MEAN             21.1              20.8     0.3     10.3

PRECIPITATION (INCHES)
RECORD
 MAXIMUM           MM   MM
 MINIMUM           MM   MM
TOTALS           0.68              1.47   -0.79     0.80

DEGREE_DAYS
HEATING TOTAL    1355              1368     -13     1275
 SINCE 7/1       3964              4017     -53     4104
COOLING TOTAL       0                 0       0        0
 SINCE 1/1          0                 0       0        0
..............................................................

WIND (MPH)
AVERAGE WIND SPEED              10.0
HIGHEST WIND SPEED/DIRECTION    37/270    DATE  01/08
HIGHEST GUST SPEED/DIRECTION    45/260    DATE  01/08

AVERAGE RH (PERCENT)     74


-  INDICATES NEGATIVE NUMBERS.
R  INDICATES RECORD WAS SET OR TIED.
MM INDICATES DATA IS MISSING.
T  INDICATES TRACE AMOUNT.

$$
