000
CXUS42 KFFC 020240
CLMATL


CLIMATE REPORT
NATIONAL WEATHER SERVICE PEACHTREE CITY GA
1039 PM EDT MON JUN 1 2015

...................................

...THE ATLANTA CLIMATE SUMMARY FOR THE MONTH OF MAY 2015...

CLIMATE NORMAL PERIOD 1981 TO 2010
CLIMATE RECORD PERIOD 1878 TO 2015

WEATHER         OBSERVED          NORMAL  DEPART  LAST YEAR`S
                 VALUE   DATE(S)  VALUE   FROM    VALUE  DATE(S)
                                          NORMAL
................................................................
TEMPERATURE (F)
RECORD
 HIGH              97   05/29/1941
 LOW               37   05/04/1971
HIGHEST            89   05/11        95      -6       90  05/25
                        05/10
LOWEST             48   05/01        37      11       46  05/16
AVG. MAXIMUM     82.8              79.9     2.9     81.1
AVG. MINIMUM     63.4              60.3     3.1     61.2
MEAN             73.1              70.1     3.0     71.2
DAYS MAX >= 90      0               1.1    -1.1        1
DAYS MAX <= 32      0               0.0     0.0        0
DAYS MIN <= 32      0               0.0     0.0        0
DAYS MIN <= 0       0               0.0     0.0        0

PRECIPITATION (INCHES)
RECORD
 MAXIMUM         9.94   2003
 MINIMUM         0.30   1914
TOTALS           4.44              3.67    0.77     2.29
DAILY AVG.       0.14              0.12    0.02     0.07
DAYS >= .01         7               9.3    -2.3        7
DAYS >= .10         7               6.2     0.8        4
DAYS >= .50         4               2.7     1.3        1
DAYS >= 1.00        2               0.8     1.2        1
GREATEST
 24 HR. TOTAL    1.59   05/25 TO 05/26           05/14 TO 05/15
                                                          05/31 TO 05/31
                                                          05/31 TO 05/31

DEGREE_DAYS
HEATING TOTAL       6                26     -20       32
 SINCE 7/1       2656              2766    -110     2929
COOLING TOTAL     263               184      79      230
 SINCE 1/1        359               250     109      283
..................................................

WIND (MPH)
AVERAGE WIND SPEED              6.2
HIGHEST WIND SPEED/DIRECTION    35/310    DATE  05/27
HIGHEST GUST SPEED/DIRECTION    39/310    DATE  05/27

SKY COVER
POSSIBLE SUNSHINE (PERCENT)   MM
AVERAGE SKY COVER           0.50
NUMBER OF DAYS FAIR            7
NUMBER OF DAYS PC             15
NUMBER OF DAYS CLOUDY          9

AVERAGE RH (PERCENT)     62

WEATHER CONDITIONS. NUMBER OF DAYS WITH
THUNDERSTORM              0     MIXED PRECIP               0
HEAVY RAIN                6     RAIN                       5
LIGHT RAIN                8     FREEZING RAIN              0
LT FREEZING RAIN          0     HAIL                       0
HEAVY SNOW                0     SNOW                       0
LIGHT SNOW                0     SLEET                      0
FOG                       8     FOG W/VIS <= 1/4 MILE      0
HAZE                      1

-  INDICATES NEGATIVE NUMBERS.
R  INDICATES RECORD WAS SET OR TIED.
MM INDICATES DATA IS MISSING.
T  INDICATES TRACE AMOUNT.

$$
