000
CXUS42 KFFC 031513
CLMATL


CLIMATE REPORT
NATIONAL WEATHER SERVICE PEACHTREE CITY GA
1113 AM EDT TUE MAY 3 2016

...................................

...THE ATLANTA CLIMATE SUMMARY FOR THE MONTH OF APRIL 2016...

CLIMATE NORMAL PERIOD 1981 TO 2010
CLIMATE RECORD PERIOD 1878 TO 2016

WEATHER         OBSERVED          NORMAL  DEPART  LAST YEAR`S
                 VALUE   DATE(S)  VALUE   FROM    VALUE  DATE(S)
                                          NORMAL
................................................................
TEMPERATURE (F)
RECORD
 HIGH              93   04/27/1986
                        04/24/1925
 LOW               25   04/02/1881
HIGHEST            88   04/29        93      -5       87  04/08
LOWEST             40   04/10        26      14       45  04/05
AVG. MAXIMUM     74.2              72.5     1.7     74.7
AVG. MINIMUM     54.0              51.5     2.5     56.7
MEAN             64.1              62.0     2.1     65.7
DAYS MAX >= 90      0               0.1    -0.1        0
DAYS MAX <= 32      0               0.0     0.0        0
DAYS MIN <= 32      0               0.3    -0.3        0
DAYS MIN <= 0       0               0.0     0.0        0

PRECIPITATION (INCHES)
RECORD
 MAXIMUM        11.86   1979
 MINIMUM         0.35   1915
TOTALS           3.15              3.36   -0.21     7.79
DAILY AVG.       0.11              0.11    0.00     0.26
DAYS >= .01         8               8.6    -0.6       16
DAYS >= .10         5               6.0    -1.0       13
DAYS >= .50         3               2.3     0.7        8
DAYS >= 1.00        1               0.8     0.2        1
GREATEST
 24 HR. TOTAL    1.28   03/31 TO 04/01           04/10 TO 04/10
                                                          04/09 TO 04/10
                                                          04/10 TO 04/10

SNOWFALL (INCHES)
RECORDS
 TOTAL             MM   MM
 24 HR TOTAL       MM
TOTALS            0.0               0.0     0.0      0.0
SINCE 7/1         0.3               2.9    -2.6        T
SNOWDEPTH AVG.      0                MM      MM        0
DAYS >= TRACE       0               0.0     0.0        0
DAYS >= 1.0         0               0.0     0.0        0
GREATEST
 24 HR TOTAL      0.0   04/30 TO 04/30           04/30 TO 04/30
                                                          04/10 TO 04/10
                                                          04/10 TO 04/10

DEGREE_DAYS
HEATING TOTAL      95               143     -48       55
 SINCE 7/1       1980              2740    -760     2650
COOLING TOTAL      74                53      21       81
 SINCE 1/1        112                66      46       96
.................................................

WIND (MPH)
AVERAGE WIND SPEED              8.9
HIGHEST WIND SPEED/DIRECTION    33/280    DATE  04/06
HIGHEST GUST SPEED/DIRECTION    46/280    DATE  04/06

SKY COVER
POSSIBLE SUNSHINE (PERCENT)   MM
AVERAGE SKY COVER           0.50
NUMBER OF DAYS FAIR           10
NUMBER OF DAYS PC             12
NUMBER OF DAYS CLOUDY          8

AVERAGE RH (PERCENT)     57

WEATHER CONDITIONS. NUMBER OF DAYS WITH
THUNDERSTORM              0     MIXED PRECIP               0
HEAVY RAIN                3     RAIN                       3
LIGHT RAIN               13     FREEZING RAIN              0
LT FREEZING RAIN          0     HAIL                       0
HEAVY SNOW                0     SNOW                       0
LIGHT SNOW                0     SLEET                      0
FOG                       7     FOG W/VIS <= 1/4 MILE      0
HAZE                      6

-  INDICATES NEGATIVE NUMBERS.
R  INDICATES RECORD WAS SET OR TIED.
MM INDICATES DATA IS MISSING.
T  INDICATES TRACE AMOUNT.

$$
