000
CXUS54 KEWX 040423 CCA
CLMATT

CLIMATE REPORT
NATIONAL WEATHER SERVICE AUSTIN/SAN ANTONIO, TX
1023 PM CST SUN DEC 3 2017

...................................

...THE AUSTIN CAMP MABRY CLIMATE SUMMARY FOR THE MONTH OF NOVEMBER 2017...

CLIMATE NORMAL PERIOD 1981 TO 2010
CLIMATE RECORD PERIOD 1897 TO 2017

WEATHER         OBSERVED          NORMAL  DEPART  LAST YEAR`S
                 VALUE   DATE(S)  VALUE   FROM    VALUE  DATE(S)
                                          NORMAL
................................................................
TEMPERATURE (F)
HIGHEST            88   11/06                         91  11/01
                        11/05
                        11/03
LOWEST             38   11/23                         35  11/20
AVG. MAXIMUM     76.5              71.4     5.1     75.6
AVG. MINIMUM     55.9              50.6     5.3     55.7
MEAN             66.2              61.0     5.2     65.7
DAYS MAX >= 90      0                                  1
DAYS MAX <= 32      0                                  0
DAYS MIN <= 32      0                                  0
DAYS MIN <= 0       0                                  0

PRECIPITATION (INCHES)
TOTALS           0.12              2.96   -2.84     3.11
DAILY AVG.       0.00              0.10   -0.10     0.10
DAYS >= .01         2                                 11
DAYS >= .10         0                                  7
DAYS >= .50         0                                  1
DAYS >= 1.00        0                                  1
GREATEST
 24 HR. TOTAL    0.08   11/08 TO 11/08

SNOWFALL (INCHES)
TOTALS            0.0               0.0     0.0      0.0
SINCE 7/1         0.0

DEGREE_DAYS
HEATING TOTAL      85               181     -96       59
 SINCE 7/1        123               212     -89       60
COOLING TOTAL     130                61      69       86
 SINCE 1/1       3641              3126     515     3450
.................................................................

WIND (MPH)
AVERAGE WIND SPEED              3.9
HIGHEST WIND SPEED/DIRECTION    21/340    DATE  11/18
HIGHEST GUST SPEED/DIRECTION    33/360    DATE  11/18

SKY COVER
POSSIBLE SUNSHINE (PERCENT)   MM
AVERAGE SKY COVER           0.50
NUMBER OF DAYS FAIR           12
NUMBER OF DAYS PC             11
NUMBER OF DAYS CLOUDY          7

AVERAGE RH (PERCENT)     66

WEATHER CONDITIONS. NUMBER OF DAYS WITH
THUNDERSTORM              0     MIXED PRECIP               0
HEAVY RAIN                0     RAIN                       2
LIGHT RAIN                3     FREEZING RAIN              0
LT FREEZING RAIN          0     HAIL                       0
HEAVY SNOW                0     SNOW                       0
LIGHT SNOW                0     SLEET                      0
FOG                      10     FOG W/VIS <= 1/4 MILE      1
HAZE                      3

-  INDICATES NEGATIVE NUMBERS.
R  INDICATES RECORD WAS SET OR TIED.
MM INDICATES DATA IS MISSING.
T  INDICATES TRACE AMOUNT.

&&

MONTHLY CLIMATE SUMMARY:
NOVEMBER 2017 WAS THE 2ND WARMEST AND 12TH DRIEST
SINCE RECORD KEEPING BEGAN.

SEA LEVEL PRESSURE DATA:
HIGHEST SLP 30.40 INCHES ON THE 19TH
LOWEST  SLP 29.77 INCHES ON THE 18TH

PRELIMINARY LOCAL CLIMATOLOGICAL DATA (WS FORM: F-6)

                                          STATION:   AUSTIN CAMP MABRY
                                          MONTH:     NOVEMBER
                                          YEAR:      2017
                                          LATITUDE:   30 17 N
                                          LONGITUDE:  97 42 W

  TEMPERATURE IN F:       :PCPN:    SNOW:  WIND      :SUNSHINE: SKY     :PK WND
================================================================================
1   2   3   4   5  6A  6B    7    8   9   10  11  12  13   14  15   16   17  18
                                     12Z  AVG MX 2MIN
DY MAX MIN AVG DEP HDD CDD  WTR  SNW DPTH SPD SPD DIR MIN PSBL S-S WX    SPD DR
================================================================================

 1  78  52  65  -1   0   0    T  0.0    0  2.1  9 160   M    M   6 12     16 160
 2  85  66  76  10   0  11 0.00  0.0    0  5.5 10 200   M    M   7 1      19 150
 3  88  74  81  15   0  16 0.00  0.0    0  3.5  9 160   M    M   6 18     17 190
 4  83  71  77  12   0  12 0.00  0.0    0  4.4 10 150   M    M   7        16 160
 5  88  72  80  15   0  15 0.00  0.0    0  4.6  9 200   M    M   6 18     18 190
 6  88  72  80  15   0  15 0.00  0.0    0  5.2 10 190   M    M   5        18 230
 7  79  60  70   6   0   5 0.00  0.0    0  5.7 13  20   M    M   8        22  10
 8  60  46  53 -11  12   0 0.08  0.0    0  7.0 13 360   M    M  10 1      21  10
 9  57  46  52 -12  13   0 0.00  0.0    0  4.3  9 360   M    M  10 1      15 340
10  63  52  58  -5   7   0 0.00  0.0    0  3.0  8 100   M    M  10        13  60
11  75  59  67   4   0   2    T  0.0    0  3.5 10 170   M    M  10        18 170
12  78  65  72  10   0   7 0.04  0.0    0  2.2  9 160   M    M   9 1      14 170
13  78  63  71   9   0   6 0.00  0.0    0  2.2  8 160   M    M   7        13 180
14  80  62  71   9   0   6 0.00  0.0    0  5.4 12 170   M    M   6        20 190
15  73  68  71  10   0   6 0.00  0.0    0  2.9 10 190   M    M  10        16 180
16  83  64  74  13   0   9 0.00  0.0    0  3.0  9 170   M    M   6 1      17 160
17  85  70  78  18   0  13 0.00  0.0    0  7.1 14 190   M    M   6        27 200
18  84  54  69   9   0   4 0.00  0.0    0  9.3 21 340   M    M   4        33 360
19  65  43  54  -6  11   0 0.00  0.0    0  3.2 10  20   M    M   0        17  10
20  69  40  55  -4  10   0 0.00  0.0    0  2.2 10 190   M    M   0        19 190
21  76  51  64   5   1   0 0.00  0.0    0  4.5 15  10   M    M   2        26 360
22  66  43  55  -3  10   0 0.00  0.0    0  7.0 16 360   M    M   2        29 360
23  72  38  55  -3  10   0 0.00  0.0    0  1.1  7 300   M    M   0        10 290
24  77  42  60   2   5   0 0.00  0.0    0  2.4  9 190   M    M   0        19 190
25  81  49  65   8   0   0 0.00  0.0    0  2.9  7  20   M    M   0        11  10
26  78  54  66   9   0   1 0.00  0.0    0  1.3  7  20   M    M   0        11  30
27  77  53  65   8   0   0 0.00  0.0    0  4.0 10 160   M    M   1 18     18 140
28  80  53  67  11   0   2 0.00  0.0    0  3.9 12 150   M    M   0 1      20 200
29  73  50  62   6   3   0 0.00  0.0    0  3.6 10 320   M    M   1        18 320
30  77  46  62   6   3   0 0.00  0.0    0  1.1  6 340   M    M   2         9  50
================================================================================
SM 2296 1678        85 130  0.12     0.0 118.1          M      141
================================================================================
AV 76.5 55.9                               3.9 FASTST   M    M   5    MAX(MPH)
                                 MISC ---->  # 21 340               # 33  360
================================================================================
NOTES:
# LAST OF SEVERAL OCCURRENCES

COLUMN 17 PEAK WIND IN M.P.H.

SYMBOLS USED IN COLUMN 16
1 = FOG OR MIST
2 = FOG REDUCING VISIBILITY
3 = THUNDER
4 = ICE PELLETS
5 = HAIL
6 = FREEZING RAIN OR DRIZZLE
7 = DUSTSTORM OR SANDSTORM:
8 = SMOKE OR HAZE
9 = BLOWING SNOW
X = TORNADO

$$
