000
CXUS51 KGYX 031731
CLMAUG

PWMCLMAUG 000
TTAA00 KGYX 020940


CLIMATE REPORT
NATIONAL WEATHER SERVICE GRAY ME
1231 PM EST FRI MAR 3 2017

...................................

...THE AUGUSTA CLIMATE SUMMARY FOR THE MONTH OF FEBRUARY 2017...

CLIMATE NORMAL PERIOD 1981 TO 2010
CLIMATE RECORD PERIOD 1948 TO 2017

WEATHER         OBSERVED          NORMAL  DEPART  LAST YEAR`S
                 VALUE   DATE(S)  VALUE   FROM    VALUE  DATE(S)
                                          NORMAL
................................................................
TEMPERATURE (F)
RECORD
 HIGH              60   02/18/1981
 LOW              -23   02/02/1962
HIGHEST            55   02/25        49       6       55  02/25
                                                          02/01
LOWEST              3   02/11        -5       8      -10  02/14
                        02/10
AVG. MAXIMUM     35.0              31.8     3.2     36.1
AVG. MINIMUM     18.0              14.5     3.5     16.1
MEAN             26.5              23.2     3.3     26.1
DAYS MAX >= 90      0               0.0     0.0        0
DAYS MAX <= 32     12              13.6    -1.6       11
DAYS MIN <= 32     26              26.0     0.0       27
DAYS MIN <= 0       0               2.8    -2.8        4

PRECIPITATION (INCHES)
RECORD
 MAXIMUM         6.03   1970
 MINIMUM         0.32   1987
TOTALS           3.74              2.43    1.31     3.47
DAILY AVG.       0.13              0.09    0.04     0.12
DAYS >= .01        13               9.1     3.9        9
DAYS >= .10         6               5.5     0.5        5
DAYS >= .50         3               1.4     1.6        4
DAYS >= 1.00        1               0.5     0.5        0
GREATEST
 24 HR. TOTAL    1.43   02/13

DEGREE_DAYS
HEATING TOTAL    1071              1172    -101     1119
 SINCE 7/1       4812              5343    -531     4679
COOLING TOTAL       0                 0       0        0
 SINCE 1/1          0                 0       0        0
.................................................................

WIND (MPH)
AVERAGE WIND SPEED              8.2
HIGHEST WIND SPEED/DIRECTION    37/340    DATE  02/13
HIGHEST GUST SPEED/DIRECTION    50/340    DATE  02/13

SKY COVER
AVERAGE SKY COVER           0.50

AVERAGE RH (PERCENT)     63

WEATHER CONDITIONS. NUMBER OF DAYS WITH
THUNDERSTORM              0     HEAVY RAIN                 0
RAIN                      1     LIGHT RAIN                 3
FREEZING RAIN             0     LT FREEZING RAIN           0
HEAVY SNOW                2     SNOW                       5
LIGHT SNOW               13     FOG                       15
FOG W/VIS <= 1/4 MILE     6     HAZE                      13

-  INDICATES NEGATIVE NUMBERS.
R  INDICATES RECORD WAS SET OR TIED.
MM INDICATES DATA IS MISSING.
T  INDICATES TRACE AMOUNT.

&&

FEBRUARY BEGAN WITH ALTERNATING PERIODS OF WARMER AND COOLER
WEATHER, BUT A SHARP TREND TOWARD COLDER AND SNOWIER WEATHER BEGAN
IN THE SECOND WEEK OF THE MONTH. SNOW WAS OBSERVED ON 11 STRAIGHT
DAYS FROM FEBRUARY 6 THROUGH 16. BUT THE PATTERN BEGAN TO CHANGE
AGAIN WITH WARMER WEATHER BUILDING THROUGH THE LAST HALF OF THE
MONTH. THE TEMPERATURE TOPPED 50 DEGREES FOR 4 STRAIGHT DAYS FROM
FEBRUARY 22 TO 25.

THE AVERAGE TEMPERATURE FOR THE MONTH WAS 26.5 DEGREES WHICH WAS 3.3
DEGREES ABOVE NORMAL AND TIED FOR THE TENTH WARMEST FEBRUARY ON
RECORD. THE WARMEST FEBRUARY WAS IN 1981 WHEN THE AVERAGE
TEMPERATURE WAS 33.2 DEGREES. THE COLDEST WAS ONLY 10.2 DEGREES IN
2015.

A TOTAL OF 3.74 INCHES OF PRECIPITATION FELL WHICH WAS 1.31 INCHES
ABOVE NORMAL AND THE WETTEST FEBRUARY SINCE 2010. THE HEAVIEST
PRECIPITATION FELL ON THE 12TH AND 13TH WHEN 1.98 INCHES OF LIQUID
EQUIVALENT PRECIPITATION FELL. THE WETTEST FEBRUARY WAS IN 1970 WHEN
6.03 INCHES OF PRECIPITATION WAS RECORDED. THE DRIEST WAS IN 1987
WITH ONLY 0.32 INCHES.

THE FOLLOWING DAILY RECORDS WERE SET OR TIED IN FEBRUARY 2017...
DATE RECORD                                  PREVIOUS
24   37 - WARMEST LOW TEMPERATURE            36 IN 1985

$$

KIMBLE
