000
CXUS51 KGYX 051551
CLMAUG

PWMCLMAUG 000
TTAA00 KGYX 041642


CLIMATE REPORT
NATIONAL WEATHER SERVICE GRAY ME
1051 AM EST MON DEC 5 2016

...................................

...THE AUGUSTA CLIMATE SUMMARY FOR THE MONTH OF NOVEMBER 2016...

CLIMATE NORMAL PERIOD 1981 TO 2010
CLIMATE RECORD PERIOD 1948 TO 2016

WEATHER         OBSERVED          NORMAL  DEPART  LAST YEAR`S
                 VALUE   DATE(S)  VALUE   FROM    VALUE  DATE(S)
                                          NORMAL
................................................................
TEMPERATURE (F)
RECORD
 HIGH              74   11/04/1990
 LOW                4   11/27/1978
                        11/28/1951
HIGHEST            62   11/14        64      -2       64  11/06
LOWEST             24   11/29        16       8       16  11/30
AVG. MAXIMUM     47.5              45.2     2.3     49.5
AVG. MINIMUM     32.9              30.6     2.3     32.2
MEAN             40.2              37.9     2.3     40.8
DAYS MAX >= 90      0               0.0     0.0        0
DAYS MAX <= 32      0               2.1    -2.1        1
DAYS MIN <= 32     16              17.8    -1.8       16
DAYS MIN <= 0       0               0.0     0.0        0

PRECIPITATION (INCHES)
RECORD
 MAXIMUM        10.50   1963
 MINIMUM         0.95   2012
TOTALS           3.57              4.36   -0.79     2.05
DAILY AVG.       0.12              0.15   -0.03     0.07
DAYS >= .01         9              11.8    -2.8        9
DAYS >= .10         7               7.5    -0.5        3
DAYS >= .50         3               3.2    -0.2        1
DAYS >= 1.00        1               1.0     0.0        1
GREATEST
 24 HR. TOTAL    1.20   11/15 TO 11/16

DEGREE_DAYS
HEATING TOTAL     735               813     -78      715
 SINCE 7/1       1318              1548    -230     1378
COOLING TOTAL       0                 0       0        0
 SINCE 1/1        530               388     142      457
.................................................................

WIND (MPH)
AVERAGE WIND SPEED              6.7
HIGHEST WIND SPEED/DIRECTION    28/290    DATE  11/22
HIGHEST GUST SPEED/DIRECTION    42/310    DATE  11/11

SKY COVER
AVERAGE SKY COVER           0.50

AVERAGE RH (PERCENT)     73

WEATHER CONDITIONS. NUMBER OF DAYS WITH
THUNDERSTORM              0     HEAVY RAIN                 3
RAIN                      5     LIGHT RAIN                11
FREEZING RAIN             0     LT FREEZING RAIN           2
HEAVY SNOW                0     SNOW                       0
LIGHT SNOW                4     FOG                       13
FOG W/VIS <= 1/4 MILE     3     HAZE                       1

-  INDICATES NEGATIVE NUMBERS.
R  INDICATES RECORD WAS SET OR TIED.
MM INDICATES DATA IS MISSING.
T  INDICATES TRACE AMOUNT.

&&

NOVEMBER STARTED WITH TYPICAL FALL-LIKE WEATHER FEATURING PERIODS OF
ABOVE NORMAL WEATHER FOLLOWED BY A COLD FRONT AND COOLER WEATHER.
GRADUALLY BY THE MIDDLE OF NOVEMBER, WARM WEATHER HAD BECOME
DOMINANT. ABOVE NORMAL TEMPERATURES LASTED FROM THE 13TH THROUGH THE
20TH, PEAKING AT 62 DEGREES ON THE 14TH. BUT ON THE 20TH A STORM
SYSTEM BROUGHT PRECIPITATION AND A SHIFT TOWARD COOLER WEATHER WHICH
LASTED MOST OF THE REST OF THE MONTH.

THE AVERAGE TEMPERATURE FOR THE MONTH WAS 40.2 DEGREES WHICH WAS 2.3
DEGREES ABOVE NORMAL. THE COLDEST NOVEMBER ON RECORD WAS 1968 WHEN
THE AVERAGE TEMPERATURE WAS 32.5 DEGREES. THE WARMEST NOVEMBER WAS
42.9 DEGREES AND OCCURRED IN 2009, 1999, AND 1975.

A TOTAL OF 3.57 INCHES OF PRECIPITATION FELL WHICH WAS 0.79 INCHES
BELOW NORMAL. ALTHOUGH BELOW NORMAL, THE PRECIPITATION DID HELP TO
PREVENT THE PERSISTENT DROUGHT FROM INTENSIFYING. THE DRIEST
NOVEMBER ON RECORD WAS IN 2012 WHEN ONLY 0.95 INCHES WAS MEASURED.
THE WETTEST WAS IN 1963 WITH 10.50 INCHES.

NO DAILY RECORDS WERE SET OR TIED IN NOVEMBER 2016.

$$

KIMBLE
