000
CXUS51 KGYX 022046
CLMAUG

PWMCLMAUG 000
TTAA00 KGYX 021512


CLIMATE REPORT
NATIONAL WEATHER SERVICE GRAY ME
446 PM EDT FRI SEP 2 2016

...................................

...THE AUGUSTA CLIMATE SUMMARY FOR THE MONTH OF AUGUST 2016...

CLIMATE NORMAL PERIOD 1981 TO 2010
CLIMATE RECORD PERIOD 1948 TO 2016

WEATHER         OBSERVED          NORMAL  DEPART  LAST YEAR`S
                 VALUE   DATE(S)  VALUE   FROM    VALUE  DATE(S)
                                          NORMAL
................................................................
TEMPERATURE (F)
RECORD
 HIGH             100   08/05/1955
 LOW               39   08/27/1954
HIGHEST            94   08/11        90       4       89  08/18
LOWEST             54   08/23        48       6       55  08/10
                                                          08/08
                                                          08/07
AVG. MAXIMUM     81.7              78.0     3.7     78.9
AVG. MINIMUM     60.5              58.5     2.0     61.1
MEAN             71.1              68.3     2.8     70.0
DAYS MAX >= 90      3               1.0     2.0        0
DAYS MAX <= 32      0               0.0     0.0        0
DAYS MIN <= 32      0               0.0     0.0        0
DAYS MIN <= 0       0               0.0     0.0        0

PRECIPITATION (INCHES)
RECORD
 MAXIMUM         9.08   1991
 MINIMUM         0.19   2001
TOTALS           2.31              3.31   -1.00     4.55
DAILY AVG.       0.07              0.11   -0.04     0.15
DAYS >= .01         8              10.2    -2.2       11
DAYS >= .10         4               5.8    -1.8        8
DAYS >= .50         2               2.2    -0.2        2
DAYS >= 1.00        1               0.7     0.3        2
GREATEST
 24 HR. TOTAL    1.13   08/22

DEGREE_DAYS
HEATING TOTAL       4                26     -22        0
 SINCE 7/1         25                42     -17       18
COOLING TOTAL     201               127      74      163
 SINCE 1/1        457               357     100      357
.................................................................

WIND (MPH)
AVERAGE WIND SPEED              6.1
HIGHEST WIND SPEED/DIRECTION    26/340    DATE  08/17
HIGHEST GUST SPEED/DIRECTION    35/350    DATE  08/17

SKY COVER
AVERAGE SKY COVER           0.30

AVERAGE RH (PERCENT)     68

WEATHER CONDITIONS. NUMBER OF DAYS WITH
THUNDERSTORM              2     HEAVY RAIN                 3
RAIN                      4     LIGHT RAIN                11
FREEZING RAIN             0     LT FREEZING RAIN           0
HEAVY SNOW                0     SNOW                       0
LIGHT SNOW                0     FOG                       14
FOG W/VIS <= 1/4 MILE     7     HAZE                       0

-  INDICATES NEGATIVE NUMBERS.
R  INDICATES RECORD WAS SET OR TIED.
MM INDICATES DATA IS MISSING.
T  INDICATES TRACE AMOUNT.

&&

THE TREND TOWARD WARM WEATHER THAT BEGAN IN MID JULY CONTINUED
THROUGH MUCH OF AUGUST. THE HEAT PEAKED AROUND THE MIDDLE OF THE
MONTH WHEN 3 OUT OF 4 DAYS TOPPED 90 DEGREES FROM THE 11TH THROUGH
THE 14TH. THE HOTTEST TEMPERATURE OF THE YEAR OCCURRED ON AUGUST 11
WHEN THE TEMPERATURE REACHED 94 DEGREES. THIS WAS ALSO THE HOTTEST
TEMPERATURE OBSERVED AT AUGUSTA IN MORE THAN 5 YEARS. ALTHOUGH THE
EXTREME HEAT BEGAN TO ABATE, TEMPERATURES REMAINED ABOVE NORMAL FOR
MUCH OF THE REST OF THE MONTH. SOME BENEFICIAL RAINFALL ARRIVED ON
AUGUST 22 WHEN MORE THAN 1 INCH OF RAIN WAS MEASURED. THIS HELPED
HOLD BACK THE DEVELOPING DROUGHT.

THE AVERAGE TEMPERATURE FOR THE MONTH WAS 71.1 DEGREES WHICH WAS 2.8
DEGREES ABOVE NORMAL AND THE 4TH WARMEST AUGUST ON RECORD. THE
WARMEST AUGUST ON RECORD WAS 1973 WHEN THE AVERAGE TEMPERATURE WAS
72.9 DEGREES. THE COOLEST WAS 1964 AT ONLY 62.2 DEGREES. THE
FOLLOWING TABLE LISTS THE WARMEST AUGUSTS AT AUGUSTA.

WARMEST AVERAGE TEMPERATURE IN AUGUST (1948 TO PRESENT)
RANK  TEMP  YEAR
1     72.9  1973
2     71.6  2001
3     71.3  2002
4     71.1  2016 <===
5     70.9  1949
6     70.6  1990
      70.6  1948
8     70.5  1980
9     70.4  1988
10    70.2  2012
      70.2  1998

A TOTAL OF 2.31 INCHES OF RAIN FELL WHICH WAS 1.00 INCHES BELOW
NORMAL. THE HEAVIEST RAIN FELL ON AUGUST 22 WHEN 1.13 INCHES WAS
MEASURED. THE DRIEST AUGUST ON RECORD WAS IN 2001 WHEN ONLY 0.19
INCHES WAS OBSERVED. THE WETTEST WAS 1991 WITH 9.08 INCHES.

THE FOLLOWING DAILY RECORDS WERE SET OR TIED IN AUGUST 2016...
DATE RECORD                                  PREVIOUS
11   94 - WARMEST HIGH TEMPERATURE           92 IN 2002
13   65 - COOLEST HIGH TEMPERATURE           65 IN 1997 /TIED/
22   1.13 - GREATEST PRECIPITATION           0.77 IN 1977

$$

KIMBLE
