000
CXUS51 KGYX 030128 CCA
CLMAUG

PWMCLMAUG 000
TTAA00 KGYX 022210


CLIMATE REPORT
NATIONAL WEATHER SERVICE GRAY ME
915 PM EDT TUE AUG 2 2016

...................................

...THE AUGUSTA CLIMATE SUMMARY FOR THE MONTH OF JULY 2016...

CLIMATE NORMAL PERIOD 1981 TO 2010
CLIMATE RECORD PERIOD 1948 TO 2016

WEATHER         OBSERVED          NORMAL  DEPART  LAST YEAR`S
                 VALUE   DATE(S)  VALUE   FROM    VALUE  DATE(S)
                                          NORMAL
................................................................
TEMPERATURE (F)
RECORD
 HIGH              99   07/14/1952
                        07/13/1952
 LOW               43   07/07/1965
HIGHEST            91   07/22        91       0       88  07/12
LOWEST             52   07/03        52       0       52  07/17
                                                          07/16
AVG. MAXIMUM     80.4              79.2     1.2     77.6
AVG. MINIMUM     60.9              59.9     1.0     59.1
MEAN             70.7              69.5     1.2     68.4
DAYS MAX >= 90      2               1.3     0.7        0
DAYS MAX <= 32      0               0.0     0.0        0
DAYS MIN <= 32      0               0.0     0.0        0
DAYS MIN <= 0       0               0.0     0.0        0

PRECIPITATION (INCHES)
RECORD
 MAXIMUM         8.67   1996
 MINIMUM         0.45   1989
TOTALS           1.96              3.42   -1.46     2.77
DAILY AVG.       0.06              0.11   -0.05     0.09
DAYS >= .01        12              11.8     0.2       11
DAYS >= .10         8               6.6     1.4        8
DAYS >= .50         0               2.0    -2.0        0
DAYS >= 1.00        0               0.8    -0.8        0
GREATEST
 24 HR. TOTAL    0.42   07/01 TO 07/02

DEGREE_DAYS
HEATING TOTAL      21                16       5       18
 SINCE 7/1         21                16       5       18
COOLING TOTAL     206               157      49      127
 SINCE 1/1        256               230      26      194
.................................................................

WIND (MPH)
AVERAGE WIND SPEED              5.8
HIGHEST WIND SPEED/DIRECTION    21/330    DATE  07/20
HIGHEST GUST SPEED/DIRECTION    33/190    DATE  07/14

SKY COVER
AVERAGE SKY COVER           0.30

AVERAGE RH (PERCENT)     70

WEATHER CONDITIONS. NUMBER OF DAYS WITH
THUNDERSTORM              3     HEAVY RAIN                 5
RAIN                      5     LIGHT RAIN                13
FREEZING RAIN             0     LT FREEZING RAIN           0
HEAVY SNOW                0     SNOW                       0
LIGHT SNOW                0     FOG                       16
FOG W/VIS <= 1/4 MILE     5     HAZE                       3

-  INDICATES NEGATIVE NUMBERS.
R  INDICATES RECORD WAS SET OR TIED.
MM INDICATES DATA IS MISSING.
T  INDICATES TRACE AMOUNT.

&&

THE WARM WEATHER THAT HAD BUILT INTO THE AREA AT THE END OF JUNE
CONTINUED INTO THE FIRST WEEK OF JULY WITH SEVERAL DAYS IN THE 80S.
BUT A SHIFT IN THE WEATHER PATTERN BROUGHT COOL, DAMP WEATHER FOR
SEVERAL DAYS DURING THE SECOND WEEK OF JULY. FOR 4 STRAIGHT DAYS THE
TEMPERATURE DID NOT RISE ABOVE 65 DEGREES FROM THE 7TH THROUGH THE
10TH. THE HIGH TEMPERATURE OF 60 DEGREES ON JULY 9 WAS THE COOLEST
JULY HIGH TEMPERATURE SINCE 2009. WARM WEATHER WAS QUICK TO RETURN
AND BY THE 22ND THE TEMPERATURE ROSE ALL THE WAY TO 91 DEGREES, THE
HOTTEST OF THE YEAR SO FAR. WARM TEMPERATURES WERE COMMON WITH
OCCASIONAL THUNDERSTORMS FOR THE LAST HALF OF THE MONTH.

THE AVERAGE TEMPERATURE FOR THE MONTH WAS 70.7 DEGREES WHICH WAS 1.2
DEGREES ABOVE NORMAL. THE WARMEST JULY WAS IN 1952 WHEN THE AVERAGE
TEMPERATURE WAS 75.0 DEGREES. THE COOLEST WAS 1962 AT 64.7 DEGREES.

A TOTAL OF 1.96 INCHES OF RAIN FELL WHICH WAS 1.46 INCHES BELOW
NORMAL. THE HEAVIEST RAIN WAS ON JULY 1 AND 2 WHEN 0.42 INCHES FELL.
THE DRIEST JULY WAS IN 1989 WHEN ONLY 0.45 INCHES WAS RECORDED. THE
WETTEST WAS 8.67 INCHES IN 1996.

THE FOLLOWING DAILY RECORDS WERE SET OR TIED IN JULY 2016...
DATE RECORD                                  PREVIOUS
9    60 - COOLEST HIGH TEMPERATURE           62 IN 2005

$$

KIMBLE
