000
CXUS51 KGYX 012243
CLMAUG

PWMCLMAUG 000
TTAA00 KGYX 012213


CLIMATE REPORT
NATIONAL WEATHER SERVICE GRAY ME
613 PM EDT TUE SEP 1 2015

...................................

...THE AUGUSTA CLIMATE SUMMARY FOR THE MONTH OF AUGUST 2015...

CLIMATE NORMAL PERIOD 1981 TO 2010
CLIMATE RECORD PERIOD 1948 TO 2015

WEATHER         OBSERVED          NORMAL  DEPART  LAST YEAR`S
                 VALUE   DATE(S)  VALUE   FROM    VALUE  DATE(S)
                                          NORMAL
................................................................
TEMPERATURE (F)
RECORD
 HIGH             100   08/05/1955
 LOW               39   08/27/1954
HIGHEST            89   08/18        90      -1       87  08/27
                                                          08/25
LOWEST             55   08/10        48       7       50  08/19
                        08/08
                        08/07
AVG. MAXIMUM     78.9              78.0     0.9     76.7
AVG. MINIMUM     61.1              58.5     2.6     57.5
MEAN             70.0              68.3     1.7     67.1
DAYS MAX >= 90      0               1.0    -1.0        0
DAYS MAX <= 32      0               0.0     0.0        0
DAYS MIN <= 32      0               0.0     0.0        0
DAYS MIN <= 0       0               0.0     0.0        0

PRECIPITATION (INCHES)
RECORD
 MAXIMUM         9.08   1991
 MINIMUM         0.19   2001
TOTALS           4.55              3.31    1.24     5.23
DAILY AVG.       0.15              0.11    0.04     0.17
DAYS >= .01        11              10.2     0.8       11
DAYS >= .10         8               5.8     2.2        6
DAYS >= .50         2               2.2    -0.2        3
DAYS >= 1.00        2               0.7     1.3        1
GREATEST
 24 HR. TOTAL    1.56   08/21 TO 08/22

DEGREE_DAYS
HEATING TOTAL       0                26     -26       17
 SINCE 7/1         18                42     -24       19
COOLING TOTAL     163               127      36       90
 SINCE 1/1        357               357       0      314
.................................................................

WIND (MPH)
AVERAGE WIND SPEED              5.1
HIGHEST WIND SPEED/DIRECTION    35/330    DATE  08/01
HIGHEST GUST SPEED/DIRECTION    47/290    DATE  08/01

SKY COVER
AVERAGE SKY COVER           0.40

AVERAGE RH (PERCENT)     76

WEATHER CONDITIONS. NUMBER OF DAYS WITH
THUNDERSTORM              7     HEAVY RAIN                 5
RAIN                      6     LIGHT RAIN                11
FREEZING RAIN             0     LT FREEZING RAIN           0
HEAVY SNOW                0     SNOW                       0
LIGHT SNOW                0     FOG                       20
FOG W/VIS <= 1/4 MILE    10     HAZE                       0

-  INDICATES NEGATIVE NUMBERS.
R  INDICATES RECORD WAS SET OR TIED.
MM INDICATES DATA IS MISSING.
T  INDICATES TRACE AMOUNT.

$$

KIMBLE
