000
CXUS52 KGSP 011809
CLMAVL

CLIMATE REPORT
NATIONAL WEATHER SERVICE GREENVILLE-SPARTANBURG SC
209 PM EDT FRI JUL 1 2016

...................................

...THE ASHEVILLE CLIMATE SUMMARY FOR THE MONTH OF JUNE 2016...

CLIMATE NORMAL PERIOD 1981 TO 2010
CLIMATE RECORD PERIOD 1869 TO 2016

WEATHER         OBSERVED          NORMAL  DEPART  LAST YEAR`S
                 VALUE   DATE(S)  VALUE   FROM    VALUE  DATE(S)
                                          NORMAL
................................................................
TEMPERATURE (F)
RECORD
 HIGH              98   06/30/2012
                        06/28/1952
                        06/29/1936
 LOW               35   06/02/1966
HIGHEST            93   06/23        MM      MM       91  06/24
LOWEST             50   06/09        MM      MM       55  06/29
AVG. MAXIMUM     85.7              81.3     4.4     84.1
AVG. MINIMUM     62.2              59.6     2.6     62.9
MEAN             73.9              70.5     3.4     73.5
DAYS MAX >= 90      8               1.2     6.8        2
DAYS MAX <= 32      0               0.0     0.0        0
DAYS MIN <= 32      0               0.0     0.0        0
DAYS MIN <= 0       0               0.0     0.0        0

PRECIPITATION (INCHES)
RECORD
 MAXIMUM        10.73   1989
 MINIMUM         0.80   1964
TOTALS           2.53              4.65   -2.12     6.42
DAILY AVG.       0.08              0.16   -0.08     0.21
DAYS >= .01         9              12.7    -3.7       19
DAYS >= .10         4               7.7    -3.7       12
DAYS >= .50         2               3.1    -1.1        4
DAYS >= 1.00        1               1.2    -0.2        2
GREATEST
 24 HR. TOTAL    1.01   06/15 TO 06/15           06/21 TO 06/22

 STORM TOTAL       MM                                 MM
 (MM/DD(HH))       MM                         06/22(00) TO 06/22(00)

SNOWFALL (INCHES)
RECORDS
 TOTAL             MM   MM
 24 HR TOTAL       MM   MM
 SNOW DEPTH        MM   MM
TOTALS            0.0               0.0     0.0      0.0
 LIQUID EQUIV    0.00              0.00    0.00     0.00
SINCE 7/1        13.9               9.9     4.0     13.3
 LIQUID 7/1      1.39              1.00    0.39     1.33
SNOWDEPTH AVG.      0                MM      MM        0
DAYS >= TRACE       0               0.0     0.0        0
DAYS >= 1.0         0               0.0     0.0        0
GREATEST
 SNOW DEPTH         0   MM                             0  MM
 24 HR TOTAL      0.0   06/30 TO 06/30           06/30 TO 06/30

 STORM TOTAL       MM                                 MM
 (MM/DD(HH))       MM                        06/30(00) TO 06/30(00)

DEGREE_DAYS
COOLING TOTAL     277               177     100      263
 SINCE 1/1        350               235     115      385

FREEZE DATES
RECORD
 EARLIEST     MM
 LATEST       MM
EARLIEST      10/19             MM
LATEST        04/10             MM
.................................................

WIND (MPH)
AVERAGE WIND SPEED              5.4
HIGHEST WIND SPEED/DIRECTION    29/330    DATE  06/07
HIGHEST GUST SPEED/DIRECTION    39/340    DATE  06/08

SKY COVER
POSSIBLE SUNSHINE (PERCENT)   MM
AVERAGE SKY COVER           0.30
NUMBER OF DAYS FAIR           19
NUMBER OF DAYS PC             11
NUMBER OF DAYS CLOUDY          0

AVERAGE RH (PERCENT)     65

WEATHER CONDITIONS. NUMBER OF DAYS WITH
THUNDERSTORM             10     MIXED PRECIP               0
HEAVY RAIN                4     RAIN                       4
LIGHT RAIN               14     FREEZING RAIN              0
LT FREEZING RAIN          0     HAIL                       0
HEAVY SNOW                0     SNOW                       0
LIGHT SNOW                0     SLEET                      0
FOG                      11     FOG W/VIS <= 1/4 MILE      3
HAZE                      1

-  INDICATES NEGATIVE NUMBERS.
R  INDICATES RECORD WAS SET OR TIED.
MM INDICATES DATA IS MISSING.
T  INDICATES TRACE AMOUNT.

$$

JMP
