000
CXUS51 KBOX 022105 CCA
CLMBDL

CLIMATE REPORT
NATIONAL WEATHER SERVICE TAUNTON MA
505 PM EDT THU NOV 2 2017

...................................

...THE HARTFORD CT CLIMATE SUMMARY FOR THE MONTH OF OCTOBER 2017...

CLIMATE NORMAL PERIOD 1981 TO 2010
CLIMATE RECORD PERIOD 1904 TO 2017

WEATHER         OBSERVED          NORMAL  DEPART
                 VALUE   DATE(S)  VALUE   FROM
                                          NORMAL
................................................
TEMPERATURE (F)
RECORD
 HIGH              91   10/07/1963
                        10/02/1927
 LOW               17   10/18/1978
HIGHEST            83   10/05
LOWEST             35   10/17
AVG. MAXIMUM     71.7              63.1     8.6
AVG. MINIMUM     48.1              41.1     7.0
MEAN             59.9              52.1     7.8
DAYS MAX >= 90      0               0.0     0.0
DAYS MAX <= 32      0               0.0     0.0
DAYS MIN <= 32      0               4.4    -4.4
DAYS MIN <= 0       0               0.0     0.0

PRECIPITATION (INCHES)
RECORD
 MAXIMUM        11.61   1955
 MINIMUM         0.18   1924
TOTALS           8.77              4.37    4.40
DAYS >= .01         9              10.2    -1.2
DAYS >= .10         8               6.1     1.9
DAYS >= .50         3               3.0     0.0
DAYS >= 1.00        3               1.3     1.7
GREATEST
 24 HR. TOTAL    3.40   10/24 TO 10/24

SNOWFALL (INCHES)
RECORDS
 TOTAL            12.3  2011
 SNOW DEPTH        MM   MM
TOTALS            0.0               0.0     0.0
SINCE 7/1         0.0               0.0     0.0
SNOWDEPTH AVG.      0
GREATEST
 SNOW DEPTH         0   MM
 24 HR TOTAL      0.0   10/31 TO 10/31

DEGREE_DAYS
HEATING TOTAL     186               407    -221
 SINCE 7/1        261               529    -268
COOLING TOTAL      36                 7      29
 SINCE 1/1        865               756     109
.................................................

WIND (MPH)
AVERAGE WIND SPEED              7.2
RESULTANT WIND SPEED/DIRECTION   2/203
HIGHEST WIND SPEED/DIRECTION    37/140    DATE  10/30
HIGHEST GUST SPEED/DIRECTION    50/150    DATE  10/29

SKY COVER
POSSIBLE SUNSHINE (PERCENT)   MM
AVERAGE SKY COVER           0.50
NUMBER OF DAYS FAIR           11
NUMBER OF DAYS PC              9
NUMBER OF DAYS CLOUDY         11

AVERAGE RH (PERCENT)     71

WEATHER CONDITIONS. NUMBER OF DAYS WITH
THUNDERSTORM              1     MIXED PRECIP               0
HEAVY RAIN                4     RAIN                       8
LIGHT RAIN               12     FREEZING RAIN              0
LT FREEZING RAIN          0     HAIL                       0
HEAVY SNOW                0     SNOW                       0
LIGHT SNOW                0     SLEET                      0
FOG                      15     FOG W/VIS <= 1/4 MILE      4
HAZE                      0

-  INDICATES NEGATIVE NUMBERS.
R  INDICATES RECORD WAS SET OR TIED.
MM INDICATES DATA IS MISSING.
T  INDICATES TRACE AMOUNT.

$$

SIPPRELL
