000
CXUS51 KBOX 031255
CLMBDL


CLIMATE REPORT
NATIONAL WEATHER SERVICE TAUNTON MA
723 AM EST TUE MAR 3 2015

...................................

...THE HARTFORD CT CLIMATE SUMMARY FOR THE MONTH OF FEBRUARY 2015...

CLIMATE NORMAL PERIOD 1981 TO 2010
CLIMATE RECORD PERIOD 1904 TO 2015

WEATHER         OBSERVED          NORMAL  DEPART
                 VALUE   DATE(S)  VALUE   FROM
                                          NORMAL
................................................
TEMPERATURE (F)
RECORD
 HIGH              73   02/24/1985
 LOW              -24   02/16/1943
HIGHEST            42   02/22
LOWEST             -9   02/21
AVG. MAXIMUM     27.3              38.5   -11.2
AVG. MINIMUM      4.9              20.9   -16.0
MEAN             16.1R             29.7   -13.6
DAYS MAX >= 90      0               0.0     0.0
DAYS MAX <= 32     22               6.9    15.1
DAYS MIN <= 32     28              24.9     3.1
DAYS MIN <= 0      10               0.6     9.4

PRECIPITATION (INCHES)
RECORD
 MAXIMUM         8.90   2008
 MINIMUM         0.45   1987
TOTALS           2.95              2.89    0.06
DAYS >= .01        12               9.7     2.3
DAYS >= .10         6               5.8     0.2
DAYS >= .50         2               2.1    -0.1
DAYS >= 1.00        1               0.5     0.5
GREATEST
 24 HR. TOTAL    1.02   02/02 TO 02/02

SNOWFALL (INCHES)
RECORDS
 TOTAL           32.7   1926
 SNOW DEPTH        24   02/23-25/2015
TOTALS           31.9              11.0    20.9
SINCE 7/1        54.8              32.7    22.1
SNOWDEPTH AVG.     20
GREATEST
 SNOW DEPTH        24R  02/25
                        02/24
                        02/23
 24 HR TOTAL     10.8   02/02 TO 02/02

DEGREE_DAYS
HEATING TOTAL    1361               988     373
 SINCE 7/1       4645              4438     207
COOLING TOTAL       0                 0       0
 SINCE 1/1          0                 0       0
.................................................

WIND (MPH)
AVERAGE WIND SPEED              8.7
RESULTANT WIND SPEED/DIRECTION   5/325
HIGHEST WIND SPEED/DIRECTION    39/300    DATE  02/19
HIGHEST GUST SPEED/DIRECTION    46/300    DATE  02/19

SKY COVER
POSSIBLE SUNSHINE (PERCENT)   MM
AVERAGE SKY COVER           0.60
NUMBER OF DAYS FAIR            6
NUMBER OF DAYS PC             12
NUMBER OF DAYS CLOUDY         10

AVERAGE RH (PERCENT)     60

WEATHER CONDITIONS. NUMBER OF DAYS WITH
THUNDERSTORM              0     MIXED PRECIP               0
HEAVY RAIN                0     RAIN                       1
LIGHT RAIN                2     FREEZING RAIN              0
LT FREEZING RAIN          0     HAIL                       0
HEAVY SNOW                1     SNOW                       5
LIGHT SNOW               19     SLEET                      0
FOG                      12     FOG W/VIS <= 1/4 MILE      0
HAZE                     14

-  INDICATES NEGATIVE NUMBERS.
R  INDICATES RECORD WAS SET OR TIED.
MM INDICATES DATA IS MISSING.
T  INDICATES TRACE AMOUNT.

$$

SIPPRELL
