000
CXUS51 KBOX 011629
CLMBDL

CLIMATE REPORT
NATIONAL WEATHER SERVICE TAUNTON MA
1113 AM EST THU DEC 1 2016

...................................

...THE HARTFORD CT CLIMATE SUMMARY FOR THE MONTH OF NOVEMBER 2016...

CLIMATE NORMAL PERIOD 1981 TO 2010
CLIMATE RECORD PERIOD 1904 TO 2016

WEATHER         OBSERVED          NORMAL  DEPART
                 VALUE   DATE(S)  VALUE   FROM
                                          NORMAL
................................................
TEMPERATURE (F)
RECORD
 HIGH              83   11/02/1950
 LOW                1   11/24/1989
HIGHEST            72   11/03
LOWEST             21   11/28
AVG. MAXIMUM     54.3              51.6     2.7
AVG. MINIMUM     33.2              33.2     0.0
MEAN             43.8              42.4     1.4
DAYS MAX >= 90      0               0.0     0.0
DAYS MAX <= 32      0               0.3    -0.3
DAYS MIN <= 32     18              14.5     3.5
DAYS MIN <= 0       0               0.0     0.0

PRECIPITATION (INCHES)
RECORD
 MAXIMUM         8.53   1972
 MINIMUM         0.40   2012
TOTALS           3.06              3.89   -0.83
DAYS >= .01         7              10.7    -3.7
DAYS >= .10         5               6.3    -1.3
DAYS >= .50         4               2.8     1.2
DAYS >= 1.00        1               1.1    -0.1
GREATEST
 24 HR. TOTAL    1.11   11/29 TO 11/29

SNOWFALL (INCHES)
RECORDS
 TOTAL             MM   MM
 SNOW DEPTH        MM   MM
TOTALS              T               2.0    -2.0
SINCE 7/1         1.5               2.0    -0.5
SNOWDEPTH AVG.      0
GREATEST
 SNOW DEPTH         0   MM
 24 HR TOTAL        T   11/22 TO 11/22

DEGREE_DAYS
HEATING TOTAL     628               678     -50
 SINCE 7/1       1037              1207    -170
COOLING TOTAL       0                 0       0
 SINCE 1/1       1068               756     312
.................................................

WIND (MPH)
AVERAGE WIND SPEED              6.8
RESULTANT WIND SPEED/DIRECTION   4/308
HIGHEST WIND SPEED/DIRECTION    37/300    DATE  11/11
HIGHEST GUST SPEED/DIRECTION    48/300    DATE  11/11

SKY COVER
POSSIBLE SUNSHINE (PERCENT)   MM
AVERAGE SKY COVER           0.50
NUMBER OF DAYS FAIR           10
NUMBER OF DAYS PC             11
NUMBER OF DAYS CLOUDY          9

AVERAGE RH (PERCENT)     66

WEATHER CONDITIONS. NUMBER OF DAYS WITH
THUNDERSTORM              0     MIXED PRECIP               0
HEAVY RAIN                3     RAIN                       5
LIGHT RAIN               13     FREEZING RAIN              0
LT FREEZING RAIN          0     HAIL                       0
HEAVY SNOW                0     SNOW                       0
LIGHT SNOW                3     SLEET                      0
FOG                      11     FOG W/VIS <= 1/4 MILE      4
HAZE                      1

-  INDICATES NEGATIVE NUMBERS.
R  INDICATES RECORD WAS SET OR TIED.
MM INDICATES DATA IS MISSING.
T  INDICATES TRACE AMOUNT.

$$
