000
CXUS51 KBOX 011747 CCA
CLMBDL

CLIMATE REPORT
NATIONAL WEATHER SERVICE TAUNTON MA
1220 PM EST THU JAN 1 2015

...................................

...THE HARTFORD CT CLIMATE SUMMARY FOR THE MONTH OF DECEMBER 2014...

CLIMATE NORMAL PERIOD 1981 TO 2010
CLIMATE RECORD PERIOD 1904 TO 2014

WEATHER         OBSERVED          NORMAL  DEPART
                 VALUE   DATE(S)  VALUE   FROM
                                          NORMAL
................................................
TEMPERATURE (F)
RECORD
 HIGH              76   12/07/1998
 LOW              -18   12/30/1917
HIGHEST            62   12/01
LOWEST             13   12/31
AVG. MAXIMUM     42.0              39.7     2.3
AVG. MINIMUM     29.3              23.4     5.9
MEAN             35.7              31.6     4.1
DAYS MAX >= 90      0               0.0     0.0
DAYS MAX <= 32      3               6.7    -3.7
DAYS MIN <= 32     20              25.5    -5.5
DAYS MIN <= 0       0               0.4    -0.4

PRECIPITATION (INCHES)
RECORD
 MAXIMUM         8.36   1969
 MINIMUM         0.78   1955
TOTALS           4.55              3.44    1.11
DAYS >= .01        14              10.7     3.3
DAYS >= .10         9               6.5     2.5
DAYS >= .50         2               2.3    -0.3
DAYS >= 1.00        1               0.8     0.2
GREATEST
 24 HR. TOTAL    1.79   12/09 TO 12/10

SNOWFALL (INCHES)
RECORDS
 TOTAL           45.3   1945
 SNOW DEPTH        13   12/06/2003
TOTALS            0.7               7.4    -6.7
SINCE 7/1         5.8               9.4    -3.6
SNOWDEPTH AVG.      0
GREATEST
 SNOW DEPTH         1   12/01
 24 HR TOTAL      0.6   12/21 TO 12/21

DEGREE_DAYS
HEATING TOTAL     902              1037    -135
 SINCE 7/1       1999              2244    -245
COOLING TOTAL       0                 0       0
 SINCE 1/1        771               756      15
.................................................

WIND (MPH)
AVERAGE WIND SPEED              8.0
RESULTANT WIND SPEED/DIRECTION   6/330
HIGHEST WIND SPEED/DIRECTION    30/020    DATE  12/07
HIGHEST GUST SPEED/DIRECTION    41/280    DATE  12/25

SKY COVER
POSSIBLE SUNSHINE (PERCENT)   MM
AVERAGE SKY COVER           0.70
NUMBER OF DAYS FAIR            2
NUMBER OF DAYS PC             12
NUMBER OF DAYS CLOUDY         17

AVERAGE RH (PERCENT)     70

WEATHER CONDITIONS. NUMBER OF DAYS WITH
THUNDERSTORM              0     MIXED PRECIP               0
HEAVY RAIN                1     RAIN                       7
LIGHT RAIN               15     FREEZING RAIN              0
LT FREEZING RAIN          3     HAIL                       0
HEAVY SNOW                0     SNOW                       1
LIGHT SNOW               10     SLEET                      1
FOG                      13     FOG W/VIS <= 1/4 MILE      2
HAZE                      1

-  INDICATES NEGATIVE NUMBERS.
R  INDICATES RECORD WAS SET OR TIED.
MM INDICATES DATA IS MISSING.
T  INDICATES TRACE AMOUNT.

$$
