000
CXUS51 KBOX 011442
CLMBDL


CLIMATE REPORT
NATIONAL WEATHER SERVICE TAUNTON MA
1031 AM EDT THU JUN 1 2017

...................................

...THE HARTFORD CT CLIMATE SUMMARY FOR THE MONTH OF MAY 2017...

CLIMATE NORMAL PERIOD 1981 TO 2010
CLIMATE RECORD PERIOD 1904 TO 2017

WEATHER         OBSERVED          NORMAL  DEPART
                 VALUE   DATE(S)  VALUE   FROM
                                          NORMAL
................................................
TEMPERATURE (F)
RECORD
 HIGH              99   05/26/2010
                        05/20/1996
 LOW               28   05/01/2008
                        05/07/2001
                        05/04/1985
                        05/09/1956
                        05/10/1947
HIGHEST            96   05/18
LOWEST             35   05/04
AVG. MAXIMUM     68.4              71.2    -2.8
AVG. MINIMUM     48.2              47.7     0.5
MEAN             58.3              59.5    -1.2
DAYS MAX >= 90      3               0.9     2.1
DAYS MAX <= 32      0               0.0     0.0
DAYS MIN <= 32      0               0.4    -0.4
DAYS MIN <= 0       0               0.0     0.0

PRECIPITATION (INCHES)
RECORD
 MAXIMUM        12.00   1989
 MINIMUM         0.73   1959
TOTALS           4.59              4.35    0.24
DAYS >= .01        11              12.8    -1.8
DAYS >= .10         7               7.9    -0.9
DAYS >= .50         4               2.7     1.3
DAYS >= 1.00        1               1.1    -0.1
GREATEST
 24 HR. TOTAL    1.54   05/05 TO 05/05

SNOWFALL (INCHES)
RECORDS
 TOTAL            1.3   1977
 SNOW DEPTH        MM   MM
TOTALS            0.0               0.0     0.0
SINCE 7/1        62.3              40.5    21.8
SNOWDEPTH AVG.      0
GREATEST
 SNOW DEPTH         0   MM
 24 HR TOTAL      0.0   05/31 TO 05/31

DEGREE_DAYS
HEATING TOTAL     236               205      31
 SINCE 7/1       5471              5958    -487
COOLING TOTAL      37                33       4
 SINCE 1/1         60                39      21
.................................................

WIND (MPH)
AVERAGE WIND SPEED              8.1
RESULTANT WIND SPEED/DIRECTION   1/252
HIGHEST WIND SPEED/DIRECTION    39/260    DATE  05/02
HIGHEST GUST SPEED/DIRECTION    54/260    DATE  05/02

SKY COVER
POSSIBLE SUNSHINE (PERCENT)   MM
AVERAGE SKY COVER           0.80
NUMBER OF DAYS FAIR            1
NUMBER OF DAYS PC              8
NUMBER OF DAYS CLOUDY         22

AVERAGE RH (PERCENT)     68

WEATHER CONDITIONS. NUMBER OF DAYS WITH
THUNDERSTORM              4     MIXED PRECIP               0
HEAVY RAIN                3     RAIN                       6
LIGHT RAIN               18     FREEZING RAIN              0
LT FREEZING RAIN          0     HAIL                       0
HEAVY SNOW                0     SNOW                       0
LIGHT SNOW                0     SLEET                      0
FOG                      14     FOG W/VIS <= 1/4 MILE      1
HAZE                      0

-  INDICATES NEGATIVE NUMBERS.
R  INDICATES RECORD WAS SET OR TIED.
MM INDICATES DATA IS MISSING.
T  INDICATES TRACE AMOUNT.

$$

SIPPRELL
