000
CXUS51 KCTP 010732
CLMBFD

CLIMATE REPORT
NATIONAL WEATHER SERVICE STATE COLLEGE PA
332 AM EDT MON JUN 1 2015

...................................

...THE BRADFORD CLIMATE SUMMARY FOR THE MONTH OF MAY 2015...

CLIMATE NORMAL PERIOD 1981 TO 2010
CLIMATE RECORD PERIOD 1957 TO 2015

WEATHER         OBSERVED          NORMAL  DEPART  LAST YEAR`S
                 VALUE   DATE(S)  VALUE   FROM    VALUE  DATE(S)
                                          NORMAL
................................................................
TEMPERATURE (F)
RECORD
 HIGH              88   05/30/2006
 LOW               18   05/05/1974
HIGHEST            86   05/10                         84  05/13
LOWEST             24   05/23                         30  05/19
                                                          05/05
AVG. MAXIMUM     71.7              65.6     6.1     67.1
AVG. MINIMUM     47.0              40.6     6.4     43.6
MEAN             59.4              53.1     6.3     55.3
DAYS MAX >= 90      0                MM      MM        0
DAYS MAX <= 32      0                MM      MM        0
DAYS MIN <= 32      3                MM      MM        4
DAYS MIN <= 0       0                MM      MM        0

PRECIPITATION (INCHES)
RECORD
 MAXIMUM         8.84   1989
 MINIMUM         0.94   1977
TOTALS           3.02              4.18   -1.16     6.16
DAILY AVG.       0.10              0.13   -0.03     0.20
DAYS >= .01        16                MM      MM       18
DAYS >= .10        10                MM      MM       12
DAYS >= .50         2                MM      MM        5
DAYS >= 1.00        0                MM      MM        2
GREATEST
 24 HR. TOTAL    0.84   05/30 TO 05/31

DEGREE_DAYS
HEATING TOTAL     210               377    -167      307
 SINCE 7/1       7898              7628     270     7758
COOLING TOTAL      44                 8      36       16
 SINCE 1/1         44                10      34       18
..................................................

WIND (MPH)
AVERAGE WIND SPEED              5.9
HIGHEST WIND SPEED/DIRECTION    25/320    DATE  05/27
HIGHEST GUST SPEED/DIRECTION    37/300    DATE  05/12

SKY COVER
POSSIBLE SUNSHINE (PERCENT)   MM
AVERAGE SKY COVER           0.50
NUMBER OF DAYS FAIR            9
NUMBER OF DAYS PC             14
NUMBER OF DAYS CLOUDY          8

AVERAGE RH (PERCENT)     67

WEATHER CONDITIONS. NUMBER OF DAYS WITH
THUNDERSTORM              7     MIXED PRECIP               0
HEAVY RAIN                9     RAIN                       9
LIGHT RAIN               19     FREEZING RAIN              0
LT FREEZING RAIN          0     HAIL                       0
HEAVY SNOW                0     SNOW                       0
LIGHT SNOW                0     SLEET                      0
FOG                      21     FOG W/VIS <= 1/4 MILE      5
HAZE                      5

-  INDICATES NEGATIVE NUMBERS.
R  INDICATES RECORD WAS SET OR TIED.
MM INDICATES DATA IS MISSING.
T  INDICATES TRACE AMOUNT.

$$
MS
