239
CXUS46 KHNX 011511
CLMBFL


CLIMATE REPORT
NATIONAL WEATHER SERVICE SAN JOAQUIN VALLEY, CA
807 AM PDT SUN OCT 1 2017

...................................

...THE BAKERSFIELD CLIMATE SUMMARY FOR THE MONTH OF SEPTEMBER 2017...

CLIMATE NORMAL PERIOD 1981 TO 2010
CLIMATE RECORD PERIOD 1889 TO 2017

WEATHER         OBSERVED          NORMAL  DEPART  LAST YEAR`S
                 VALUE   DATE(S)  VALUE   FROM    VALUE  DATE(S)
                                          NORMAL
................................................................
TEMPERATURE (F)
RECORD
 HIGH             112   09/03/1955
 LOW               30   09/27/1908
HIGHEST           111   09/03        MM      MM      105  09/19
                        09/02
LOWEST             52   09/22        MM      MM       55  09/22
AVG. MAXIMUM     91.7              90.0     1.7     92.4
AVG. MINIMUM     66.9              64.0     2.9     64.6
MEAN             79.3              77.0     2.3     78.5
DAYS MAX >= 90     18              16.7     1.3       22
DAYS MIN <= 32      0               0.0     0.0        0

PRECIPITATION (INCHES)
RECORD
 MAXIMUM         1.15   1908
TOTALS           0.52              0.08    0.44     0.00
DAYS >= .01         3               1.0     2.0        0
DAYS >= .10         1               0.3     0.7        0
DAYS >= .50         1               0.0     1.0        0
DAYS >= 1.00        0               0.0     0.0        0
GREATEST
 24 HR. TOTAL    0.50   09/13 TO 09/13

SNOWFALL (INCHES)
RECORDS
 TOTAL            0.0
TOTALS            0.0               0.0

DEGREE_DAYS
HEATING TOTAL       1                 2      -1        0
 SINCE 7/1          1                 2      -1        0
COOLING TOTAL     435               362      73      412
 SINCE 1/1       2803              2130     673     2605
.................................................................

WIND (MPH)
AVERAGE WIND SPEED              6.2
HIGHEST WIND SPEED/DIRECTION    20/310    DATE  09/04
HIGHEST GUST SPEED/DIRECTION    23/320    DATE  09/29

AVERAGE RH (PERCENT)     42

WEATHER CONDITIONS. NUMBER OF DAYS WITH
THUNDERSTORM              0     RAIN                       1
HAIL                      0     FOG                        1
FOG W/VIS <= 1/4 MILE     0     HAZE                       1

-  INDICATES NEGATIVE NUMBERS.
R  INDICATES RECORD WAS SET OR TIED.
MM INDICATES DATA IS MISSING.
T  INDICATES TRACE AMOUNT.

$$
